{"id":11,"date":"2009-05-25T13:22:03","date_gmt":"2009-05-25T13:22:03","guid":{"rendered":"https:\/\/webs.uab.cat\/inmix\/projectes-rd\/"},"modified":"2022-07-22T08:09:06","modified_gmt":"2022-07-22T08:09:06","slug":"projectes-rd","status":"publish","type":"page","link":"https:\/\/webs.uab.cat\/inmix\/projectes-rd\/","title":{"rendered":"Projectes R+D"},"content":{"rendered":"\n<h2 class=\"wp-block-heading\"><strong>Projectes en curs:<\/strong><\/h2>\n\n\n\n<p>T\u00edtol del projecte:&nbsp;Din\u00e1micas de mixticidad en poblaci\u00f3n gitana de Catalu\u00f1a: relaciones inter\u00e9tnicas, aculturaci\u00f3n y procesos de inclusi\u00f3n y exclusi\u00f3n social (GITMIX) &#8211;&nbsp;PID2020-116966RB-I00<br>Entitat finan\u00e7adora:&nbsp;Ministerio de Ciencia, Innovaci\u00f3n y Universidades, Programa Estatal de Investigaci\u00f3n, Desarrollo e Innovaci\u00f3n Orientada a los Retos de la Sociedad, I+D+i, 2020<br>Durada: &nbsp;01\/09\/2021 \u2013 31\/08\/2025 &nbsp; &nbsp; &nbsp; &nbsp;<br>Quantia:&nbsp;59.653 \u20ac<br>N\u00famero d\u2019investigadors participants:&nbsp;11<br>Investigador Principal: Dan Rodr\u00edguez Garc\u00eda<\/p>\n\n\n\n<p>T\u00edtol del projecte:&nbsp;Parejas mixtas entre poblaci\u00f3n gitana y no-gitana: una aproximaci\u00f3n te\u00f3rica con prospecci\u00f3n etnogr\u00e1fica en el \u00c1rea Metropolitana de Barcelona<br>Entitat finan\u00e7adora:&nbsp;C\u00e1tedra de Cultura Gitana de la Universidad de Alicante, BOUA 2\/10\/2020<br>Durada: &nbsp;2020-2022 &nbsp; &nbsp; &nbsp; &nbsp;<br>Quantia:&nbsp;14.000 \u20ac<br>N\u00famero d\u2019investigadors participants: &nbsp;8<br>Investigador Principal: Dan Rodr\u00edguez Garc\u00eda<\/p>\n\n\n\n<h2 class=\"wp-block-heading\"><strong>Projectes finalitzats:<\/strong><\/h2>\n\n\n\n<p>T\u00edtol del projecte: Sociabilidad y procesos identitarios de hijos\/as de uniones mixtas: la mixticidad, entre la inclusi\u00f3n y la constricci\u00f3n social \u2013 MIXED_YOUTH (CSO2015-63962-R)<br>Entitat finan\u00e7adora: Ministerio de Econom\u00eda y Competitividad, Programa Estatal de Investigaci\u00f3n, Desarrollo e Innovaci\u00f3n Orientada a los Retos de la Sociedad, I+D+i 2013-2016.<br>Durada:&nbsp; desde 2016&nbsp; hasta: 2020 &nbsp; &nbsp; &nbsp; &nbsp; &nbsp; &nbsp; &nbsp;<br>Quantia: 54.000 \u20ac<br>N\u00famero d\u2019investigadors participants:&nbsp; 12<br>Investigador Principal: Dan Rodr\u00edguez Garc\u00eda<br>&nbsp;<br>T\u00edtol del projecte: J\u00f3venes en familias mixtas y religi\u00f3n: din\u00e1micas de identidad y mixticidad religiosa en Catalu\u00f1a. Ref. 2015RELIG00025<br>Entitat finan\u00e7adora:&nbsp; Ajuts a projectes de recerca en l\u2019\u00e0mbit de la diversitat religiosa (RELIG 2015), Ag\u00e8ncia de Gesti\u00f3 d\u2019Ajuts Universitaris i Recerca (AGAUR), Departament de Governaci\u00f3 i Relacions Institucionals, Generalitat de Catalunya.<br>Durada: &nbsp;desde 03-12-2015&nbsp; hasta: 03-03-2017 &nbsp; &nbsp; &nbsp; &nbsp; &nbsp; &nbsp; &nbsp; &nbsp;<br>Quantia: 7.142,86 \u20ac<br>N\u00famero d\u2019investigadors participants:&nbsp; 4<br>Investigador Principal: Dan Rodr\u00edguez Garc\u00eda&nbsp;<\/p>\n\n\n\n<p>T\u00edtol del projecte: Global Mobility and Familial and Intimate Relationships &#8211; IMISCOE Research Cluster<br>Entitat finan\u00e7adora:&nbsp;IMISCOE &#8211; Network of Excellence on International Migration, Integration and Social Cohesion in Europe<br>Durada: &nbsp;01-01-2015&nbsp;&nbsp;&nbsp;fins: 01-01-2016 &nbsp; &nbsp; &nbsp; &nbsp; &nbsp; &nbsp; &nbsp; &nbsp;<br>Quantia: 5.000\u20ac<br>N\u00famero d\u2019investigadors participants:&nbsp;16<br>Investigador Principal: Eleonore Kofman i Albert Kraler<\/p>\n\n\n\n<p>T\u00edtol del projecte: Nois\/es i joves de parelles bi-nacionals a Catalunya: entre la elecci\u00f3 i la constricci\u00f3 identit\u00e0ria<br>Entitat finan\u00e7adora:&nbsp; Institut d\u2019Estudis Catalans (IEC)<br>Entitats participants:&nbsp; IEC, Universitat Aut\u00f2noma de Barcelona<br>Durada:&nbsp; des de: 01-01-2015&nbsp;&nbsp; fins: 01-01-2016<br>Quantia: 3.800\u20ac<br>N\u00famero d\u2019investigadors participants: 4<br>Investigador Principal: Miguel Solana Solana i&nbsp;Dan Rodr\u00edguez-Garc\u00eda<br>&nbsp;<br>T\u00edtol del projecte: Inmigraci\u00f3n y Uniones Mixtas: Etnicidad e Integraci\u00f3n Social (CSO2011-23242)<br>Entitat finan\u00e7adora: MICINN (Ministerio de Ciencia e Innovaci\u00f3n), Plan Nacional de I+D+i, convocatoria 2011<br>Durada:&nbsp; des de: 01-01-2012&nbsp; fins: 31-09-2015 &nbsp; &nbsp; &nbsp; &nbsp; &nbsp; &nbsp; &nbsp; &nbsp; &nbsp;&nbsp;<br>Quantia: 24.200\u20ac<br>N\u00famero d\u2019investigadors participants: 6<br>Investigador Principal: Dan Rodr\u00edguez Garc\u00eda<br>&nbsp;<br>T\u00edtol del projecte: Identitat i din\u00e0miques d\u2019interculturalitat de joves a fam\u00edlies bi-nacionals a Catalunya: Un aspecte clau per a la cohesi\u00f3 social<br>Entitat finan\u00e7adora:&nbsp; Institut d\u2019Estudis Catalans (IEC)<br>Durada:&nbsp; des de: 01-01-2014&nbsp;&nbsp; fins: 01-01-2015<br>Quantia: 3.000\u20ac<br>N\u00famero d\u2019investigadors participants: 4<br>Investigador Principal: \u00c0ngels Pascual de Sans i&nbsp;Dan Rodr\u00edguez-Garc\u00eda<br>&nbsp;<br>T\u00edtol del projecte: E Pluribus Unum<em>: Inmigraci\u00f3n, Mestizaje y Cohesi\u00f3n Social &#8211; UAB Aposta 2011, \u00e0mbit: Progr\u00e9s social i cultural<\/em><br>Entitat finan\u00e7adora: Universitat Aut\u00f2noma de Barcelona<em> (convocat\u00f2ria Aposta 2011), Obra Social &#8220;La Caixa&#8221;, Freixenet, Novartis, AB-Biotics, i RBA Editors<\/em><br>Durada:&nbsp; des de: 01-01-2012&nbsp;&nbsp; fins: 31-09-2014 &nbsp; &nbsp; &nbsp; &nbsp; &nbsp; &nbsp; &nbsp; &nbsp; &nbsp;<br>Quantia: 24.782\u20ac<br>N\u00famero d\u2019investigadors participants: 3<br>Investigador Principal: Dan Rodr\u00edguez Garc\u00eda<br>&nbsp;<br>T\u00edtulo del proyecto: Dynamics of Hybridity and Segregation and Immigrant Structural Incorporation in Toronto from a Comparative Perspective: Canada\/Spain &#8211; Refs. 2003BEAI00141, 2004BE00020<br>Entitat finan\u00e7adora: AGAUR, Generalitat de Catalunya.&nbsp;<br>Durada:&nbsp; des de: 15-02-2004&nbsp;&nbsp; fins: 15-02-2005 &nbsp; &nbsp; &nbsp; &nbsp; &nbsp; &nbsp; &nbsp; &nbsp; &nbsp;<br>N\u00famero d\u2019investigadors participants: 1<br>Investigador Principal: Dan Rodr\u00edguez Garc\u00eda<\/p>\n","protected":false},"excerpt":{"rendered":"<p>Projectes en curs: T\u00edtol del projecte:&nbsp;Din\u00e1micas de mixticidad en poblaci\u00f3n gitana de Catalu\u00f1a: relaciones inter\u00e9tnicas, aculturaci\u00f3n y procesos de inclusi\u00f3n y exclusi\u00f3n social (GITMIX) &#8211;&nbsp;PID2020-116966RB-I00Entitat finan\u00e7adora:&nbsp;Ministerio de Ciencia, Innovaci\u00f3n y Universidades, Programa Estatal de Investigaci\u00f3n, Desarrollo e Innovaci\u00f3n Orientada a los Retos de la Sociedad, I+D+i, 2020Durada: &nbsp;01\/09\/2021 \u2013 31\/08\/2025 &nbsp; &nbsp; &nbsp; &nbsp;Quantia:&nbsp;59.653 \u20acN\u00famero [&hellip;]<\/p>\n","protected":false},"author":20,"featured_media":0,"parent":0,"menu_order":0,"comment_status":"closed","ping_status":"closed","template":"","meta":{"footnotes":""},"class_list":["post-11","page","type-page","status-publish","hentry"],"_links":{"self":[{"href":"https:\/\/webs.uab.cat\/inmix\/wp-json\/wp\/v2\/pages\/11","targetHints":{"allow":["GET"]}}],"collection":[{"href":"https:\/\/webs.uab.cat\/inmix\/wp-json\/wp\/v2\/pages"}],"about":[{"href":"https:\/\/webs.uab.cat\/inmix\/wp-json\/wp\/v2\/types\/page"}],"author":[{"embeddable":true,"href":"https:\/\/webs.uab.cat\/inmix\/wp-json\/wp\/v2\/users\/20"}],"replies":[{"embeddable":true,"href":"https:\/\/webs.uab.cat\/inmix\/wp-json\/wp\/v2\/comments?post=11"}],"version-history":[{"count":1,"href":"https:\/\/webs.uab.cat\/inmix\/wp-json\/wp\/v2\/pages\/11\/revisions"}],"predecessor-version":[{"id":148,"href":"https:\/\/webs.uab.cat\/inmix\/wp-json\/wp\/v2\/pages\/11\/revisions\/148"}],"wp:attachment":[{"href":"https:\/\/webs.uab.cat\/inmix\/wp-json\/wp\/v2\/media?parent=11"}],"curies":[{"name":"wp","href":"https:\/\/api.w.org\/{rel}","templated":true}]}}