{"id":70,"date":"2010-06-22T16:19:20","date_gmt":"2010-06-22T14:19:20","guid":{"rendered":"https:\/\/webs.uab.cat\/irms\/apartat-23\/"},"modified":"2010-06-22T16:19:20","modified_gmt":"2010-06-22T14:19:20","slug":"apartat-23","status":"publish","type":"page","link":"https:\/\/webs.uab.cat\/irms\/apartat-23\/","title":{"rendered":"Carbonats"},"content":{"rendered":"<p><strong><strong>Sistema per l&#8217;an\u00e0lisi de d13C i d18O en carbonats:<\/strong><\/strong><\/p>\n<p><strong>El Kiel IV Carbonate Device disposa d&#8217;una cambra de reacci\u00f3 termostatada on les mostres de carbonat s&#8217;ataquen amb \u00e0cid fosf\u00f2ric per a produir CO2, que \u00e9s analitzat en l&#8217;espectr\u00f2metre MAT 253 en mode &#8220;dual inlet&#8221;.&nbsp;<\/strong><\/p>\n<p><strong>&nbsp;<\/strong><\/p>\n","protected":false},"excerpt":{"rendered":"<p>Sistema per l&#8217;an\u00e0lisi de d13C i d18O en carbonats: El Kiel IV Carbonate Device disposa d&#8217;una cambra de reacci\u00f3 termostatada on les mostres de carbonat s&#8217;ataquen amb \u00e0cid fosf\u00f2ric per a produir CO2, que \u00e9s analitzat en l&#8217;espectr\u00f2metre MAT 253 en mode &#8220;dual inlet&#8221;.&nbsp; &nbsp;<\/p>\n","protected":false},"author":20,"featured_media":0,"parent":0,"menu_order":0,"comment_status":"closed","ping_status":"closed","template":"","meta":{"footnotes":""},"class_list":["post-70","page","type-page","status-publish","hentry"],"_links":{"self":[{"href":"https:\/\/webs.uab.cat\/irms\/wp-json\/wp\/v2\/pages\/70","targetHints":{"allow":["GET"]}}],"collection":[{"href":"https:\/\/webs.uab.cat\/irms\/wp-json\/wp\/v2\/pages"}],"about":[{"href":"https:\/\/webs.uab.cat\/irms\/wp-json\/wp\/v2\/types\/page"}],"author":[{"embeddable":true,"href":"https:\/\/webs.uab.cat\/irms\/wp-json\/wp\/v2\/users\/20"}],"replies":[{"embeddable":true,"href":"https:\/\/webs.uab.cat\/irms\/wp-json\/wp\/v2\/comments?post=70"}],"version-history":[{"count":0,"href":"https:\/\/webs.uab.cat\/irms\/wp-json\/wp\/v2\/pages\/70\/revisions"}],"wp:attachment":[{"href":"https:\/\/webs.uab.cat\/irms\/wp-json\/wp\/v2\/media?parent=70"}],"curies":[{"name":"wp","href":"https:\/\/api.w.org\/{rel}","templated":true}]}}