{"id":71,"date":"2010-06-22T16:19:43","date_gmt":"2010-06-22T14:19:43","guid":{"rendered":"https:\/\/webs.uab.cat\/irms\/apartat-24\/"},"modified":"2010-06-22T16:19:43","modified_gmt":"2010-06-22T14:19:43","slug":"apartat-24","status":"publish","type":"page","link":"https:\/\/webs.uab.cat\/irms\/apartat-24\/","title":{"rendered":"Aig\u00fces"},"content":{"rendered":"<p>Sistema per l&#8217;an\u00e0lisi d&#8217;aig\u00fces i mostres gasoses (an\u00e0lisi de headspace):<\/p>\n<p>El dispositiu GasBench II, acoblat al MAT253 en flux continu, permet la determinaci\u00f3 de:<\/p>\n<p>&#8211; D\/H i d18O en aig\u00fces,<\/p>\n<p>&#8211; d13C i d18O del carboni inorg\u00e0nic dissolt (DIC) en aigua.&nbsp;<\/p>\n<p>&#8211; d13C i d15N en aire.<\/p>\n","protected":false},"excerpt":{"rendered":"<p>Sistema per l&#8217;an\u00e0lisi d&#8217;aig\u00fces i mostres gasoses (an\u00e0lisi de headspace): El dispositiu GasBench II, acoblat al MAT253 en flux continu, permet la determinaci\u00f3 de: &#8211; D\/H i d18O en aig\u00fces, &#8211; d13C i d18O del carboni inorg\u00e0nic dissolt (DIC) en aigua.&nbsp; &#8211; d13C i d15N en aire.<\/p>\n","protected":false},"author":20,"featured_media":0,"parent":0,"menu_order":0,"comment_status":"closed","ping_status":"closed","template":"","meta":{"footnotes":""},"class_list":["post-71","page","type-page","status-publish","hentry"],"_links":{"self":[{"href":"https:\/\/webs.uab.cat\/irms\/wp-json\/wp\/v2\/pages\/71","targetHints":{"allow":["GET"]}}],"collection":[{"href":"https:\/\/webs.uab.cat\/irms\/wp-json\/wp\/v2\/pages"}],"about":[{"href":"https:\/\/webs.uab.cat\/irms\/wp-json\/wp\/v2\/types\/page"}],"author":[{"embeddable":true,"href":"https:\/\/webs.uab.cat\/irms\/wp-json\/wp\/v2\/users\/20"}],"replies":[{"embeddable":true,"href":"https:\/\/webs.uab.cat\/irms\/wp-json\/wp\/v2\/comments?post=71"}],"version-history":[{"count":0,"href":"https:\/\/webs.uab.cat\/irms\/wp-json\/wp\/v2\/pages\/71\/revisions"}],"wp:attachment":[{"href":"https:\/\/webs.uab.cat\/irms\/wp-json\/wp\/v2\/media?parent=71"}],"curies":[{"name":"wp","href":"https:\/\/api.w.org\/{rel}","templated":true}]}}