{"id":116,"date":"2010-01-21T13:43:49","date_gmt":"2010-01-21T13:43:49","guid":{"rendered":"https:\/\/webs.uab.cat\/islamolatina\/inici-3\/"},"modified":"2024-05-15T14:14:17","modified_gmt":"2024-05-15T14:14:17","slug":"inici-3","status":"publish","type":"page","link":"https:\/\/webs.uab.cat\/islamolatina\/","title":{"rendered":"Inicio"},"content":{"rendered":"\n<p class=\"has-text-align-center has-accent-background-color has-background has-normal-font-size\">La percepci\u00f3n del Islam en la Europa cristiana<br>Traducciones latinas del Cor\u00e1n<br>Literatura&nbsp;latina&nbsp;de controversia<\/p>\n\n\n\n<p><\/p>\n\n\n\n<p>Islamolatina es la p\u00e1gina web en la que se presenta la actividad del equipo de investigaci\u00f3n de la UAB fundado por el profesor Jos\u00e9 Mart\u00ednez G\u00e1zquez, Catedr\u00e1tico Em\u00e9rito de Filolog\u00eda Latina de la Universidad Aut\u00f3noma de Barcelona, y centra su atenci\u00f3n en la percepci\u00f3n del Islam en la Europa latina. Desarrolla los Proyectos de investigaci\u00f3n financiados: <\/p>\n\n\n\n<p><strong>2023 -2026 Ministerio de Ciencia e Innovaci\u00f3n .<\/strong>\u00a0\u201cMedieval and Modern Sources for the Study of Transcultural Relations in the Mediterranean: Writing and Transmission III\u201d. IPS C\u00e1ndida Ferrero Hern\u00e1ndez (UAB) y Fernando Gonz\u00e1lez Mu\u00f1oz (UdC) [PID2022-137836NB-C31]. Proyecto Coordinado con PID2022-137836NB-C32, Prof. Linda G. Jones (UPF) y PID2022-137836NB-C33, Prof. Jorge Ledo<a>\u00a0(UdC)<\/a><\/p>\n\n\n\n<p><strong>2021-2024 AGAUR (Generalitat de Catalunya)<\/strong>. \u201cIslamolatina. Dimensions interculturals del pensament medieval i modern\u201d.&nbsp;IP C\u00e1ndida Ferrero Hern\u00e1ndez&nbsp;[2021 SGR 00152 (GRC)].<\/p>\n\n\n\n<figure class=\"wp-block-gallery aligncenter has-nested-images columns-default is-cropped wp-block-gallery-1 is-layout-flex wp-block-gallery-is-layout-flex\"><div class=\"wp-block-image\">\n<figure class=\"aligncenter size-large\"><img loading=\"lazy\" decoding=\"async\" width=\"539\" height=\"539\" data-id=\"778\" src=\"https:\/\/webs.uab.cat\/islamolatina\/wp-content\/uploads\/sites\/382\/2023\/07\/jesus-en-un-burro.jpg\" alt=\"\" class=\"wp-image-778\" srcset=\"https:\/\/webs.uab.cat\/islamolatina\/wp-content\/uploads\/sites\/382\/2023\/07\/jesus-en-un-burro.jpg 539w, https:\/\/webs.uab.cat\/islamolatina\/wp-content\/uploads\/sites\/382\/2023\/07\/jesus-en-un-burro-300x300.jpg 300w, https:\/\/webs.uab.cat\/islamolatina\/wp-content\/uploads\/sites\/382\/2023\/07\/jesus-en-un-burro-150x150.jpg 150w\" sizes=\"auto, (max-width: 539px) 100vw, 539px\" \/><\/figure>\n<\/div><\/figure>\n\n\n\n<p>Centra su estudio en los textos latinos que nos permiten analizar la percepci\u00f3n del Islam y las relaciones mantenidas por la Europa cristiana medieval con los musulmanes, en especial en la Pen\u00ednsula Ib\u00e9rica. El grupo, formado por especialistas en filolog\u00edas&nbsp;e historia, basa su estudio en el an\u00e1lisis de las fuentes directas de informaci\u00f3n que proporcionan los textos, principalmente medievales y en lengua latina, para hacer su edici\u00f3n cr\u00edtica y ponerlos al servicio del conocimiento del proceso de percepci\u00f3n del Islam.<\/p>\n\n\n\n<p>Igualmente analiza para su edici\u00f3n, clasificaci\u00f3n y estudio el conjunto de los textos latinos generados por la literatura de confrontaci\u00f3n y controversias entre cristianos, musulmanes y jud\u00edos para establecer un elenco de los autores y obras hispanas de la literatura latina de apolog\u00e9tica y controversia de las tres religiones en conflicto.<br>&nbsp;<\/p>\n\n\n\n<p>La denominaci\u00f3n Islamolatina resalta el objetivo de editar y analizar los textos traducidos del \u00e1rabe al lat\u00edn, sean doctrinales, cient\u00edficos o literarios en los que los cristianos pudieron profundizar su conocimiento de la doctrina isl\u00e1mica, la vida de Mahoma y el mundo musulm\u00e1n, su cultura y ciencia, sus costumbres, su tradici\u00f3n, etc.<\/p>\n\n\n\n<p>Si bien la bibliograf\u00eda sobre la imagen que la cristiandad medieval configura sobre el Islam comienza a ser numerosa, sigue siendo dif\u00edcil el acceso a la mayor\u00eda de las fuentes, en muchas ocasiones s\u00f3lo consultables en manuscrito. La publicaci\u00f3n de estos textos y su estudio contribuir\u00e1 decisivamente a su mejor conocimiento y empleo por parte de los investigadores de este per\u00edodo.<\/p>\n\n\n\n<p>El desarrollo de este proyecto, con los objetivos de estudio que pretende, requiere aplicar las t\u00e9cnicas cient\u00edficas de la edici\u00f3n de textos (cr\u00edtica textual) y las de lectura e interpretaci\u00f3n hist\u00f3rica de los mismos. A trav\u00e9s del trabajo se percibe en la historia de la cultura occidental la existencia de un proceso paulatino de percepci\u00f3n del Islam a trav\u00e9s de unos textos que, en muchas ocasiones, han deformado deliberadamente la realidad del Islam.<\/p>\n\n\n\n<p>Conscientes de la importancia hist\u00f3rica y global del tema que se propone, ofrecemos por la v\u00eda inform\u00e1tica, adem\u00e1s de los medios tradicionales, los objetivos y resultados del proyecto, junto a otras actividades acad\u00e9micas organizadas, como asignaturas de doctorado, publicaciones, seminarios, asistencias a congresos, conferencias y noticias de bibliograf\u00eda o rese\u00f1as de inter\u00e9s.<\/p>\n\n\n\n<p>Queriendo mantener el rigor cient\u00edfico nuestra p\u00e1gina desea tambi\u00e9n divulgar sus resultados y reflexiones a cuantos est\u00e1n interesados en estos objetivos. Todos los comentarios y sugerencias son bienvenidos.<\/p>\n\n\n\n<p><a href=\"https:\/\/webs.uab.cat\/islamolatina\/descripcion-ad-libitum\/\" data-type=\"page\" data-id=\"286\">Leer m\u00e1s<\/a><\/p>\n","protected":false},"excerpt":{"rendered":"<p>La percepci\u00f3n del Islam en la Europa cristianaTraducciones latinas del Cor\u00e1nLiteratura&nbsp;latina&nbsp;de controversia Islamolatina es la p\u00e1gina web en la que se presenta la actividad del equipo de investigaci\u00f3n de la UAB fundado por el profesor Jos\u00e9 Mart\u00ednez G\u00e1zquez, Catedr\u00e1tico Em\u00e9rito de Filolog\u00eda Latina de la Universidad Aut\u00f3noma de Barcelona, y centra su atenci\u00f3n en la [&hellip;]<\/p>\n","protected":false},"author":14,"featured_media":0,"parent":0,"menu_order":0,"comment_status":"closed","ping_status":"closed","template":"","meta":{"footnotes":""},"class_list":["post-116","page","type-page","status-publish","hentry"],"_links":{"self":[{"href":"https:\/\/webs.uab.cat\/islamolatina\/wp-json\/wp\/v2\/pages\/116","targetHints":{"allow":["GET"]}}],"collection":[{"href":"https:\/\/webs.uab.cat\/islamolatina\/wp-json\/wp\/v2\/pages"}],"about":[{"href":"https:\/\/webs.uab.cat\/islamolatina\/wp-json\/wp\/v2\/types\/page"}],"author":[{"embeddable":true,"href":"https:\/\/webs.uab.cat\/islamolatina\/wp-json\/wp\/v2\/users\/14"}],"replies":[{"embeddable":true,"href":"https:\/\/webs.uab.cat\/islamolatina\/wp-json\/wp\/v2\/comments?post=116"}],"version-history":[{"count":5,"href":"https:\/\/webs.uab.cat\/islamolatina\/wp-json\/wp\/v2\/pages\/116\/revisions"}],"predecessor-version":[{"id":1063,"href":"https:\/\/webs.uab.cat\/islamolatina\/wp-json\/wp\/v2\/pages\/116\/revisions\/1063"}],"wp:attachment":[{"href":"https:\/\/webs.uab.cat\/islamolatina\/wp-json\/wp\/v2\/media?parent=116"}],"curies":[{"name":"wp","href":"https:\/\/api.w.org\/{rel}","templated":true}]}}

<p class="has-text-align-center has-accent-background-color has-background has-normal-font-size">La percepción del Islam en la Europa cristiana<br>Traducciones latinas del Corán<br>Literatura&nbsp;latina&nbsp;de controversia</p>



<p></p>



<p>Islamolatina es la página web en la que se presenta la actividad del equipo de investigación de la UAB fundado por el profesor José Martínez Gázquez, Catedrático Emérito de Filología Latina de la Universidad Autónoma de Barcelona, y centra su atención en la percepción del Islam en la Europa latina. Desarrolla los Proyectos de investigación financiados: </p>



<p><strong>2023 -2026 Ministerio de Ciencia e Innovación .</strong> “Medieval and Modern Sources for the Study of Transcultural Relations in the Mediterranean: Writing and Transmission III”. IPS Cándida Ferrero Hernández (UAB) y Fernando González Muñoz (UdC) [PID2022-137836NB-C31]. Proyecto Coordinado con PID2022-137836NB-C32, Prof. Linda G. Jones (UPF) y PID2022-137836NB-C33, Prof. Jorge Ledo<a> (UdC)</a></p>



<p><strong>2021-2024 AGAUR (Generalitat de Catalunya)</strong>. “Islamolatina. Dimensions interculturals del pensament medieval i modern”.&nbsp;IP Cándida Ferrero Hernández&nbsp;[2021 SGR 00152 (GRC)].</p>



<figure class="wp-block-gallery aligncenter has-nested-images columns-default is-cropped wp-block-gallery-1 is-layout-flex wp-block-gallery-is-layout-flex"><div class="wp-block-image">
<figure class="aligncenter size-large"><img loading="lazy" decoding="async" width="539" height="539" data-id="778" src="https://webs.uab.cat/islamolatina/wp-content/uploads/sites/382/2023/07/jesus-en-un-burro.jpg" alt="" class="wp-image-778" srcset="https://webs.uab.cat/islamolatina/wp-content/uploads/sites/382/2023/07/jesus-en-un-burro.jpg 539w, https://webs.uab.cat/islamolatina/wp-content/uploads/sites/382/2023/07/jesus-en-un-burro-300x300.jpg 300w, https://webs.uab.cat/islamolatina/wp-content/uploads/sites/382/2023/07/jesus-en-un-burro-150x150.jpg 150w" sizes="auto, (max-width: 539px) 100vw, 539px" /></figure>
</div></figure>



<p>Centra su estudio en los textos latinos que nos permiten analizar la percepción del Islam y las relaciones mantenidas por la Europa cristiana medieval con los musulmanes, en especial en la Península Ibérica. El grupo, formado por especialistas en filologías&nbsp;e historia, basa su estudio en el análisis de las fuentes directas de información que proporcionan los textos, principalmente medievales y en lengua latina, para hacer su edición crítica y ponerlos al servicio del conocimiento del proceso de percepción del Islam.</p>



<p>Igualmente analiza para su edición, clasificación y estudio el conjunto de los textos latinos generados por la literatura de confrontación y controversias entre cristianos, musulmanes y judíos para establecer un elenco de los autores y obras hispanas de la literatura latina de apologética y controversia de las tres religiones en conflicto.<br>&nbsp;</p>



<p>La denominación Islamolatina resalta el objetivo de editar y analizar los textos traducidos del árabe al latín, sean doctrinales, científicos o literarios en los que los cristianos pudieron profundizar su conocimiento de la doctrina islámica, la vida de Mahoma y el mundo musulmán, su cultura y ciencia, sus costumbres, su tradición, etc.</p>



<p>Si bien la bibliografía sobre la imagen que la cristiandad medieval configura sobre el Islam comienza a ser numerosa, sigue siendo difícil el acceso a la mayoría de las fuentes, en muchas ocasiones sólo consultables en manuscrito. La publicación de estos textos y su estudio contribuirá decisivamente a su mejor conocimiento y empleo por parte de los investigadores de este período.</p>



<p>El desarrollo de este proyecto, con los objetivos de estudio que pretende, requiere aplicar las técnicas científicas de la edición de textos (crítica textual) y las de lectura e interpretación histórica de los mismos. A través del trabajo se percibe en la historia de la cultura occidental la existencia de un proceso paulatino de percepción del Islam a través de unos textos que, en muchas ocasiones, han deformado deliberadamente la realidad del Islam.</p>



<p>Conscientes de la importancia histórica y global del tema que se propone, ofrecemos por la vía informática, además de los medios tradicionales, los objetivos y resultados del proyecto, junto a otras actividades académicas organizadas, como asignaturas de doctorado, publicaciones, seminarios, asistencias a congresos, conferencias y noticias de bibliografía o reseñas de interés.</p>



<p>Queriendo mantener el rigor científico nuestra página desea también divulgar sus resultados y reflexiones a cuantos están interesados en estos objetivos. Todos los comentarios y sugerencias son bienvenidos.</p>



<p><a href="https://webs.uab.cat/islamolatina/descripcion-ad-libitum/" data-type="page" data-id="286">Leer más</a></p>

<p>La percepción del Islam en la Europa cristianaTraducciones latinas del CoránLiteratura&nbsp;latina&nbsp;de controversia Islamolatina es la página web en la que se presenta la actividad del equipo de investigación de la UAB fundado por el profesor José Martínez Gázquez, Catedrático Emérito de Filología Latina de la Universidad Autónoma de Barcelona, y centra su atención en la [&hellip;]</p>
