{"id":140,"date":"2013-02-25T16:16:44","date_gmt":"2013-02-25T16:16:44","guid":{"rendered":"https:\/\/webs.uab.cat\/islamolatina\/publicaciones-de-oscar-de-la-cruz-palma\/"},"modified":"2023-03-11T06:31:43","modified_gmt":"2023-03-11T06:31:43","slug":"publicaciones-de-oscar-de-la-cruz-palma","status":"publish","type":"page","link":"https:\/\/webs.uab.cat\/islamolatina\/publicaciones-de-oscar-de-la-cruz-palma\/","title":{"rendered":"Publicaciones de \u00d3scar de la Cruz Palma"},"content":{"rendered":"\n<div class=\"wp-block-media-text is-stacked-on-mobile has-primary-background-color has-background\" style=\"grid-template-columns:35% auto\"><figure class=\"wp-block-media-text__media\"><img decoding=\"async\" src=\"http:\/\/grupsderecerca.uab.cat\/islamolatina\/sites\/grupsderecerca.uab.cat.islamolatina\/files\/images\/ocruz.gif\" alt=\"\"\/><\/figure><div class=\"wp-block-media-text__content\">\n<p class=\"has-large-font-size\"><a href=\"https:\/\/webs.uab.cat\/islamolatina\/oscar-de-la-cruz-palma\/\" data-type=\"page\" data-id=\"139\">Ver perfil<\/a><\/p>\n<\/div><\/div>\n\n\n\n<h2 class=\"wp-block-heading\"><strong>Libros<\/strong><\/h2>\n\n\n\n<ul class=\"wp-block-list\"><li>Raymundi Lulli, <em>Liber de gentili et tribus sapientibus<\/em>, CCCM 264 &#8211; ROL XXXVI, Brepols: Turnhout, 2015.<\/li><li>&#8212; et C. Ferrero Hern\u00e1ndez (eds.),<em>Vitae Mahometi.<\/em> Reescritura e invenci\u00f3n en la literatura cristiana de controversia, Colecci\u00f3n &#8220;Nueva Roma&#8221; n. 41, CSIC, Madrid, 2014.<\/li><li>Tommaso le My\u00e9sier, La <em>Parabola gentilis<\/em>, con la <em>Quaestio quam clamauit palam saracenis in Bugia<\/em> e l&#8217;opusculo di Jean Quidort <em>Tractatus de probatione fidei per testimonia paganorum<\/em>, ed. cr\u00edtica e studio propia; traduzione italiana a cura di Giuliana Musotto; Officina di Studi Medievali, col. Machina Philosophorum n. 38, Palermo, 2014.<\/li><li>&#8212; et Jos\u00e9 Mart\u00ednez G\u00e1zquez &#8211; C\u00e1ndida Ferrero Hern\u00e1ndez (eds.), <em>Estudios de lat\u00edn medieval hisp\u00e1nico<\/em>, Actas del V Congreso Internacional de Lat\u00edn Medieval Hisp\u00e1nico, Sismel, Firenze, 2011.<\/li><li><em>La traducci\u00f3n latina del Cor\u00e1n atribuida al Patriarca de Constantinopla Cirilo L\u00facaris (1572-1638)<\/em>, (ed. cr\u00edtica, estudio e \u00edndices) Colecci\u00f3n &#8220;Nueva Roma&#8221; n. 26, CSIC, Madrid, 2006.<\/li><li><em>Barlaam et Iosaphat, versi\u00f3n vulgata latina con la traducci\u00f3n castellana de Juan de Arce Solorceno (1608)<\/em>, Colecci\u00f3n &#8220;Nueva Roma&#8221; n. 12, CSIC-UAB, Madrid, 2001.<\/li><li><em>Jorge Ameruzes de Trebisonda. El di\u00e1logo de la fe con el sult\u00e1n de los turcos<\/em> (ed. cr\u00edtica, traducci\u00f3n, estudio e \u00edndices), Colecci\u00f3n &#8220;Nueva Roma&#8221; n.9, CSIC-UAB, Madrid, 2000.<\/li><\/ul>\n\n\n\n<h2 class=\"wp-block-heading\"><strong>Cap\u00edtulos de libros<\/strong><\/h2>\n\n\n\n<ul class=\"wp-block-list\"><li>&#8220;La <em>Chronica mendosa et ridicula Sarracenorum<\/em> como fuente latina para la historia del islam&#8221;, J. Acebr\u00f3n &#8211; I. Grifoll &#8211; F. Sabat\u00e9 (eds.), <em>La construcci\u00f3 d&#8217;identitats imaginades. Literatura medieval i ideologia<\/em>, Lleida, 2015, 69-79.<\/li><li>&#8220;Vita beatorum Barlaam et Iosaphat. BHL 979 epitome *f (ms. 9783 Bibl. Nac. Matritensis&#8221;, en C. Cordoni &#8211; M. Meyer (eds.), <em>Balaam und Josaphat. Neue Perspektiven auf ein europ\u00e4isches Ph\u00e4nomen<\/em>, Berlin-M\u00fcnchen-Boston, 2015, 441-523 [biling\u00fce castellano-alem\u00e1n, con la trad. alemana de C. Cordoni]<\/li><li>&#8220;Mahoma latino: la percepci\u00f3n del Profeta Muhammad en las fuentes medievales. Primeras notas&#8221;, en C. Ferrero Hern\u00e1ndez &#8211; \u00d3. de la Cruz Palma (eds.), <em>Vitae Mahometi.<\/em> Reescritura e invenci\u00f3n en la literatura cristiana de controversia, Col. &#8220;Nueva Roma&#8221; n. 41, CSIC, Madrid, 2014, 55-68.<\/li><li>&#8220;Las cinco oraciones isl\u00e1micas diarias (<em>\u1e63alaw\u0101t<\/em>) en las fuentes latinas medievales&#8221;, en J. Mart\u00ednez G\u00e1zquez &#8211; J.V. Tolan (eds.), Ritus infidelium. <em>Miradas interconfesionales sobre las pr\u00e1cticas religiosas en la Edad Media<\/em>, Casa de Vel\u00e1zquez, Madrid, 2013, 133-149.<\/li><li>&#8220;Los primeros orientalistas frente al islam: la traducci\u00f3n latina del Cor\u00e1n de Guillaume Postel (1544)&#8221;, en Jos\u00e9 J. Caerols (ed.), <em>Religio in Labyrintho. Encuentros y desencuentros de religiones en sociedades complejas<\/em>, Madrid, 2013, 167-179.<\/li><li>&#8220;Arce Solorceno, Juan de&#8221;, en <em>Diccionario Biogr\u00e1fico y Bibliogr\u00e1fico del Humanismo Espa\u00f1ol (siglos XV-XVIII)<\/em>, Juan Francisco Dom\u00ednguez (ed.), Ediciones Cl\u00e1sicas, Madrid, 2012, 90-92.<\/li><li>&#8220;Notas de lectura a la <em>Chronica mendosa et ridicula Sarracenorum<\/em>, siglo XII&#8221;, en Matthias M. Tischler &#8211; Alexander Fidora (eds.), <em>Christlicher Norden &#8211; Muslimischer S\u00fcden. Anspr\u00fcche und Wirklichkeiten von Christen, Juden und Muslimen auf der Iberischen Halbinsel im Hoch und Sp\u00e4tmittelalter<\/em>, col. Eruditi Sapientia, vol. VII, M\u00fcnster, 2011, 153-165.<\/li><li>&#8220;Genealog\u00edas del Profeta Mahoma: evoluci\u00f3n en la literatura latina&#8221;, en Clara Elena Prieto Entrialgo (ed.), <em>Arabes in patria Asturiensium<\/em>, col. Asturiensis regni territorium, vol. 3, Oviedo, 2011, 205-223.<\/li><li>&#8220;Notas a la lectura del <em>Liber de generatione Mahumet<\/em> (trad. de Herm\u00e1n de Carintia, 1142-1143)&#8221;, J. Mart\u00ednez G\u00e1zquez &#8211; O. de la Cruz Palma &#8211; C. Ferrero Hern\u00e1ndez (eds.), <em>Estudios de lat\u00edn medieval hisp\u00e1nico. Actas del V Congreso Internacional de Lat\u00edn Medieval Hisp\u00e1nico<\/em>, Barcelona 7-10 de septiembre de 2009, Firenze, 2011, 609-625.<\/li><li>&#8212; et C\u00e1ndida Ferrero Hern\u00e1ndez, &#8220;Hermann of Carinthia. <em>Liber de generatione Mahumet. Liber de doctrina Mahumet<\/em>&#8220;, en David Thomas &#8211; Alex Mallett (eds.), <em>Christian-Muslim Relations. A Bigliographical History<\/em>. Vol. 3 (CMR 3), Brill, Boston-Leiden, 2011, 497-507.<\/li><li>&#8212; et C\u00e1ndida Ferrero Hern\u00e1ndez, &#8220;Robert of Ketton. <em>Chronica mendosa et ridicula Sarracenorum<\/em>&#8220;, en David Thomas &#8211; Alex Mallett (eds.), <em>Christian-Muslim Relations. A Bigliographical History<\/em>. Vol. 3 (CMR 3), Brill, Boston-Leiden, 2011, 508-519.<\/li><li>&#8220;Los sarracenos de \u00e9poca preisl\u00e1mica en Amiano Marcelino (<em>Res <\/em>gestae 14, 4)&#8221; en E. Borrell Vidal &#8211; L. Ferreres P\u00e9rez (eds.), <em>Artes ad Humanitatem<\/em>, Barcelona, SEEC, Diputaci\u00f3 de Tarragona, 2010, vol. II, 47-58.<\/li><li>&#8212; et Daniel \u00c1lvarez G\u00f3mez, &#8220;Die Rhetorik der Eintracht bei Nikolaus von Kues (1401-1464)&#8221; [trad. alemana de Alexander Fidora], en A.Fidora-B.F.W. Springer, <em>Religi\u00f6se Toleranz im Spiegel der Literatur. Eine Idee und ihre \u00e4sthetische Gestaltung<\/em>, Z\u00fcrich-Berlin, 2009, 93-102.<\/li><li>&#8220;Thought: The Human Realm&#8221;, en A. Fidora &#8211; J.E. Rubio (eds.), <em>Raimundus Lullus. An Introduction to his life, Works and Thought<\/em>, Turnhout, 2008, 413-459.<\/li><li>&#8220;Culturas en contacto en el <em>Liber de gentili et tribus sapientibus<\/em> de Ramon Llull&#8221;, en A. Musco &#8211; M. Romano (eds.) <em>Il Mediterraneo del &#8216;300: Raimondo Lullo e Federico III d&#8217;Aragona, re di Sicilia<\/em>, Turnhout, 2008, 305-325.<\/li><li>&#8220;Alcuni argomenti della polemica antiislamica in Raimondo Lullo e Niccol\u00f2 Cusano&#8221;, en Ermenegido Bidese &#8211; Alexander Fidora, Paul Renner, <em>Ramon Llull und Nikolaus von Kues: eine Begegnung im Zeichen der Toleranz. Raimondo Lullo e Niccol\u00f2 Cusano. Un incontro filosofico-teologico nel segno della toleranza<\/em>, Bolzano-Bressanone (Italia), 2004, Brepols, Turnhoult, 2005, 25-40.<\/li><li>&#8220;La informaci\u00f3n de Ramon Llull sobre los otros&#8221;, <em>Qu\u00e8 \u00e9s l&#8217;home? Reflexions antropol\u00f2giques a la Corona d&#8217;Arag\u00f3 durant l&#8217;Edat Mitjana<\/em>, Cabrils, (Barcelona), 2004, 179-201.<\/li><li>&#8212; et Jos\u00e9 Mart\u00ednez G\u00e1zquez &#8211; C\u00e1ndida Ferrero &#8211; N\u00e0dia Petrus, &#8220;Die lateinischen Koran-\u00dcbersetzungen in Spanien&#8221;,<em> Juden, Christen und Muslime. Religionsdialoge im Mittelalter<\/em>, Darmstadt, 2004, 27-39<\/li><li>&#8220;La <em>Parabola gentilis <\/em>en el <em>corpus Lullianum<\/em>&#8220;, <em>IV Congreso de la Sociedad de Estudios Latinos (SELat)<\/em>, Medina del Campo. Castillo de La Mota, 2003 (<em>ed. en CD<\/em>).<\/li><li>&#8212; et Jos\u00e9 Mart\u00ednez G\u00e1zquez, &#8220;Las traducciones \u00e1rabe-latinas impulsadas por Pedro el Venerable&#8221;, <em>Las \u00f3rdenes militares: realidad e imaginario<\/em> (M.D. Burdeus, E. Real, J.M. Verdegal, eds.), ed. Univ. Jaume I, Castell\u00f3n de la Plana, 2000; 285-296.<\/li><\/ul>\n\n\n\n<h2 class=\"wp-block-heading\"><strong>Art\u00edculos<\/strong><\/h2>\n\n\n\n<ul class=\"wp-block-list\"><li>&#8220;La <em>Vita Magumethi <\/em>de Voragine &#8211; Iacobus a Voragine (Iacopo da Varazze) c. 1226-1298&#8243;, en <em>Mirandum<\/em> 19 (2008), 5-34, [<a href=\"http:\/\/www.hottopos.com\/mirand19\/oscar.pdf\" target=\"_blank\" rel=\"noopener\">http:\/\/www.hottopos.com\/mirand19\/oscar.pdf<\/a>]<\/li><li>&#8220;Los textos de la llamada <em>Collectio Toletana<\/em>, fuente de informaci\u00f3n sobre el Islam&#8221;, en<em> The Journal of Medieval Latin<\/em> 17 (2007), 413-434.<\/li><li>&#8220;Raimundus Lullus contra Saracenos: el islam en la obra (latina) de Ramon Llull&#8221;, en <em>Cahiers d&#8217;\u00e9tudes hispaniques m\u00e9di\u00e9vales<\/em> 28 (2005), 253-266.<\/li><li>&#8220;La <em>Quaestio quam clamauit palam Saracenis<\/em> de Tom\u00e1s le My\u00e9sier&#8221;, en <em>Studia Lulliana<\/em> 44 (2004), 79-88.<\/li><li>&#8220;La llegenda de Mahoma a l&#8217;Edat Mitjana i al Renaixement. La compilaci\u00f3 de Bibliander&#8221;, <em>Col\u00b7loqui Internacional Problemes i M\u00e8todes de Literatura Catalana Antiga. Hist\u00f2ria i llegenda al Renaixement<\/em>, Universitat de Girona, 2002, <em>Estudi General<\/em> 23-24 (2003-2004), 97-112.<\/li><li>&#8220;La trascendencia de la primera traducci\u00f3n latina del Cor\u00e1n (Robert de Keton, 1142)&#8221;, <em>Collatio<\/em> 7 (2002), 21-28, [<a href=\"http:\/\/www.hottopos.com\/collat7\/oscar.htm\" target=\"_blank\" rel=\"noopener\">http:\/\/www.hottopos.com\/collat7\/oscar.htm<\/a>].<\/li><li>&#8220;La informaci\u00f3n sobre Mahoma en la <em>Doctrina pueril<\/em> de Ramon Llull&#8221;, <em>Taula<\/em>, 37 (2002), 37-49.<\/li><li>&#8220;El Dialogus de Fide de Jorge Ameruzes de Trebisonda. Un mensaje pol\u00edtico en el proemio&#8221;<em>, Hispania Sacra,<\/em> 51 (1999); 101-118.<\/li><\/ul>\n\n\n\n<h2 class=\"wp-block-heading\"><strong>Conferencias &#8211; Comunicaciones (sin publicaci\u00f3n)<\/strong><\/h2>\n\n\n\n<ul class=\"wp-block-list\"><li>&#8220;El proyecto universalista de Ramon Lull&#8221; Congreso Internacional Ramon Llull, Palma de Mallorca, 24-27 de noviembre de 2015. [ponencia]<\/li><li>&#8220;Machometus. Instrumento para el estudio de la informaci\u00f3n sobre el Profeta Mahoma en las fuentes cristianas medievales (en elaboraci\u00f3n)&#8221;, International Seminar\/Workshop organized by prof. Roberta Morosini for Wake Forest University and the Mediterranean Seminar on \u201cHistory, Literature and Culture of the Mediterranean\u201d, Sorrento, Sant\u2019 Anna Institute, 15 de Junio de 2014.<\/li><li>&#8220;Vida i obres de Ramon Llull (1213-1316)&#8221;, VI Celebraci\u00f3 de la Diada de Ramon Llull. Facultat de Ci\u00e8ncies Pol\u00edtiques i de Sociologia de la UAB, 26 de noviembre de 2013 [conferencia]<\/li><li>&#8220;Notes sobre el context i la finalitat dels <em>Cent noms de D\u00e9u<\/em> de Ramon Llull&#8221;, VI Seminari de l&#8217;Aula Lul\u00b7liana. Jornades Acad\u00e8miques Interdisciplin\u00e0ries, 11 de marzo de 2012 [conferencia].<\/li><li>\u201cLes relacions entre el Cristianisme i l&#8217;Islam a l&#8217;\u00e8poca medieval&#8221;, Ciclo <em>Hist\u00f2ria de la Filosofia. Els medievals<\/em>, Ateneu de Barcelona, 13 de noviembre de 2008 [conferencia]<\/li><li>&#8220;Le Coran en latin au Moyen Age et \u00e0 la Renaissance&#8221;, Seminario <em>Contacts, \u00e9changes et transfers dans le monde mediterran\u00e9en pendant l&#8217;Antiquit\u00e9 et le Moyen Age<\/em>, Maison des Sciences de l&#8217;Homme (Nantes, Francia), 2001 [conferencia].<\/li><li>&#8220;Un humanista traduciendo: del borrador a la copia en limpio (el caso de la versi\u00f3n latina del Dialogus de Fide de Jorge Ameruzes de Trebisonda)&#8221;,III Congreso Internacional de Humanismo y pervivencia del mundo cl\u00e1sico. Homenaje al profesor Antonio Font\u00e1n, Alca\u00f1iz (Teruel), 2000 [comunicaci\u00f3n]<\/li><li>&#8220;El Cor\u00e1n de Cirilo L\u00facaris, Patriarca de Constantinopla&#8221;, <em>Translators at Work: Their Methods and Manuscripts<\/em>, Ettore Majorana Foundation and Centre for Scientific Culture. Erice (Sicilia, Italia), 1999 [comunicaci\u00f3n]<\/li><\/ul>\n","protected":false},"excerpt":{"rendered":"<p>Ver perfil Libros Raymundi Lulli, Liber de gentili et tribus sapientibus, CCCM 264 &#8211; ROL XXXVI, Brepols: Turnhout, 2015. &#8212; et C. Ferrero Hern\u00e1ndez (eds.),Vitae Mahometi. Reescritura e invenci\u00f3n en la literatura cristiana de controversia, Colecci\u00f3n &#8220;Nueva Roma&#8221; n. 41, CSIC, Madrid, 2014. Tommaso le My\u00e9sier, La Parabola gentilis, con la Quaestio quam clamauit palam [&hellip;]<\/p>\n","protected":false},"author":14,"featured_media":0,"parent":0,"menu_order":0,"comment_status":"closed","ping_status":"closed","template":"","meta":{"footnotes":""},"class_list":["post-140","page","type-page","status-publish","hentry"],"_links":{"self":[{"href":"https:\/\/webs.uab.cat\/islamolatina\/wp-json\/wp\/v2\/pages\/140","targetHints":{"allow":["GET"]}}],"collection":[{"href":"https:\/\/webs.uab.cat\/islamolatina\/wp-json\/wp\/v2\/pages"}],"about":[{"href":"https:\/\/webs.uab.cat\/islamolatina\/wp-json\/wp\/v2\/types\/page"}],"author":[{"embeddable":true,"href":"https:\/\/webs.uab.cat\/islamolatina\/wp-json\/wp\/v2\/users\/14"}],"replies":[{"embeddable":true,"href":"https:\/\/webs.uab.cat\/islamolatina\/wp-json\/wp\/v2\/comments?post=140"}],"version-history":[{"count":1,"href":"https:\/\/webs.uab.cat\/islamolatina\/wp-json\/wp\/v2\/pages\/140\/revisions"}],"predecessor-version":[{"id":665,"href":"https:\/\/webs.uab.cat\/islamolatina\/wp-json\/wp\/v2\/pages\/140\/revisions\/665"}],"wp:attachment":[{"href":"https:\/\/webs.uab.cat\/islamolatina\/wp-json\/wp\/v2\/media?parent=140"}],"curies":[{"name":"wp","href":"https:\/\/api.w.org\/{rel}","templated":true}]}}