{"id":264,"date":"2013-05-27T23:40:01","date_gmt":"2013-05-27T23:40:01","guid":{"rendered":"https:\/\/webs.uab.cat\/islamolatina\/celia-lopez-alcalde\/"},"modified":"2023-03-11T11:44:31","modified_gmt":"2023-03-11T11:44:31","slug":"celia-lopez-alcalde","status":"publish","type":"page","link":"https:\/\/webs.uab.cat\/islamolatina\/celia-lopez-alcalde\/","title":{"rendered":"Celia L\u00f3pez Alcalde"},"content":{"rendered":"\n<p><a href=\"mailto:Celia.Lopez@uab.cat\">Celia L\u00f3pez Alcalde<\/a><\/p>\n\n\n\n<p><strong>Investigadora<br><\/strong>Licenciada en Filosof\u00eda (2000). Licenciada en Filolog\u00eda cl\u00e1sica (2004). Doctora en Filolog\u00eda Cl\u00e1sica (2012)<br>Universidad Aut\u00f3noma de Barcelona<br>Filosof\u00eda y Letras &#8211; Filosof\u00eda Ciencias de la Antig\u00fcedad y de la Edad Media<br>Tel. : 935868840<\/p>\n\n\n\n<p>Ha realizado&nbsp;el trabajo de investigaci\u00f3n&nbsp;de m\u00e1ster&nbsp;dirigido&nbsp;por&nbsp;la&nbsp;Dr.&nbsp;Mart\u00ednez&nbsp;G\u00e1zquez&nbsp;&#8220;<em>La transmisi\u00f3n del primer Cor\u00e1n latino en la tradici\u00f3n manuscrita<\/em>&#8221; (UAB-2009)<\/p>\n\n\n\n<p>Tesis doctoral:&nbsp;<em>Raymundi Lulli Liber nouus de anima rationali. Edici\u00f3n Cr\u00edtica y estudio<\/em>&#8220;(defendida el 27 de noviembre de 2012). El texto cr\u00edtico ser\u00e1 publicado en las ROL.<\/p>\n","protected":false},"excerpt":{"rendered":"<p>Celia L\u00f3pez Alcalde InvestigadoraLicenciada en Filosof\u00eda (2000). Licenciada en Filolog\u00eda cl\u00e1sica (2004). Doctora en Filolog\u00eda Cl\u00e1sica (2012)Universidad Aut\u00f3noma de BarcelonaFilosof\u00eda y Letras &#8211; Filosof\u00eda Ciencias de la Antig\u00fcedad y de la Edad MediaTel. : 935868840 Ha realizado&nbsp;el trabajo de investigaci\u00f3n&nbsp;de m\u00e1ster&nbsp;dirigido&nbsp;por&nbsp;la&nbsp;Dr.&nbsp;Mart\u00ednez&nbsp;G\u00e1zquez&nbsp;&#8220;La transmisi\u00f3n del primer Cor\u00e1n latino en la tradici\u00f3n manuscrita&#8221; (UAB-2009) Tesis doctoral:&nbsp;Raymundi Lulli Liber [&hellip;]<\/p>\n","protected":false},"author":14,"featured_media":0,"parent":0,"menu_order":0,"comment_status":"closed","ping_status":"closed","template":"","meta":{"footnotes":""},"class_list":["post-264","page","type-page","status-publish","hentry"],"_links":{"self":[{"href":"https:\/\/webs.uab.cat\/islamolatina\/wp-json\/wp\/v2\/pages\/264","targetHints":{"allow":["GET"]}}],"collection":[{"href":"https:\/\/webs.uab.cat\/islamolatina\/wp-json\/wp\/v2\/pages"}],"about":[{"href":"https:\/\/webs.uab.cat\/islamolatina\/wp-json\/wp\/v2\/types\/page"}],"author":[{"embeddable":true,"href":"https:\/\/webs.uab.cat\/islamolatina\/wp-json\/wp\/v2\/users\/14"}],"replies":[{"embeddable":true,"href":"https:\/\/webs.uab.cat\/islamolatina\/wp-json\/wp\/v2\/comments?post=264"}],"version-history":[{"count":1,"href":"https:\/\/webs.uab.cat\/islamolatina\/wp-json\/wp\/v2\/pages\/264\/revisions"}],"predecessor-version":[{"id":721,"href":"https:\/\/webs.uab.cat\/islamolatina\/wp-json\/wp\/v2\/pages\/264\/revisions\/721"}],"wp:attachment":[{"href":"https:\/\/webs.uab.cat\/islamolatina\/wp-json\/wp\/v2\/media?parent=264"}],"curies":[{"name":"wp","href":"https:\/\/api.w.org\/{rel}","templated":true}]}}