{"id":460,"date":"2019-11-27T12:01:33","date_gmt":"2019-11-27T12:01:33","guid":{"rendered":"https:\/\/webs.uab.cat\/islamolatina\/antonia_risquez\/"},"modified":"2023-03-11T11:21:12","modified_gmt":"2023-03-11T11:21:12","slug":"antonia_risquez","status":"publish","type":"page","link":"https:\/\/webs.uab.cat\/islamolatina\/antonia_risquez\/","title":{"rendered":"Antonia R\u00edsquez Madrid"},"content":{"rendered":"\n<div class=\"wp-block-media-text is-stacked-on-mobile has-primary-background-color has-background\" style=\"grid-template-columns:35% auto\"><figure class=\"wp-block-media-text__media\"><img decoding=\"async\" src=\"http:\/\/grupsderecerca.uab.cat\/islamolatina\/sites\/grupsderecerca.uab.cat.islamolatina\/files\/foto.jpg\" alt=\"\"\/><\/figure><div class=\"wp-block-media-text__content\">\n<p class=\"has-small-font-size\">\u00a0<a href=\"mailto:antonia.risquez@uab.cat\">Antonia R\u00edsquez Madrid<\/a><\/p>\n<\/div><\/div>\n\n\n\n<p>Es licenciada en Filolog\u00eda Hisp\u00e1nica, Filolog\u00eda Cl\u00e1sica y Filolog\u00eda Rom\u00e1nica, as\u00ed como doctora en Filolog\u00eda Cl\u00e1sica, en el \u00e1rea espec\u00edfica de la Filolog\u00eda Latina. Actualmente es profesora asociada en la Universitat Aut\u00f2noma de Barcelona y la Universitat de Barcelona, en el \u00e1rea de Filolog\u00eda Latina.<\/p>\n\n\n\n<p>Destacan los premios recibidos a su calidad acad\u00e9mica e investigadora, como el primer Premio de Tesis doctoral, concedido por la Sociedad de Estudios Latinos, o el Premio de Fin de carrera por sus estudios de Filolog\u00eda Rom\u00e1nica.<\/p>\n\n\n\n<p>En cuanto a sus publicaciones hay que subrayar un n\u00famero importante de publicaciones internacionales, lo que demuestra su proyecci\u00f3n investigadora. Tiene un buen n\u00famero de participaciones en congresos nacionales e internacionales, as\u00ed como las estancias en centros de prestigio extranjeros, tales como Harvard University o tambi\u00e9n Oxford University.<\/p>\n\n\n\n<p>Sus principales l\u00edneas de investigaci\u00f3n son lat\u00edn medieval, critica textual, literatura espa\u00f1ola.<\/p>\n\n\n\n<p>Ha participado y colaborado en distintos proyectos de investigaci\u00f3n relacionados con la transmisi\u00f3n textual y el legado cl\u00e1sico:<\/p>\n\n\n\n<p>\u200b- FFI2011-23805. Estudio sobre la transmisi\u00f3n, conservaci\u00f3n y difusi\u00f3n del legado cl\u00e1sico en el medievo hisp\u00e1nico (siglos XIII-XV). III . MCINN. 01\/01\/2012 &#8211; 31\/12\/2015.<\/p>\n\n\n\n<p>\u200b- FFI 2009-08480. Biblioteca erasmiana hisp\u00e1nica: Erasmo en las bibliotecas espa\u00f1olas actuales e hist\u00f3ricas. Ministerio de Ciencia y Tecnolog\u00eda. 01\/01\/2009 &#8211; 31\/12\/2012.<\/p>\n\n\n\n<p>\u200b- FFI2008-05671. Estudio sobre la transmisi\u00f3n, conservaci\u00f3n y difusi\u00f3n del legado cl\u00e1sico en el medievo hisp\u00e1nico (siglos XIII-XV). II . MCINN. 01\/01\/2008 &#8211; 01\/01\/2011.<\/p>\n\n\n\n<p>\u200b- Estudio sobre la transmisi\u00f3n, conservaci\u00f3n y difusi\u00f3n del legado cl\u00e1sico en el medievo hisp\u00e1nico (siglos XIII-XV). DGCYT. 01\/01\/2004 &#8211; 31\/12\/2007.<\/p>\n\n\n\n<p>ID ORCID: https:\/\/orcid.org\/0000-0002-0419-9972<\/p>\n","protected":false},"excerpt":{"rendered":"<p>\u00a0Antonia R\u00edsquez Madrid Es licenciada en Filolog\u00eda Hisp\u00e1nica, Filolog\u00eda Cl\u00e1sica y Filolog\u00eda Rom\u00e1nica, as\u00ed como doctora en Filolog\u00eda Cl\u00e1sica, en el \u00e1rea espec\u00edfica de la Filolog\u00eda Latina. Actualmente es profesora asociada en la Universitat Aut\u00f2noma de Barcelona y la Universitat de Barcelona, en el \u00e1rea de Filolog\u00eda Latina. Destacan los premios recibidos a su calidad [&hellip;]<\/p>\n","protected":false},"author":14,"featured_media":0,"parent":0,"menu_order":0,"comment_status":"closed","ping_status":"closed","template":"","meta":{"footnotes":""},"class_list":["post-460","page","type-page","status-publish","hentry"],"_links":{"self":[{"href":"https:\/\/webs.uab.cat\/islamolatina\/wp-json\/wp\/v2\/pages\/460","targetHints":{"allow":["GET"]}}],"collection":[{"href":"https:\/\/webs.uab.cat\/islamolatina\/wp-json\/wp\/v2\/pages"}],"about":[{"href":"https:\/\/webs.uab.cat\/islamolatina\/wp-json\/wp\/v2\/types\/page"}],"author":[{"embeddable":true,"href":"https:\/\/webs.uab.cat\/islamolatina\/wp-json\/wp\/v2\/users\/14"}],"replies":[{"embeddable":true,"href":"https:\/\/webs.uab.cat\/islamolatina\/wp-json\/wp\/v2\/comments?post=460"}],"version-history":[{"count":1,"href":"https:\/\/webs.uab.cat\/islamolatina\/wp-json\/wp\/v2\/pages\/460\/revisions"}],"predecessor-version":[{"id":702,"href":"https:\/\/webs.uab.cat\/islamolatina\/wp-json\/wp\/v2\/pages\/460\/revisions\/702"}],"wp:attachment":[{"href":"https:\/\/webs.uab.cat\/islamolatina\/wp-json\/wp\/v2\/media?parent=460"}],"curies":[{"name":"wp","href":"https:\/\/api.w.org\/{rel}","templated":true}]}}