{"id":662,"date":"2025-01-29T11:03:05","date_gmt":"2025-01-29T09:03:05","guid":{"rendered":"https:\/\/webs.uab.cat\/iuee\/?page_id=662"},"modified":"2025-02-04T12:25:39","modified_gmt":"2025-02-04T10:25:39","slug":"noticies","status":"publish","type":"page","link":"https:\/\/webs.uab.cat\/iuee\/","title":{"rendered":"Inicio"},"content":{"rendered":"\n<details class=\"wp-block-details alignwide is-layout-flow wp-block-details-is-layout-flow\" open><summary>El Instituto de Estudios Europeos de la Universidad Aut\u00f3noma de Barcelona es un centro de investigaci\u00f3n y formaci\u00f3n multidisciplinar que aborda los principales retos de la actualidad desde una perspectiva integradora. Combinando disciplinas como el derecho, las ciencias pol\u00edticas y la econom\u00eda, el instituto se dedica al estudio y an\u00e1lisis de cuestiones clave en \u00e1mbitos como la Uni\u00f3n Europea, los asuntos internacionales, las nuevas tecnolog\u00edas, la migraci\u00f3n y los derechos humanos, entre otros. Su objetivo es generar conocimiento de alto impacto y promover el debate acad\u00e9mico y profesional en un entorno din\u00e1mico&nbsp;y&nbsp;global.&nbsp;<\/summary>\n<p><\/p>\n<\/details>\n\n\n<ul class=\"wp-block-latest-posts__list is-grid columns-3 has-dates alignwide wp-block-latest-posts\"><li><div class=\"wp-block-latest-posts__featured-image aligncenter\"><img loading=\"lazy\" decoding=\"async\" width=\"300\" height=\"225\" src=\"https:\/\/webs.uab.cat\/iuee\/wp-content\/uploads\/sites\/618\/2025\/12\/pro-xGWyaCsH-300x225.jpeg\" class=\"attachment-medium size-medium wp-post-image\" alt=\"\" style=\"\" srcset=\"https:\/\/webs.uab.cat\/iuee\/wp-content\/uploads\/sites\/618\/2025\/12\/pro-xGWyaCsH-300x225.jpeg 300w, https:\/\/webs.uab.cat\/iuee\/wp-content\/uploads\/sites\/618\/2025\/12\/pro-xGWyaCsH-1024x768.jpeg 1024w, https:\/\/webs.uab.cat\/iuee\/wp-content\/uploads\/sites\/618\/2025\/12\/pro-xGWyaCsH-768x576.jpeg 768w, https:\/\/webs.uab.cat\/iuee\/wp-content\/uploads\/sites\/618\/2025\/12\/pro-xGWyaCsH-1536x1152.jpeg 1536w, https:\/\/webs.uab.cat\/iuee\/wp-content\/uploads\/sites\/618\/2025\/12\/pro-xGWyaCsH-1200x900.jpeg 1200w, https:\/\/webs.uab.cat\/iuee\/wp-content\/uploads\/sites\/618\/2025\/12\/pro-xGWyaCsH-1980x1485.jpeg 1980w, https:\/\/webs.uab.cat\/iuee\/wp-content\/uploads\/sites\/618\/2025\/12\/pro-xGWyaCsH.jpeg 2048w\" sizes=\"auto, (max-width: 300px) 100vw, 300px\" \/><\/div><a class=\"wp-block-latest-posts__post-title\" href=\"https:\/\/webs.uab.cat\/iuee\/2025\/12\/14\/visita-academica-del-muie-a-les-institucions-de-la-unio-europea-a-brusselles\/\">Visita acad\u00e8mica del MUIE a les institucions de la Uni\u00f3 Europea a Brussel\u00b7les<\/a><time datetime=\"2025-12-14T13:06:44+02:00\" class=\"wp-block-latest-posts__post-date\">14 de desembre de 2025<\/time><div class=\"wp-block-latest-posts__post-excerpt\">Del 10 al 12 de desembre de 2025, els estudiants del M\u00e0ster Universitari d\u2019Integraci\u00f3 Europea (MUIE) de la Universitat Aut\u00f2noma de Barcelona han realitzat una visita acad\u00e8mica a Brussel\u00b7les amb\u2026 <a class=\"wp-block-latest-posts__read-more\" href=\"https:\/\/webs.uab.cat\/iuee\/2025\/12\/14\/visita-academica-del-muie-a-les-institucions-de-la-unio-europea-a-brusselles\/\" rel=\"noopener noreferrer\">Llegiu-ne m\u00e9s<span class=\"screen-reader-text\">: Visita acad\u00e8mica del MUIE a les institucions de la Uni\u00f3 Europea a Brussel\u00b7les<\/span><\/a><\/div><\/li>\n<li><div class=\"wp-block-latest-posts__featured-image aligncenter\"><img loading=\"lazy\" decoding=\"async\" width=\"212\" height=\"300\" src=\"https:\/\/webs.uab.cat\/iuee\/wp-content\/uploads\/sites\/618\/2025\/11\/Conference-Sustainability-Logo-UABIEE-212x300.png\" class=\"attachment-medium size-medium wp-post-image\" alt=\"\" style=\"\" srcset=\"https:\/\/webs.uab.cat\/iuee\/wp-content\/uploads\/sites\/618\/2025\/11\/Conference-Sustainability-Logo-UABIEE-212x300.png 212w, https:\/\/webs.uab.cat\/iuee\/wp-content\/uploads\/sites\/618\/2025\/11\/Conference-Sustainability-Logo-UABIEE-724x1024.png 724w, https:\/\/webs.uab.cat\/iuee\/wp-content\/uploads\/sites\/618\/2025\/11\/Conference-Sustainability-Logo-UABIEE-768x1086.png 768w, https:\/\/webs.uab.cat\/iuee\/wp-content\/uploads\/sites\/618\/2025\/11\/Conference-Sustainability-Logo-UABIEE-1086x1536.png 1086w, https:\/\/webs.uab.cat\/iuee\/wp-content\/uploads\/sites\/618\/2025\/11\/Conference-Sustainability-Logo-UABIEE-1448x2048.png 1448w, https:\/\/webs.uab.cat\/iuee\/wp-content\/uploads\/sites\/618\/2025\/11\/Conference-Sustainability-Logo-UABIEE-1200x1698.png 1200w, https:\/\/webs.uab.cat\/iuee\/wp-content\/uploads\/sites\/618\/2025\/11\/Conference-Sustainability-Logo-UABIEE.png 1587w\" sizes=\"auto, (max-width: 212px) 100vw, 212px\" \/><\/div><a class=\"wp-block-latest-posts__post-title\" href=\"https:\/\/webs.uab.cat\/iuee\/2025\/11\/26\/seminar-incorporating-housing-rights-into-sustainability-legislation\/\">Seminar: &#8220;Incorporating Housing Rights into Sustainability Legislation&#8221;<\/a><time datetime=\"2025-11-26T16:33:09+02:00\" class=\"wp-block-latest-posts__post-date\">26 de novembre de 2025<\/time><div class=\"wp-block-latest-posts__post-excerpt\">We are pleased to announce the upcoming seminar: \u201cIncorporating Housing Rights into Sustainability Legislation.\u201d, a session providing a comprehensive examination of how housing rights may be integrated into sustainability-oriented legal\u2026 <a class=\"wp-block-latest-posts__read-more\" href=\"https:\/\/webs.uab.cat\/iuee\/2025\/11\/26\/seminar-incorporating-housing-rights-into-sustainability-legislation\/\" rel=\"noopener noreferrer\">Llegiu-ne m\u00e9s<span class=\"screen-reader-text\">: Seminar: &#8220;Incorporating Housing Rights into Sustainability Legislation&#8221;<\/span><\/a><\/div><\/li>\n<li><div class=\"wp-block-latest-posts__featured-image aligncenter\"><img loading=\"lazy\" decoding=\"async\" width=\"212\" height=\"300\" src=\"https:\/\/webs.uab.cat\/iuee\/wp-content\/uploads\/sites\/618\/2025\/11\/Conferencia-21-de-noviembre-212x300.png\" class=\"attachment-medium size-medium wp-post-image\" alt=\"\" style=\"\" srcset=\"https:\/\/webs.uab.cat\/iuee\/wp-content\/uploads\/sites\/618\/2025\/11\/Conferencia-21-de-noviembre-212x300.png 212w, https:\/\/webs.uab.cat\/iuee\/wp-content\/uploads\/sites\/618\/2025\/11\/Conferencia-21-de-noviembre-724x1024.png 724w, https:\/\/webs.uab.cat\/iuee\/wp-content\/uploads\/sites\/618\/2025\/11\/Conferencia-21-de-noviembre-768x1086.png 768w, https:\/\/webs.uab.cat\/iuee\/wp-content\/uploads\/sites\/618\/2025\/11\/Conferencia-21-de-noviembre-1086x1536.png 1086w, https:\/\/webs.uab.cat\/iuee\/wp-content\/uploads\/sites\/618\/2025\/11\/Conferencia-21-de-noviembre-1200x1697.png 1200w, https:\/\/webs.uab.cat\/iuee\/wp-content\/uploads\/sites\/618\/2025\/11\/Conferencia-21-de-noviembre.png 1414w\" sizes=\"auto, (max-width: 212px) 100vw, 212px\" \/><\/div><a class=\"wp-block-latest-posts__post-title\" href=\"https:\/\/webs.uab.cat\/iuee\/2025\/11\/21\/webinar-the-balkans-in-the-eu-with-miodrag-vlahovic-former-minister-of-foreign-affairs-of-montenegro\/\">Webinar &#8220;The Balkans in the EU&#8221; with Miodrag Vlahovic, former Minister of Foreign Affairs of Montenegro<\/a><time datetime=\"2025-11-21T18:17:10+02:00\" class=\"wp-block-latest-posts__post-date\">21 de novembre de 2025<\/time><div class=\"wp-block-latest-posts__post-excerpt\">The online seminar \u201cThe Balkans in the EU\u201d has taken place today, 21 November 2025, led by Miodrag Vlahovi\u0107, former Minister of Foreign Affairs of Montenegro. It was an honour\u2026 <a class=\"wp-block-latest-posts__read-more\" href=\"https:\/\/webs.uab.cat\/iuee\/2025\/11\/21\/webinar-the-balkans-in-the-eu-with-miodrag-vlahovic-former-minister-of-foreign-affairs-of-montenegro\/\" rel=\"noopener noreferrer\">Llegiu-ne m\u00e9s<span class=\"screen-reader-text\">: Webinar &#8220;The Balkans in the EU&#8221; with Miodrag Vlahovic, former Minister of Foreign Affairs of Montenegro<\/span><\/a><\/div><\/li>\n<li><div class=\"wp-block-latest-posts__featured-image aligncenter\"><img loading=\"lazy\" decoding=\"async\" width=\"300\" height=\"83\" src=\"https:\/\/webs.uab.cat\/iuee\/wp-content\/uploads\/sites\/618\/2025\/11\/Captura-de-pantalla-2025-11-17-145322-300x83.jpg\" class=\"attachment-medium size-medium wp-post-image\" alt=\"\" style=\"\" srcset=\"https:\/\/webs.uab.cat\/iuee\/wp-content\/uploads\/sites\/618\/2025\/11\/Captura-de-pantalla-2025-11-17-145322-300x83.jpg 300w, https:\/\/webs.uab.cat\/iuee\/wp-content\/uploads\/sites\/618\/2025\/11\/Captura-de-pantalla-2025-11-17-145322.jpg 541w\" sizes=\"auto, (max-width: 300px) 100vw, 300px\" \/><\/div><a class=\"wp-block-latest-posts__post-title\" href=\"https:\/\/webs.uab.cat\/iuee\/2025\/11\/17\/miembros-del-iuee-en-el-grupo-permanente-de-union-europea\/\">Miembros del IUEE en el Grupo Permanente de Uni\u00f3n Europea\u00a0<\/a><time datetime=\"2025-11-17T15:53:57+02:00\" class=\"wp-block-latest-posts__post-date\">17 de novembre de 2025<\/time><div class=\"wp-block-latest-posts__post-excerpt\">El&nbsp;Grupo Permanente de Uni\u00f3n Europea&nbsp;de la AECPA se propuso en 2024 y qued\u00f3 formalmente constituido el 29 de septiembre de 2025, en un impulso coincidente con los cuarenta a\u00f1os desde\u2026 <a class=\"wp-block-latest-posts__read-more\" href=\"https:\/\/webs.uab.cat\/iuee\/2025\/11\/17\/miembros-del-iuee-en-el-grupo-permanente-de-union-europea\/\" rel=\"noopener noreferrer\">Llegiu-ne m\u00e9s<span class=\"screen-reader-text\">: Miembros del IUEE en el Grupo Permanente de Uni\u00f3n Europea\u00a0<\/span><\/a><\/div><\/li>\n<li><div class=\"wp-block-latest-posts__featured-image aligncenter\"><img loading=\"lazy\" decoding=\"async\" width=\"300\" height=\"224\" src=\"https:\/\/webs.uab.cat\/iuee\/wp-content\/uploads\/sites\/618\/2025\/11\/Imatge-de-WhatsApp-2025-11-07-a-les-12.17.46_9ca6830f-300x224.jpg\" class=\"attachment-medium size-medium wp-post-image\" alt=\"\" style=\"\" srcset=\"https:\/\/webs.uab.cat\/iuee\/wp-content\/uploads\/sites\/618\/2025\/11\/Imatge-de-WhatsApp-2025-11-07-a-les-12.17.46_9ca6830f-300x224.jpg 300w, https:\/\/webs.uab.cat\/iuee\/wp-content\/uploads\/sites\/618\/2025\/11\/Imatge-de-WhatsApp-2025-11-07-a-les-12.17.46_9ca6830f-1024x766.jpg 1024w, https:\/\/webs.uab.cat\/iuee\/wp-content\/uploads\/sites\/618\/2025\/11\/Imatge-de-WhatsApp-2025-11-07-a-les-12.17.46_9ca6830f-768x575.jpg 768w, https:\/\/webs.uab.cat\/iuee\/wp-content\/uploads\/sites\/618\/2025\/11\/Imatge-de-WhatsApp-2025-11-07-a-les-12.17.46_9ca6830f-1536x1149.jpg 1536w, https:\/\/webs.uab.cat\/iuee\/wp-content\/uploads\/sites\/618\/2025\/11\/Imatge-de-WhatsApp-2025-11-07-a-les-12.17.46_9ca6830f-1200x898.jpg 1200w, https:\/\/webs.uab.cat\/iuee\/wp-content\/uploads\/sites\/618\/2025\/11\/Imatge-de-WhatsApp-2025-11-07-a-les-12.17.46_9ca6830f-1980x1481.jpg 1980w, https:\/\/webs.uab.cat\/iuee\/wp-content\/uploads\/sites\/618\/2025\/11\/Imatge-de-WhatsApp-2025-11-07-a-les-12.17.46_9ca6830f.jpg 2048w\" sizes=\"auto, (max-width: 300px) 100vw, 300px\" \/><\/div><a class=\"wp-block-latest-posts__post-title\" href=\"https:\/\/webs.uab.cat\/iuee\/2025\/11\/08\/seminari-amb-el-prof-ulf-sverdrup-european-economic-security-and-the-new-geopolitics\/\">Seminari amb el Prof. Ulf Sverdrup: \u201cEuropean Economic Security and the New Geopolitics\u201d<\/a><time datetime=\"2025-11-08T21:00:14+02:00\" class=\"wp-block-latest-posts__post-date\">8 de novembre de 2025<\/time><div class=\"wp-block-latest-posts__post-excerpt\">El passat 7 de novembre de 2025, la Sala de Graus de la Facultat de Dret de la UAB va acollir el seminari titulat European Economic Security and the New\u2026 <a class=\"wp-block-latest-posts__read-more\" href=\"https:\/\/webs.uab.cat\/iuee\/2025\/11\/08\/seminari-amb-el-prof-ulf-sverdrup-european-economic-security-and-the-new-geopolitics\/\" rel=\"noopener noreferrer\">Llegiu-ne m\u00e9s<span class=\"screen-reader-text\">: Seminari amb el Prof. Ulf Sverdrup: \u201cEuropean Economic Security and the New Geopolitics\u201d<\/span><\/a><\/div><\/li>\n<li><div class=\"wp-block-latest-posts__featured-image aligncenter\"><img loading=\"lazy\" decoding=\"async\" width=\"240\" height=\"300\" src=\"https:\/\/webs.uab.cat\/iuee\/wp-content\/uploads\/sites\/618\/2025\/10\/IMG_SortidesProfessionalsUE-240x300.jpeg\" class=\"attachment-medium size-medium wp-post-image\" alt=\"\" style=\"\" srcset=\"https:\/\/webs.uab.cat\/iuee\/wp-content\/uploads\/sites\/618\/2025\/10\/IMG_SortidesProfessionalsUE-240x300.jpeg 240w, https:\/\/webs.uab.cat\/iuee\/wp-content\/uploads\/sites\/618\/2025\/10\/IMG_SortidesProfessionalsUE-819x1024.jpeg 819w, https:\/\/webs.uab.cat\/iuee\/wp-content\/uploads\/sites\/618\/2025\/10\/IMG_SortidesProfessionalsUE-768x960.jpeg 768w, https:\/\/webs.uab.cat\/iuee\/wp-content\/uploads\/sites\/618\/2025\/10\/IMG_SortidesProfessionalsUE.jpeg 1080w\" sizes=\"auto, (max-width: 240px) 100vw, 240px\" \/><\/div><a class=\"wp-block-latest-posts__post-title\" href=\"https:\/\/webs.uab.cat\/iuee\/2025\/10\/08\/xerrada-sortides-professionals-a-la-unio-europea\/\">Xerrada &#8220;Sortides professionals a la Uni\u00f3 Europea&#8221;<\/a><time datetime=\"2025-10-08T11:17:05+02:00\" class=\"wp-block-latest-posts__post-date\">8 d&#8217;octubre de 2025<\/time><div class=\"wp-block-latest-posts__post-excerpt\">El proper 10 de novembre de 2025, l\u2019Institut d\u2019Estudis Europeus de la UAB organitza una sessi\u00f3 dedicada a orientar els i les estudiants sobre les oportunitats professionals en l\u2019\u00e0mbit de\u2026 <a class=\"wp-block-latest-posts__read-more\" href=\"https:\/\/webs.uab.cat\/iuee\/2025\/10\/08\/xerrada-sortides-professionals-a-la-unio-europea\/\" rel=\"noopener noreferrer\">Llegiu-ne m\u00e9s<span class=\"screen-reader-text\">: Xerrada &#8220;Sortides professionals a la Uni\u00f3 Europea&#8221;<\/span><\/a><\/div><\/li>\n<li><div class=\"wp-block-latest-posts__featured-image aligncenter\"><img loading=\"lazy\" decoding=\"async\" width=\"240\" height=\"300\" src=\"https:\/\/webs.uab.cat\/iuee\/wp-content\/uploads\/sites\/618\/2025\/10\/ENRIQUE-BARON2-240x300.jpg\" class=\"attachment-medium size-medium wp-post-image\" alt=\"\" style=\"\" srcset=\"https:\/\/webs.uab.cat\/iuee\/wp-content\/uploads\/sites\/618\/2025\/10\/ENRIQUE-BARON2-240x300.jpg 240w, https:\/\/webs.uab.cat\/iuee\/wp-content\/uploads\/sites\/618\/2025\/10\/ENRIQUE-BARON2-819x1024.jpg 819w, https:\/\/webs.uab.cat\/iuee\/wp-content\/uploads\/sites\/618\/2025\/10\/ENRIQUE-BARON2-768x960.jpg 768w, https:\/\/webs.uab.cat\/iuee\/wp-content\/uploads\/sites\/618\/2025\/10\/ENRIQUE-BARON2.jpg 1080w\" sizes=\"auto, (max-width: 240px) 100vw, 240px\" \/><\/div><a class=\"wp-block-latest-posts__post-title\" href=\"https:\/\/webs.uab.cat\/iuee\/2025\/10\/03\/espana-en-europa-la-solucion-conferencia-inaugural-muie-denrique-baron\/\">\u201cEspa\u00f1a en Europa, la soluci\u00f3n\u201d, confer\u00e8ncia inaugural MUIE d\u2019Enrique Bar\u00f3n<\/a><time datetime=\"2025-10-03T11:21:18+02:00\" class=\"wp-block-latest-posts__post-date\">3 d&#8217;octubre de 2025<\/time><div class=\"wp-block-latest-posts__post-excerpt\">Aquest any, en el marc del 40\u00e8 aniversari del proc\u00e9s d&#8217;adhesi\u00f3 d&#8217;Espanya a les Comunitats Europees (1985\u20131986), tenim l&#8217;honor de rebre a Enrique Bar\u00f3n, expresident del Parlament Europeu, per inaugurar\u2026 <a class=\"wp-block-latest-posts__read-more\" href=\"https:\/\/webs.uab.cat\/iuee\/2025\/10\/03\/espana-en-europa-la-solucion-conferencia-inaugural-muie-denrique-baron\/\" rel=\"noopener noreferrer\">Llegiu-ne m\u00e9s<span class=\"screen-reader-text\">: \u201cEspa\u00f1a en Europa, la soluci\u00f3n\u201d, confer\u00e8ncia inaugural MUIE d\u2019Enrique Bar\u00f3n<\/span><\/a><\/div><\/li>\n<li><div class=\"wp-block-latest-posts__featured-image aligncenter\"><img loading=\"lazy\" decoding=\"async\" width=\"240\" height=\"300\" src=\"https:\/\/webs.uab.cat\/iuee\/wp-content\/uploads\/sites\/618\/2025\/10\/8-OCT-240x300.jpg\" class=\"attachment-medium size-medium wp-post-image\" alt=\"\" style=\"\" srcset=\"https:\/\/webs.uab.cat\/iuee\/wp-content\/uploads\/sites\/618\/2025\/10\/8-OCT-240x300.jpg 240w, https:\/\/webs.uab.cat\/iuee\/wp-content\/uploads\/sites\/618\/2025\/10\/8-OCT-819x1024.jpg 819w, https:\/\/webs.uab.cat\/iuee\/wp-content\/uploads\/sites\/618\/2025\/10\/8-OCT-768x960.jpg 768w, https:\/\/webs.uab.cat\/iuee\/wp-content\/uploads\/sites\/618\/2025\/10\/8-OCT.jpg 1080w\" sizes=\"auto, (max-width: 240px) 100vw, 240px\" \/><\/div><a class=\"wp-block-latest-posts__post-title\" href=\"https:\/\/webs.uab.cat\/iuee\/2025\/10\/01\/seminar-on-ireland-the-eu-half-a-century-of-evolution\/\">Seminar on Ireland &amp; the EU: Half a Century of Evolution<\/a><time datetime=\"2025-10-01T14:09:36+02:00\" class=\"wp-block-latest-posts__post-date\">1 d&#8217;octubre de 2025<\/time><div class=\"wp-block-latest-posts__post-excerpt\">We are delighted to host Prof. Declan J. Walsh (University College Cork) for a conference on:\u201cIreland and the European Union \u2013 A Half a Century of Evolution: Exploring Ireland\u2019s Adoption\u2026 <a class=\"wp-block-latest-posts__read-more\" href=\"https:\/\/webs.uab.cat\/iuee\/2025\/10\/01\/seminar-on-ireland-the-eu-half-a-century-of-evolution\/\" rel=\"noopener noreferrer\">Llegiu-ne m\u00e9s<span class=\"screen-reader-text\">: Seminar on Ireland &amp; the EU: Half a Century of Evolution<\/span><\/a><\/div><\/li>\n<li><div class=\"wp-block-latest-posts__featured-image aligncenter\"><img loading=\"lazy\" decoding=\"async\" width=\"240\" height=\"300\" src=\"https:\/\/webs.uab.cat\/iuee\/wp-content\/uploads\/sites\/618\/2025\/09\/Imatge-de-WhatsApp-2025-09-19-a-les-09.36.24_26f6a006-240x300.jpg\" class=\"attachment-medium size-medium wp-post-image\" alt=\"\" style=\"\" srcset=\"https:\/\/webs.uab.cat\/iuee\/wp-content\/uploads\/sites\/618\/2025\/09\/Imatge-de-WhatsApp-2025-09-19-a-les-09.36.24_26f6a006-240x300.jpg 240w, https:\/\/webs.uab.cat\/iuee\/wp-content\/uploads\/sites\/618\/2025\/09\/Imatge-de-WhatsApp-2025-09-19-a-les-09.36.24_26f6a006-819x1024.jpg 819w, https:\/\/webs.uab.cat\/iuee\/wp-content\/uploads\/sites\/618\/2025\/09\/Imatge-de-WhatsApp-2025-09-19-a-les-09.36.24_26f6a006-768x960.jpg 768w, https:\/\/webs.uab.cat\/iuee\/wp-content\/uploads\/sites\/618\/2025\/09\/Imatge-de-WhatsApp-2025-09-19-a-les-09.36.24_26f6a006.jpg 1080w\" sizes=\"auto, (max-width: 240px) 100vw, 240px\" \/><\/div><a class=\"wp-block-latest-posts__post-title\" href=\"https:\/\/webs.uab.cat\/iuee\/2025\/09\/19\/seminar-european-economic-security-and-the-new-geopolitics\/\">Seminar &#8220;European Economic Security and the New Geopolitics&#8221;<\/a><time datetime=\"2025-09-19T11:16:48+02:00\" class=\"wp-block-latest-posts__post-date\">19 de setembre de 2025<\/time><div class=\"wp-block-latest-posts__post-excerpt\">Speaker: Prof. Ulf Sverdrup (Norwegian Business School)Date &amp; time: 7 November 2025, 12:00\u201313:30Venue: Sala de Juntas, Faculty of Law, Universitat Aut\u00f2noma de Barcelona (UAB)Organised by: UAB EUGLOB \u2013 Jean Monnet\u2026 <a class=\"wp-block-latest-posts__read-more\" href=\"https:\/\/webs.uab.cat\/iuee\/2025\/09\/19\/seminar-european-economic-security-and-the-new-geopolitics\/\" rel=\"noopener noreferrer\">Llegiu-ne m\u00e9s<span class=\"screen-reader-text\">: Seminar &#8220;European Economic Security and the New Geopolitics&#8221;<\/span><\/a><\/div><\/li>\n<\/ul>\n\n\n<p class=\"has-text-align-center\"><a href=\"https:\/\/webs.uab.cat\/iuee\/noticias\/\"><strong>Todas las noticias<\/strong><\/a><\/p>\n\n\n\n<p><\/p>\n","protected":false},"excerpt":{"rendered":"<p>Todas las noticias<\/p>\n","protected":false},"author":1385,"featured_media":0,"parent":0,"menu_order":0,"comment_status":"closed","ping_status":"closed","template":"","meta":{"footnotes":""},"class_list":["post-662","page","type-page","status-publish","hentry"],"_links":{"self":[{"href":"https:\/\/webs.uab.cat\/iuee\/wp-json\/wp\/v2\/pages\/662","targetHints":{"allow":["GET"]}}],"collection":[{"href":"https:\/\/webs.uab.cat\/iuee\/wp-json\/wp\/v2\/pages"}],"about":[{"href":"https:\/\/webs.uab.cat\/iuee\/wp-json\/wp\/v2\/types\/page"}],"author":[{"embeddable":true,"href":"https:\/\/webs.uab.cat\/iuee\/wp-json\/wp\/v2\/users\/1385"}],"replies":[{"embeddable":true,"href":"https:\/\/webs.uab.cat\/iuee\/wp-json\/wp\/v2\/comments?post=662"}],"version-history":[{"count":35,"href":"https:\/\/webs.uab.cat\/iuee\/wp-json\/wp\/v2\/pages\/662\/revisions"}],"predecessor-version":[{"id":724,"href":"https:\/\/webs.uab.cat\/iuee\/wp-json\/wp\/v2\/pages\/662\/revisions\/724"}],"wp:attachment":[{"href":"https:\/\/webs.uab.cat\/iuee\/wp-json\/wp\/v2\/media?parent=662"}],"curies":[{"name":"wp","href":"https:\/\/api.w.org\/{rel}","templated":true}]}}