{"id":96,"date":"2025-01-19T21:07:15","date_gmt":"2025-01-19T19:07:15","guid":{"rendered":"https:\/\/webs.uab.cat\/iuee\/?page_id=96"},"modified":"2025-01-19T21:08:53","modified_gmt":"2025-01-19T19:08:53","slug":"observatorio-de-justicia-climatica","status":"publish","type":"page","link":"https:\/\/webs.uab.cat\/iuee\/observatorio-de-justicia-climatica\/","title":{"rendered":"Observatorio\u00a0de\u00a0Justicia\u00a0Clim\u00e1tica"},"content":{"rendered":"\n<p>El\u00a0<strong>Observatorio\u00a0de\u00a0Justicia\u00a0Clim\u00e1tica\u00a0del IEE <\/strong>es un grupo de investigaci\u00f3n enfocado en cuestiones de\u00a0justicia\u00a0distributiva en materia\u00a0clim\u00e1tica.\u00a0<\/p>\n\n\n\n<p>Considerando que tanto en las causas de la crisis&nbsp;clim\u00e1tica&nbsp;y ecol\u00f3gica como en sus soluciones se produce una modificaci\u00f3n en la distribuci\u00f3n de cargas, beneficios y riesgos ambientales, que alteran las relaciones sociales, los ciclos naturales y la posibilidad de disfrute de los derechos humanos.&nbsp;<\/p>\n\n\n\n<p>La forma en que las pol\u00edticas p\u00fablicas a nivel local, nacional, comunitario e internacional toman en cuenta estos elementos en consideraci\u00f3n, las interconexiones entre los diversos niveles, as\u00ed como en los modos en que el derecho estructura tanto dichas relaciones como los arreglos institucionales y distributivos son el centro de la labor del&nbsp;observatorio.<\/p>\n\n\n\n<p>Los miembros del Observatorio son: &nbsp;<\/p>\n\n\n\n<ul class=\"wp-block-list\">\n<li><strong>Ezio Costa Cordella,<\/strong>\u00a0Doctor en Derecho por la Universidad de Chile. Profesor Asistente y subdirector del Centro de Derecho Ambiental (CDA) en la Universidad de Chile. Director Ejecutivo de la ONG FIMA. Investigador colaborador Institut d\u2019Estudis Europeus (IEE-UAB).\u00a0<\/li>\n\n\n\n<li><strong>Antoni Abat i Ninet,<\/strong>\u00a0Doctor en Derecho por la Universidad de Barcelona. Distinguished Researcher, Banco de Santander Talent Fellowship, Universitat Aut\u00f2noma de Barcelona (UAB), Investigador Institut d\u2019Estudis Europeus (IEE-UAB).\u00a0<\/li>\n\n\n\n<li>C<strong>lara Esteve-Jord\u00e0\u00a0<\/strong>es Doctora en Derecho por la Universidad Rovira i Virgili, investigadora postdoctoral en el Institut de Ci\u00e8ncia i Tecnologia Ambientals de la Universitat Aut\u00f2noma de Barcelona (ICTA-UAB). Tambi\u00e9n es investigadora asociada al Centre d\u2019Estudis de Dret Ambiental de Tarragona (CEDAT). \u00a0<\/li>\n\n\n\n<li><strong>Jorge Pi\u00f1era \u00c1lvarez<\/strong>, Doctor (c) en Derecho, Universitat Aut\u00f2noma de Barcelona (UAB) ; Investigador predoctoral, Institut d\u2019Estudis Europeus (IEE-UAB).<\/li>\n<\/ul>\n","protected":false},"excerpt":{"rendered":"<p>El\u00a0Observatorio\u00a0de\u00a0Justicia\u00a0Clim\u00e1tica\u00a0del IEE es un grupo de investigaci\u00f3n enfocado en cuestiones de\u00a0justicia\u00a0distributiva en materia\u00a0clim\u00e1tica.\u00a0 Considerando que tanto en las causas de la crisis&nbsp;clim\u00e1tica&nbsp;y ecol\u00f3gica como en sus soluciones se produce una modificaci\u00f3n en la distribuci\u00f3n de cargas, beneficios y riesgos ambientales, que alteran las relaciones sociales, los ciclos naturales y la posibilidad de disfrute de los [&hellip;]<\/p>\n","protected":false},"author":1385,"featured_media":0,"parent":0,"menu_order":0,"comment_status":"closed","ping_status":"closed","template":"","meta":{"footnotes":""},"class_list":["post-96","page","type-page","status-publish","hentry"],"_links":{"self":[{"href":"https:\/\/webs.uab.cat\/iuee\/wp-json\/wp\/v2\/pages\/96","targetHints":{"allow":["GET"]}}],"collection":[{"href":"https:\/\/webs.uab.cat\/iuee\/wp-json\/wp\/v2\/pages"}],"about":[{"href":"https:\/\/webs.uab.cat\/iuee\/wp-json\/wp\/v2\/types\/page"}],"author":[{"embeddable":true,"href":"https:\/\/webs.uab.cat\/iuee\/wp-json\/wp\/v2\/users\/1385"}],"replies":[{"embeddable":true,"href":"https:\/\/webs.uab.cat\/iuee\/wp-json\/wp\/v2\/comments?post=96"}],"version-history":[{"count":3,"href":"https:\/\/webs.uab.cat\/iuee\/wp-json\/wp\/v2\/pages\/96\/revisions"}],"predecessor-version":[{"id":100,"href":"https:\/\/webs.uab.cat\/iuee\/wp-json\/wp\/v2\/pages\/96\/revisions\/100"}],"wp:attachment":[{"href":"https:\/\/webs.uab.cat\/iuee\/wp-json\/wp\/v2\/media?parent=96"}],"curies":[{"name":"wp","href":"https:\/\/api.w.org\/{rel}","templated":true}]}}

Observatorio de Justicia Climática

<p>El <strong>Observatorio de Justicia Climática del IEE </strong>es un grupo de investigación enfocado en cuestiones de justicia distributiva en materia climática. </p>



<p>Considerando que tanto en las causas de la crisis&nbsp;climática&nbsp;y ecológica como en sus soluciones se produce una modificación en la distribución de cargas, beneficios y riesgos ambientales, que alteran las relaciones sociales, los ciclos naturales y la posibilidad de disfrute de los derechos humanos.&nbsp;</p>



<p>La forma en que las políticas públicas a nivel local, nacional, comunitario e internacional toman en cuenta estos elementos en consideración, las interconexiones entre los diversos niveles, así como en los modos en que el derecho estructura tanto dichas relaciones como los arreglos institucionales y distributivos son el centro de la labor del&nbsp;observatorio.</p>



<p>Los miembros del Observatorio son: &nbsp;</p>



<ul class="wp-block-list">
<li><strong>Ezio Costa Cordella,</strong> Doctor en Derecho por la Universidad de Chile. Profesor Asistente y subdirector del Centro de Derecho Ambiental (CDA) en la Universidad de Chile. Director Ejecutivo de la ONG FIMA. Investigador colaborador Institut d’Estudis Europeus (IEE-UAB). </li>



<li><strong>Antoni Abat i Ninet,</strong> Doctor en Derecho por la Universidad de Barcelona. Distinguished Researcher, Banco de Santander Talent Fellowship, Universitat Autònoma de Barcelona (UAB), Investigador Institut d’Estudis Europeus (IEE-UAB). </li>



<li>C<strong>lara Esteve-Jordà </strong>es Doctora en Derecho por la Universidad Rovira i Virgili, investigadora postdoctoral en el Institut de Ciència i Tecnologia Ambientals de la Universitat Autònoma de Barcelona (ICTA-UAB). También es investigadora asociada al Centre d’Estudis de Dret Ambiental de Tarragona (CEDAT).  </li>



<li><strong>Jorge Piñera Álvarez</strong>, Doctor (c) en Derecho, Universitat Autònoma de Barcelona (UAB) ; Investigador predoctoral, Institut d’Estudis Europeus (IEE-UAB).</li>
</ul>

<p>El Observatorio de Justicia Climática del IEE es un grupo de investigación enfocado en cuestiones de justicia distributiva en materia climática.  Considerando que tanto en las causas de la crisis&nbsp;climática&nbsp;y ecológica como en sus soluciones se produce una modificación en la distribución de cargas, beneficios y riesgos ambientales, que alteran las relaciones sociales, los ciclos naturales y la posibilidad de disfrute de los [&hellip;]</p>
