{"id":224,"date":"2015-12-22T15:28:52","date_gmt":"2015-12-22T15:28:52","guid":{"rendered":"http:\/\/blogs.uab.cat\/iulialibica\/?page_id=224"},"modified":"2015-12-22T15:28:52","modified_gmt":"2015-12-22T15:28:52","slug":"ceramica-fina","status":"publish","type":"page","link":"https:\/\/webs.uab.cat\/iulialibica\/materials-arqueologics\/ceramica-fina\/","title":{"rendered":"Cer\u00e0mica fina"},"content":{"rendered":"<p>Encara estem a una etapa molt preliminar de l\u2019estudi de la circulaci\u00f3 de cer\u00e0mica fina al municipi, ja que no disposem de suficients mostres d\u2019estrats de tots els per\u00edodes d\u2019ocupaci\u00f3. Aix\u00f2 si, hi ha unes primeres hip\u00f2tesis de treballs sobre els diversos contextos temporals i el predomini de determinades produccions.<\/p>\n<p>En primer lloc, de forma molt residual tenim representaci\u00f3 de cer\u00e0mica Campaniana, predominantment B, amb alguna A, en els contextos m\u00e9s antics de les excavacions, acompanyant cer\u00e0mica ib\u00e8rica oxidada i redu\u00efda, amb alguns exemples de <em>kalathos<\/em> pintats. Aix\u00f2 suposa l\u2019exist\u00e8ncia d\u2019un substrat ind\u00edgena del segle I aC abans de la fundaci\u00f3 de la ciutat en la 2\u00aa meitat del segle I aC. De l\u2019etapa fundacional d\u2019aquesta 2\u00aa meitat del segle I aC, es disposa d\u2019una bona representaci\u00f3 de cer\u00e0miques aretines, i algunes pre-aretines.<\/p>\n<figure id=\"attachment_266\" aria-describedby=\"caption-attachment-266\" style=\"width: 413px\" class=\"wp-caption aligncenter\"><a href=\"https:\/\/webs.uab.cat\/iulialibica\/wp-content\/uploads\/sites\/91\/2015\/12\/sigillata.jpg\"><img loading=\"lazy\" decoding=\"async\" class=\" wp-image-266\" src=\"https:\/\/webs.uab.cat\/iulialibica\/wp-content\/uploads\/sites\/91\/2015\/12\/sigillata-300x213.jpg\" alt=\"Terra Sigillata\" width=\"413\" height=\"293\" srcset=\"https:\/\/webs.uab.cat\/iulialibica\/wp-content\/uploads\/sites\/91\/2015\/12\/sigillata-300x213.jpg 300w, https:\/\/webs.uab.cat\/iulialibica\/wp-content\/uploads\/sites\/91\/2015\/12\/sigillata.jpg 351w\" sizes=\"auto, (max-width: 413px) 100vw, 413px\" \/><\/a><figcaption id=\"caption-attachment-266\" class=\"wp-caption-text\">Terra Sigillata<\/figcaption><\/figure>\n<p>Pel que fa al segle I dC mostra un excepcional predomini de la terra sigillata sudg\u00e0l\u00b7lica\u00a0 de tallers de la Graufesenque \u2013 que ja indicava Campillo i Borr\u00e0s (1996) \u2013 que estaria en relaci\u00f3 a la situaci\u00f3 geogr\u00e0fica propera als circuits de comunicaci\u00f3 del sud de la G\u00e0l\u00b7lia.<\/p>\n<figure id=\"attachment_267\" aria-describedby=\"caption-attachment-267\" style=\"width: 405px\" class=\"wp-caption aligncenter\"><a href=\"https:\/\/webs.uab.cat\/iulialibica\/wp-content\/uploads\/sites\/91\/2015\/12\/TSG_Dech_67.jpg\"><img loading=\"lazy\" decoding=\"async\" class=\" wp-image-267\" src=\"https:\/\/webs.uab.cat\/iulialibica\/wp-content\/uploads\/sites\/91\/2015\/12\/TSG_Dech_67-300x225.jpg\" alt=\"Dech\u00e9let 67 de les campanyes de 2015\" width=\"405\" height=\"304\" srcset=\"https:\/\/webs.uab.cat\/iulialibica\/wp-content\/uploads\/sites\/91\/2015\/12\/TSG_Dech_67-300x225.jpg 300w, https:\/\/webs.uab.cat\/iulialibica\/wp-content\/uploads\/sites\/91\/2015\/12\/TSG_Dech_67.jpg 304w\" sizes=\"auto, (max-width: 405px) 100vw, 405px\" \/><\/a><figcaption id=\"caption-attachment-267\" class=\"wp-caption-text\">Dech\u00e9let 67 de les campanyes de 2015<\/figcaption><\/figure>\n<p>Del segle II-III dC disposem pocs contextos en els quals apareix un bon nombre de TS Hisp\u00e0nica, segurament de tallers locals, i encara importacions de terra sigillata gal\u00b7la. No apareixen gaires cer\u00e0miques TS Clara A africana. \u00c9s potser el per\u00edode menys conegut, i subjecte a investigaci\u00f3.<\/p>\n<figure id=\"attachment_67\" aria-describedby=\"caption-attachment-67\" style=\"width: 404px\" class=\"wp-caption aligncenter\"><a href=\"https:\/\/webs.uab.cat\/iulialibica\/wp-content\/uploads\/sites\/91\/2015\/12\/hort_rectoria_TSH_Drag_27.jpg\"><img loading=\"lazy\" decoding=\"async\" class=\" wp-image-67\" src=\"https:\/\/webs.uab.cat\/iulialibica\/wp-content\/uploads\/sites\/91\/2015\/12\/hort_rectoria_TSH_Drag_27.jpg\" alt=\"TSH Drag. 27 d'Hort de la Rectoria\" width=\"404\" height=\"276\" \/><\/a><figcaption id=\"caption-attachment-67\" class=\"wp-caption-text\">TSH Drag. 27 d&#8217;Hort de la Rectoria<\/figcaption><\/figure>\n<p>A partir del segle IV dC comencen a apar\u00e8ixer TS Clara africana D, si b\u00e9 amb pocs exemplars documentats, la qual cosa demostraria la dificultat per aprovisionar-se d\u2019aquests productes en aquestes dates.<\/p>\n","protected":false},"excerpt":{"rendered":"<p>Encara estem a una etapa molt preliminar de l\u2019estudi de la circulaci\u00f3 de cer\u00e0mica fina al municipi, ja que no disposem de suficients mostres d\u2019estrats de tots els per\u00edodes d\u2019ocupaci\u00f3. Aix\u00f2 si, hi ha unes primeres hip\u00f2tesis de treballs sobre els diversos contextos temporals i el predomini de determinades produccions. En primer lloc, de forma [&hellip;]<\/p>\n","protected":false},"author":70,"featured_media":0,"parent":82,"menu_order":3,"comment_status":"closed","ping_status":"closed","template":"","meta":{"footnotes":""},"class_list":["post-224","page","type-page","status-publish","hentry"],"_links":{"self":[{"href":"https:\/\/webs.uab.cat\/iulialibica\/wp-json\/wp\/v2\/pages\/224","targetHints":{"allow":["GET"]}}],"collection":[{"href":"https:\/\/webs.uab.cat\/iulialibica\/wp-json\/wp\/v2\/pages"}],"about":[{"href":"https:\/\/webs.uab.cat\/iulialibica\/wp-json\/wp\/v2\/types\/page"}],"author":[{"embeddable":true,"href":"https:\/\/webs.uab.cat\/iulialibica\/wp-json\/wp\/v2\/users\/70"}],"replies":[{"embeddable":true,"href":"https:\/\/webs.uab.cat\/iulialibica\/wp-json\/wp\/v2\/comments?post=224"}],"version-history":[{"count":0,"href":"https:\/\/webs.uab.cat\/iulialibica\/wp-json\/wp\/v2\/pages\/224\/revisions"}],"up":[{"embeddable":true,"href":"https:\/\/webs.uab.cat\/iulialibica\/wp-json\/wp\/v2\/pages\/82"}],"wp:attachment":[{"href":"https:\/\/webs.uab.cat\/iulialibica\/wp-json\/wp\/v2\/media?parent=224"}],"curies":[{"name":"wp","href":"https:\/\/api.w.org\/{rel}","templated":true}]}}

Ceràmica fina

<p>Encara estem a una etapa molt preliminar de l’estudi de la circulació de ceràmica fina al municipi, ja que no disposem de suficients mostres d’estrats de tots els períodes d’ocupació. Això si, hi ha unes primeres hipòtesis de treballs sobre els diversos contextos temporals i el predomini de determinades produccions.</p>
<p>En primer lloc, de forma molt residual tenim representació de ceràmica Campaniana, predominantment B, amb alguna A, en els contextos més antics de les excavacions, acompanyant ceràmica ibèrica oxidada i reduïda, amb alguns exemples de <em>kalathos</em> pintats. Això suposa l’existència d’un substrat indígena del segle I aC abans de la fundació de la ciutat en la 2ª meitat del segle I aC. De l’etapa fundacional d’aquesta 2ª meitat del segle I aC, es disposa d’una bona representació de ceràmiques aretines, i algunes pre-aretines.</p>
<figure id="attachment_266" aria-describedby="caption-attachment-266" style="width: 413px" class="wp-caption aligncenter"><a href="https://webs.uab.cat/iulialibica/wp-content/uploads/sites/91/2015/12/sigillata.jpg"><img loading="lazy" decoding="async" class=" wp-image-266" src="https://webs.uab.cat/iulialibica/wp-content/uploads/sites/91/2015/12/sigillata-300x213.jpg" alt="Terra Sigillata" width="413" height="293" srcset="https://webs.uab.cat/iulialibica/wp-content/uploads/sites/91/2015/12/sigillata-300x213.jpg 300w, https://webs.uab.cat/iulialibica/wp-content/uploads/sites/91/2015/12/sigillata.jpg 351w" sizes="auto, (max-width: 413px) 100vw, 413px" /></a><figcaption id="caption-attachment-266" class="wp-caption-text">Terra Sigillata</figcaption></figure>
<p>Pel que fa al segle I dC mostra un excepcional predomini de la terra sigillata sudgàl·lica  de tallers de la Graufesenque – que ja indicava Campillo i Borràs (1996) – que estaria en relació a la situació geogràfica propera als circuits de comunicació del sud de la Gàl·lia.</p>
<figure id="attachment_267" aria-describedby="caption-attachment-267" style="width: 405px" class="wp-caption aligncenter"><a href="https://webs.uab.cat/iulialibica/wp-content/uploads/sites/91/2015/12/TSG_Dech_67.jpg"><img loading="lazy" decoding="async" class=" wp-image-267" src="https://webs.uab.cat/iulialibica/wp-content/uploads/sites/91/2015/12/TSG_Dech_67-300x225.jpg" alt="Dechélet 67 de les campanyes de 2015" width="405" height="304" srcset="https://webs.uab.cat/iulialibica/wp-content/uploads/sites/91/2015/12/TSG_Dech_67-300x225.jpg 300w, https://webs.uab.cat/iulialibica/wp-content/uploads/sites/91/2015/12/TSG_Dech_67.jpg 304w" sizes="auto, (max-width: 405px) 100vw, 405px" /></a><figcaption id="caption-attachment-267" class="wp-caption-text">Dechélet 67 de les campanyes de 2015</figcaption></figure>
<p>Del segle II-III dC disposem pocs contextos en els quals apareix un bon nombre de TS Hispànica, segurament de tallers locals, i encara importacions de terra sigillata gal·la. No apareixen gaires ceràmiques TS Clara A africana. És potser el període menys conegut, i subjecte a investigació.</p>
<figure id="attachment_67" aria-describedby="caption-attachment-67" style="width: 404px" class="wp-caption aligncenter"><a href="https://webs.uab.cat/iulialibica/wp-content/uploads/sites/91/2015/12/hort_rectoria_TSH_Drag_27.jpg"><img loading="lazy" decoding="async" class=" wp-image-67" src="https://webs.uab.cat/iulialibica/wp-content/uploads/sites/91/2015/12/hort_rectoria_TSH_Drag_27.jpg" alt="TSH Drag. 27 d'Hort de la Rectoria" width="404" height="276" /></a><figcaption id="caption-attachment-67" class="wp-caption-text">TSH Drag. 27 d&#8217;Hort de la Rectoria</figcaption></figure>
<p>A partir del segle IV dC comencen a aparèixer TS Clara africana D, si bé amb pocs exemplars documentats, la qual cosa demostraria la dificultat per aprovisionar-se d’aquests productes en aquestes dates.</p>

<p>Encara estem a una etapa molt preliminar de l’estudi de la circulació de ceràmica fina al municipi, ja que no disposem de suficients mostres d’estrats de tots els períodes d’ocupació. Això si, hi ha unes primeres hipòtesis de treballs sobre els diversos contextos temporals i el predomini de determinades produccions. En primer lloc, de forma [&hellip;]</p>
