{"id":327,"date":"2016-11-10T14:47:44","date_gmt":"2016-11-10T14:47:44","guid":{"rendered":"http:\/\/blogs.uab.cat\/iulialibica\/?page_id=327"},"modified":"2016-11-10T14:47:44","modified_gmt":"2016-11-10T14:47:44","slug":"resistivitat-puig-castell-2016","status":"publish","type":"page","link":"https:\/\/webs.uab.cat\/iulialibica\/intervencions-recents\/prospeccions-geofisiques\/resistivitat-puig-castell-2016\/","title":{"rendered":"Resistivitat Puig Castell 2016"},"content":{"rendered":"<p>El mes de maig de 2016 vam ampliar la nostra \u00e0rea d\u2019estudi completant una prospecci\u00f3 geof\u00edsica \u2013 resistivitat el\u00e8ctrica \u2013 en el tur\u00f3 de Puig Castell. Amb motiu de les excavacions de l\u2019antic castell medieval i modern del tur\u00f3 de Ll\u00edvia, s\u2019havien identificat materials medievals, i antics fins i tot romans d\u2019\u00e8poca republicana i ib\u00e8rics. Per aquesta ra\u00f3, vam dissenyar la prospecci\u00f3 de dos quadres de 30 x 30 en una esplanada que es troba a la vessant sud del turo davant del castell.<\/p>\n<figure id=\"attachment_330\" aria-describedby=\"caption-attachment-330\" style=\"width: 300px\" class=\"wp-caption aligncenter\"><a href=\"https:\/\/webs.uab.cat\/iulialibica\/wp-content\/uploads\/sites\/91\/2016\/11\/IMG_6690.jpg\"><img loading=\"lazy\" decoding=\"async\" class=\"size-medium wp-image-330\" src=\"https:\/\/webs.uab.cat\/iulialibica\/wp-content\/uploads\/sites\/91\/2016\/11\/IMG_6690-300x200.jpg\" alt=\"Esplanada prospectada davant del Castell\" width=\"300\" height=\"200\" srcset=\"https:\/\/webs.uab.cat\/iulialibica\/wp-content\/uploads\/sites\/91\/2016\/11\/IMG_6690-300x200.jpg 300w, https:\/\/webs.uab.cat\/iulialibica\/wp-content\/uploads\/sites\/91\/2016\/11\/IMG_6690.jpg 567w\" sizes=\"auto, (max-width: 300px) 100vw, 300px\" \/><\/a><figcaption id=\"caption-attachment-330\" class=\"wp-caption-text\">Esplanada prospectada davant del Castell<\/figcaption><\/figure>\n<p>El dia 16 de maig vam fer una primera prospecci\u00f3 geof\u00edsica de resistivitat el\u00e8ctrica amb un Geoscan RM-15D de la plana que es troba davant de l\u2019entrada de l\u2019actual castell d\u2019\u00e8poca moderna. L\u2019espai presenta un lleuger relleu, i\u00a0 a m\u00e9s concentrava enderrocs del fossar de l\u2019antiga fortalesa, la qual cosa ens generava alguna anomalia artificial.<\/p>\n<figure id=\"attachment_331\" aria-describedby=\"caption-attachment-331\" style=\"width: 300px\" class=\"wp-caption aligncenter\"><a href=\"https:\/\/webs.uab.cat\/iulialibica\/wp-content\/uploads\/sites\/91\/2016\/11\/IMG_6717.jpg\"><img loading=\"lazy\" decoding=\"async\" class=\"size-medium wp-image-331\" src=\"https:\/\/webs.uab.cat\/iulialibica\/wp-content\/uploads\/sites\/91\/2016\/11\/IMG_6717-300x200.jpg\" alt=\"Prospecci\u00f3 resistivitat amb el RM-15D\" width=\"300\" height=\"200\" srcset=\"https:\/\/webs.uab.cat\/iulialibica\/wp-content\/uploads\/sites\/91\/2016\/11\/IMG_6717-300x200.jpg 300w, https:\/\/webs.uab.cat\/iulialibica\/wp-content\/uploads\/sites\/91\/2016\/11\/IMG_6717.jpg 567w\" sizes=\"auto, (max-width: 300px) 100vw, 300px\" \/><\/a><figcaption id=\"caption-attachment-331\" class=\"wp-caption-text\">Prospecci\u00f3 resistivitat amb el RM-15D<\/figcaption><\/figure>\n<p>Malgrat aix\u00f2, els resultats de la prospecci\u00f3 van mostrar un conjunt d\u2019anomalies lineals que segurament representen murs, o construccions. Hores d\u2019ara no sabem a quin per\u00edode pertanyen aquestes possibles restes constructives. Ser\u00e0 a partir d\u2019un futur sondeig que completarem la informaci\u00f3 sobre l\u2019arqueologia del tur\u00f3 de Puig Castell.<\/p>\n<figure id=\"attachment_328\" aria-describedby=\"caption-attachment-328\" style=\"width: 366px\" class=\"wp-caption aligncenter\"><a href=\"https:\/\/webs.uab.cat\/iulialibica\/wp-content\/uploads\/sites\/91\/2016\/11\/Puig_Castell_interpre_low.jpg\"><img loading=\"lazy\" decoding=\"async\" class=\" wp-image-328\" src=\"https:\/\/webs.uab.cat\/iulialibica\/wp-content\/uploads\/sites\/91\/2016\/11\/Puig_Castell_interpre_low-300x151.jpg\" alt=\"Resultats de la prospecci\u00f3 geof\u00edsica - resistivitat RM-15D\" width=\"366\" height=\"184\" srcset=\"https:\/\/webs.uab.cat\/iulialibica\/wp-content\/uploads\/sites\/91\/2016\/11\/Puig_Castell_interpre_low-300x151.jpg 300w, https:\/\/webs.uab.cat\/iulialibica\/wp-content\/uploads\/sites\/91\/2016\/11\/Puig_Castell_interpre_low-1024x514.jpg 1024w, https:\/\/webs.uab.cat\/iulialibica\/wp-content\/uploads\/sites\/91\/2016\/11\/Puig_Castell_interpre_low-768x386.jpg 768w, https:\/\/webs.uab.cat\/iulialibica\/wp-content\/uploads\/sites\/91\/2016\/11\/Puig_Castell_interpre_low-1536x771.jpg 1536w, https:\/\/webs.uab.cat\/iulialibica\/wp-content\/uploads\/sites\/91\/2016\/11\/Puig_Castell_interpre_low-2048x1028.jpg 2048w, https:\/\/webs.uab.cat\/iulialibica\/wp-content\/uploads\/sites\/91\/2016\/11\/Puig_Castell_interpre_low-1200x602.jpg 1200w, https:\/\/webs.uab.cat\/iulialibica\/wp-content\/uploads\/sites\/91\/2016\/11\/Puig_Castell_interpre_low-1980x994.jpg 1980w\" sizes=\"auto, (max-width: 366px) 100vw, 366px\" \/><\/a><figcaption id=\"caption-attachment-328\" class=\"wp-caption-text\">Resultats de la prospecci\u00f3 geof\u00edsica &#8211; resistivitat RM-15D<\/figcaption><\/figure>\n","protected":false},"excerpt":{"rendered":"<p>El mes de maig de 2016 vam ampliar la nostra \u00e0rea d\u2019estudi completant una prospecci\u00f3 geof\u00edsica \u2013 resistivitat el\u00e8ctrica \u2013 en el tur\u00f3 de Puig Castell. Amb motiu de les excavacions de l\u2019antic castell medieval i modern del tur\u00f3 de Ll\u00edvia, s\u2019havien identificat materials medievals, i antics fins i tot romans d\u2019\u00e8poca republicana i ib\u00e8rics. [&hellip;]<\/p>\n","protected":false},"author":70,"featured_media":0,"parent":76,"menu_order":2,"comment_status":"closed","ping_status":"closed","template":"","meta":{"footnotes":""},"class_list":["post-327","page","type-page","status-publish","hentry"],"_links":{"self":[{"href":"https:\/\/webs.uab.cat\/iulialibica\/wp-json\/wp\/v2\/pages\/327","targetHints":{"allow":["GET"]}}],"collection":[{"href":"https:\/\/webs.uab.cat\/iulialibica\/wp-json\/wp\/v2\/pages"}],"about":[{"href":"https:\/\/webs.uab.cat\/iulialibica\/wp-json\/wp\/v2\/types\/page"}],"author":[{"embeddable":true,"href":"https:\/\/webs.uab.cat\/iulialibica\/wp-json\/wp\/v2\/users\/70"}],"replies":[{"embeddable":true,"href":"https:\/\/webs.uab.cat\/iulialibica\/wp-json\/wp\/v2\/comments?post=327"}],"version-history":[{"count":0,"href":"https:\/\/webs.uab.cat\/iulialibica\/wp-json\/wp\/v2\/pages\/327\/revisions"}],"up":[{"embeddable":true,"href":"https:\/\/webs.uab.cat\/iulialibica\/wp-json\/wp\/v2\/pages\/76"}],"wp:attachment":[{"href":"https:\/\/webs.uab.cat\/iulialibica\/wp-json\/wp\/v2\/media?parent=327"}],"curies":[{"name":"wp","href":"https:\/\/api.w.org\/{rel}","templated":true}]}}