{"id":412,"date":"2019-01-20T07:26:04","date_gmt":"2019-01-20T07:26:04","guid":{"rendered":"http:\/\/blogs.uab.cat\/iulialibica\/?page_id=412"},"modified":"2019-01-20T07:26:04","modified_gmt":"2019-01-20T07:26:04","slug":"projecte-2018-2021","status":"publish","type":"page","link":"https:\/\/webs.uab.cat\/iulialibica\/pagina-exemple-2\/projecte-2018-2021\/","title":{"rendered":"Projecte 2018-2021"},"content":{"rendered":"<p>Es preveu, entre els anys 2018 i 2021, efectuar treballs de camp d\u00b4excavaci\u00f3 de dos mesos totals de durada per any, preferentment entre els mesos de juliol i octubre, que podrien implicar tamb\u00e9 alguna nova prospecci\u00f3 geof\u00edsica de tipus m\u00e9s puntual i localitzat. S`ha de tenir en compte que, en circumst\u00e0ncies normals, els treballs d\u2019excavaci\u00f3 mantindrien el seu ritme fins la fi del Pla Quadriennal, mentre els sondejos anirien disminuint progressivament, amb la reducci\u00f3 de la superf\u00edcie a prospectar.<\/p>\n<figure id=\"attachment_418\" aria-describedby=\"caption-attachment-418\" style=\"width: 426px\" class=\"wp-caption aligncenter\"><a href=\"https:\/\/webs.uab.cat\/iulialibica\/wp-content\/uploads\/sites\/91\/2019\/01\/PLANOL-2.jpg\"><img loading=\"lazy\" decoding=\"async\" class=\" wp-image-418\" src=\"https:\/\/webs.uab.cat\/iulialibica\/wp-content\/uploads\/sites\/91\/2019\/01\/PLANOL-2-300x212.jpg\" alt=\"\" width=\"426\" height=\"301\" srcset=\"https:\/\/webs.uab.cat\/iulialibica\/wp-content\/uploads\/sites\/91\/2019\/01\/PLANOL-2-300x212.jpg 300w, https:\/\/webs.uab.cat\/iulialibica\/wp-content\/uploads\/sites\/91\/2019\/01\/PLANOL-2-1024x724.jpg 1024w, https:\/\/webs.uab.cat\/iulialibica\/wp-content\/uploads\/sites\/91\/2019\/01\/PLANOL-2-768x543.jpg 768w, https:\/\/webs.uab.cat\/iulialibica\/wp-content\/uploads\/sites\/91\/2019\/01\/PLANOL-2-1536x1086.jpg 1536w, https:\/\/webs.uab.cat\/iulialibica\/wp-content\/uploads\/sites\/91\/2019\/01\/PLANOL-2-2048x1447.jpg 2048w, https:\/\/webs.uab.cat\/iulialibica\/wp-content\/uploads\/sites\/91\/2019\/01\/PLANOL-2-1200x848.jpg 1200w, https:\/\/webs.uab.cat\/iulialibica\/wp-content\/uploads\/sites\/91\/2019\/01\/PLANOL-2-1980x1399.jpg 1980w\" sizes=\"auto, (max-width: 426px) 100vw, 426px\" \/><\/a><figcaption id=\"caption-attachment-418\" class=\"wp-caption-text\">Pl\u00e0nol de la zona del f\u00f2rum a l&#8217;any 2018<\/figcaption><\/figure>\n<p>Donat que la part central del f\u00f2rum coincideix amb la pres\u00e8ncia d\u2019un carrer que el travessa de nord a sud, juntament amb canalitzacions i d\u2019altres serveis, una de les primeres accions de l\u2019Ajuntament en l\u2019any 2018 ser\u00e0 canviar l\u2019itinerari d\u2019aquest carrer per tal que rodegi el f\u00f2rum per la seva vessant oriental per enlla\u00e7ar amb el C\/Iulia Libica. Aquest canvi urban\u00edstic permetr\u00e0 excavar tota la part central del f\u00f2rum, i fins i tot ampliar l\u2019espai d\u2019intervenci\u00f3 a una part de la sagrera de la parr\u00f2quia de la Mare de D\u00e9u, i poder excavar el temple en tota la seva amplitud. Per tant, un cop es modifiqui la circulaci\u00f3 d\u2019aquest carrer, les condicions milloraran per permetre un excavaci\u00f3 en extensi\u00f3.<\/p>\n<p>Un cop confirmat que es tracta d\u2019un f\u00f2rum, les intervencions de la quadriennal 2018-2021 tenen com a objectius:<\/p>\n<ul>\n<li>Completar l\u2019excavaci\u00f3 del temple juntament amb totes les construccions tardanes posteriors que s\u2019adossen en ell<\/li>\n<li>Acabar d\u2019entendre la funci\u00f3 de l\u2019exedra i el possible aterrassament artificial d\u2019aquesta part del f\u00f2rum<\/li>\n<li>Completar el coneixement del l\u00edmit sud i oest del f\u00f2rum amb sondeigs puntuals a llocs en qu\u00e8 s\u2019identificaven anomalies geof\u00edsiques (veure figura 16). La zona sud \u00e9s de dif\u00edcil intervenci\u00f3 per\u00f2 es podrien fer sondeigs en el carrer de la Colomina, paral\u00b7lel al C\/Iulia L\u00edbica<\/li>\n<li>Identificar els sistemes de gesti\u00f3 de les aig\u00fces dins del f\u00f2rum<\/li>\n<li>Analitzar el possible urbanisme a l\u2019exterior del f\u00f2rum, per la qual cosa es far\u00e0 algun sondeig a la zona de Puig Castell<\/li>\n<\/ul>\n<figure id=\"attachment_419\" aria-describedby=\"caption-attachment-419\" style=\"width: 542px\" class=\"wp-caption aligncenter\"><a href=\"https:\/\/webs.uab.cat\/iulialibica\/wp-content\/uploads\/sites\/91\/2019\/01\/Bebop_201809241336500200-3.jpg\"><img loading=\"lazy\" decoding=\"async\" class=\" wp-image-419\" src=\"https:\/\/webs.uab.cat\/iulialibica\/wp-content\/uploads\/sites\/91\/2019\/01\/Bebop_201809241336500200-3-300x169.jpg\" alt=\"\" width=\"542\" height=\"305\" srcset=\"https:\/\/webs.uab.cat\/iulialibica\/wp-content\/uploads\/sites\/91\/2019\/01\/Bebop_201809241336500200-3-300x169.jpg 300w, https:\/\/webs.uab.cat\/iulialibica\/wp-content\/uploads\/sites\/91\/2019\/01\/Bebop_201809241336500200-3-1024x576.jpg 1024w, https:\/\/webs.uab.cat\/iulialibica\/wp-content\/uploads\/sites\/91\/2019\/01\/Bebop_201809241336500200-3-768x432.jpg 768w, https:\/\/webs.uab.cat\/iulialibica\/wp-content\/uploads\/sites\/91\/2019\/01\/Bebop_201809241336500200-3-1536x864.jpg 1536w, https:\/\/webs.uab.cat\/iulialibica\/wp-content\/uploads\/sites\/91\/2019\/01\/Bebop_201809241336500200-3-1200x675.jpg 1200w, https:\/\/webs.uab.cat\/iulialibica\/wp-content\/uploads\/sites\/91\/2019\/01\/Bebop_201809241336500200-3.jpg 1920w\" sizes=\"auto, (max-width: 542px) 100vw, 542px\" \/><\/a><figcaption id=\"caption-attachment-419\" class=\"wp-caption-text\">Imatge de dron 2018<\/figcaption><\/figure>\n<p>Al costat dels treballs d\u2019excavaci\u00f3, que poden implicar la descoberta de noves estructures, considerem del tot decisiu procedir a la seva consolidaci\u00f3 arqueol\u00f2gica de forma paral\u00b7lela i complement\u00e0ria a la pr\u00f2pia investigaci\u00f3. Es tracta d\u2019un objectiu b\u00e0sic per evitar la seva progressiva degradaci\u00f3, i facilitar al mateix temps una lectura entenedora del conjunt. Aquesta consolidaci\u00f3 i recreixement puntual de l\u2019al\u00e7at i el coronament de les estructures m\u00e9s malmeses s\u2019efectuar\u00e0 emprant la mateixa pedra procedent dels nivells d\u2019enderroc de l\u2019excavaci\u00f3, lligada amb morter biocalce. Es preveu realitzar una campanya de consolidaci\u00f3 anual entre els mesos d\u2019estiu i tardor, en funci\u00f3 dels volum d\u2019estructures aparegudes, i tamb\u00e9 fer el manteniment del conjunt.<\/p>\n","protected":false},"excerpt":{"rendered":"<p>Es preveu, entre els anys 2018 i 2021, efectuar treballs de camp d\u00b4excavaci\u00f3 de dos mesos totals de durada per any, preferentment entre els mesos de juliol i octubre, que podrien implicar tamb\u00e9 alguna nova prospecci\u00f3 geof\u00edsica de tipus m\u00e9s puntual i localitzat. S`ha de tenir en compte que, en circumst\u00e0ncies normals, els treballs d\u2019excavaci\u00f3 [&hellip;]<\/p>\n","protected":false},"author":70,"featured_media":0,"parent":590,"menu_order":2,"comment_status":"closed","ping_status":"closed","template":"","meta":{"footnotes":""},"class_list":["post-412","page","type-page","status-publish","hentry"],"_links":{"self":[{"href":"https:\/\/webs.uab.cat\/iulialibica\/wp-json\/wp\/v2\/pages\/412","targetHints":{"allow":["GET"]}}],"collection":[{"href":"https:\/\/webs.uab.cat\/iulialibica\/wp-json\/wp\/v2\/pages"}],"about":[{"href":"https:\/\/webs.uab.cat\/iulialibica\/wp-json\/wp\/v2\/types\/page"}],"author":[{"embeddable":true,"href":"https:\/\/webs.uab.cat\/iulialibica\/wp-json\/wp\/v2\/users\/70"}],"replies":[{"embeddable":true,"href":"https:\/\/webs.uab.cat\/iulialibica\/wp-json\/wp\/v2\/comments?post=412"}],"version-history":[{"count":0,"href":"https:\/\/webs.uab.cat\/iulialibica\/wp-json\/wp\/v2\/pages\/412\/revisions"}],"up":[{"embeddable":true,"href":"https:\/\/webs.uab.cat\/iulialibica\/wp-json\/wp\/v2\/pages\/590"}],"wp:attachment":[{"href":"https:\/\/webs.uab.cat\/iulialibica\/wp-json\/wp\/v2\/media?parent=412"}],"curies":[{"name":"wp","href":"https:\/\/api.w.org\/{rel}","templated":true}]}}

<p>Es preveu, entre els anys 2018 i 2021, efectuar treballs de camp d´excavació de dos mesos totals de durada per any, preferentment entre els mesos de juliol i octubre, que podrien implicar també alguna nova prospecció geofísica de tipus més puntual i localitzat. S`ha de tenir en compte que, en circumstàncies normals, els treballs d’excavació mantindrien el seu ritme fins la fi del Pla Quadriennal, mentre els sondejos anirien disminuint progressivament, amb la reducció de la superfície a prospectar.</p>
<figure id="attachment_418" aria-describedby="caption-attachment-418" style="width: 426px" class="wp-caption aligncenter"><a href="https://webs.uab.cat/iulialibica/wp-content/uploads/sites/91/2019/01/PLANOL-2.jpg"><img loading="lazy" decoding="async" class=" wp-image-418" src="https://webs.uab.cat/iulialibica/wp-content/uploads/sites/91/2019/01/PLANOL-2-300x212.jpg" alt="" width="426" height="301" srcset="https://webs.uab.cat/iulialibica/wp-content/uploads/sites/91/2019/01/PLANOL-2-300x212.jpg 300w, https://webs.uab.cat/iulialibica/wp-content/uploads/sites/91/2019/01/PLANOL-2-1024x724.jpg 1024w, https://webs.uab.cat/iulialibica/wp-content/uploads/sites/91/2019/01/PLANOL-2-768x543.jpg 768w, https://webs.uab.cat/iulialibica/wp-content/uploads/sites/91/2019/01/PLANOL-2-1536x1086.jpg 1536w, https://webs.uab.cat/iulialibica/wp-content/uploads/sites/91/2019/01/PLANOL-2-2048x1447.jpg 2048w, https://webs.uab.cat/iulialibica/wp-content/uploads/sites/91/2019/01/PLANOL-2-1200x848.jpg 1200w, https://webs.uab.cat/iulialibica/wp-content/uploads/sites/91/2019/01/PLANOL-2-1980x1399.jpg 1980w" sizes="auto, (max-width: 426px) 100vw, 426px" /></a><figcaption id="caption-attachment-418" class="wp-caption-text">Plànol de la zona del fòrum a l&#8217;any 2018</figcaption></figure>
<p>Donat que la part central del fòrum coincideix amb la presència d’un carrer que el travessa de nord a sud, juntament amb canalitzacions i d’altres serveis, una de les primeres accions de l’Ajuntament en l’any 2018 serà canviar l’itinerari d’aquest carrer per tal que rodegi el fòrum per la seva vessant oriental per enllaçar amb el C/Iulia Libica. Aquest canvi urbanístic permetrà excavar tota la part central del fòrum, i fins i tot ampliar l’espai d’intervenció a una part de la sagrera de la parròquia de la Mare de Déu, i poder excavar el temple en tota la seva amplitud. Per tant, un cop es modifiqui la circulació d’aquest carrer, les condicions milloraran per permetre un excavació en extensió.</p>
<p>Un cop confirmat que es tracta d’un fòrum, les intervencions de la quadriennal 2018-2021 tenen com a objectius:</p>
<ul>
<li>Completar l’excavació del temple juntament amb totes les construccions tardanes posteriors que s’adossen en ell</li>
<li>Acabar d’entendre la funció de l’exedra i el possible aterrassament artificial d’aquesta part del fòrum</li>
<li>Completar el coneixement del límit sud i oest del fòrum amb sondeigs puntuals a llocs en què s’identificaven anomalies geofísiques (veure figura 16). La zona sud és de difícil intervenció però es podrien fer sondeigs en el carrer de la Colomina, paral·lel al C/Iulia Líbica</li>
<li>Identificar els sistemes de gestió de les aigües dins del fòrum</li>
<li>Analitzar el possible urbanisme a l’exterior del fòrum, per la qual cosa es farà algun sondeig a la zona de Puig Castell</li>
</ul>
<figure id="attachment_419" aria-describedby="caption-attachment-419" style="width: 542px" class="wp-caption aligncenter"><a href="https://webs.uab.cat/iulialibica/wp-content/uploads/sites/91/2019/01/Bebop_201809241336500200-3.jpg"><img loading="lazy" decoding="async" class=" wp-image-419" src="https://webs.uab.cat/iulialibica/wp-content/uploads/sites/91/2019/01/Bebop_201809241336500200-3-300x169.jpg" alt="" width="542" height="305" srcset="https://webs.uab.cat/iulialibica/wp-content/uploads/sites/91/2019/01/Bebop_201809241336500200-3-300x169.jpg 300w, https://webs.uab.cat/iulialibica/wp-content/uploads/sites/91/2019/01/Bebop_201809241336500200-3-1024x576.jpg 1024w, https://webs.uab.cat/iulialibica/wp-content/uploads/sites/91/2019/01/Bebop_201809241336500200-3-768x432.jpg 768w, https://webs.uab.cat/iulialibica/wp-content/uploads/sites/91/2019/01/Bebop_201809241336500200-3-1536x864.jpg 1536w, https://webs.uab.cat/iulialibica/wp-content/uploads/sites/91/2019/01/Bebop_201809241336500200-3-1200x675.jpg 1200w, https://webs.uab.cat/iulialibica/wp-content/uploads/sites/91/2019/01/Bebop_201809241336500200-3.jpg 1920w" sizes="auto, (max-width: 542px) 100vw, 542px" /></a><figcaption id="caption-attachment-419" class="wp-caption-text">Imatge de dron 2018</figcaption></figure>
<p>Al costat dels treballs d’excavació, que poden implicar la descoberta de noves estructures, considerem del tot decisiu procedir a la seva consolidació arqueològica de forma paral·lela i complementària a la pròpia investigació. Es tracta d’un objectiu bàsic per evitar la seva progressiva degradació, i facilitar al mateix temps una lectura entenedora del conjunt. Aquesta consolidació i recreixement puntual de l’alçat i el coronament de les estructures més malmeses s’efectuarà emprant la mateixa pedra procedent dels nivells d’enderroc de l’excavació, lligada amb morter biocalce. Es preveu realitzar una campanya de consolidació anual entre els mesos d’estiu i tardor, en funció dels volum d’estructures aparegudes, i també fer el manteniment del conjunt.</p>

<p>Es preveu, entre els anys 2018 i 2021, efectuar treballs de camp d´excavació de dos mesos totals de durada per any, preferentment entre els mesos de juliol i octubre, que podrien implicar també alguna nova prospecció geofísica de tipus més puntual i localitzat. S`ha de tenir en compte que, en circumstàncies normals, els treballs d’excavació [&hellip;]</p>
