{"id":476,"date":"2020-06-28T06:27:33","date_gmt":"2020-06-28T06:27:33","guid":{"rendered":"http:\/\/blogs.uab.cat\/iulialibica\/?page_id=476"},"modified":"2020-06-28T06:27:33","modified_gmt":"2020-06-28T06:27:33","slug":"campanya-2019","status":"publish","type":"page","link":"https:\/\/webs.uab.cat\/iulialibica\/intervencions-recents\/colomines-a-2018-2021\/campanya-2019\/","title":{"rendered":"Campanya 2019"},"content":{"rendered":"<p><strong>Campanya 2019<\/strong><\/p>\n<p>La campanya de l\u2019any 2019 ha tingut lloc, entre els dies 5 de maig i 27 de juny, i entre els dies 26 d\u2019agost i 16 d\u2019octubre. Una intervenci\u00f3 arqueol\u00f2gica que ha combinat sondejos, excavaci\u00f3 i consolidaci\u00f3, al jaciment de les Colomines A tamb\u00e9 conegut com el f\u00f2rum de Iulia Libica. D\u2019aquesta actuaci\u00f3 s\u2019ha entregat el corresponent informe: \u201cInforme preliminar de la intervenci\u00f3 arqueol\u00f2gica al f\u00f2rum de <em>Iulia Libica<\/em> (Ll\u00edvia, Cerdanya)\u201d, amb direcci\u00f3 t\u00e8cnica de C. Carreras i\u00a0 J. Gu\u00e0rdia.<\/p>\n<p>Des de fa un parell de campanyes, les nostres intervencions s\u2019han anat adaptant a les necessitats urban\u00edstiques del municipi, que necessita traslladar el tr\u00e0fic de vehicles que actualment passa per un vial provisional que passa pel centre del f\u00f2rum rom\u00e0. Si inicialment en el 2018, es volia passar un nou vial amb els corresponents serveis, per l\u2019exterior del f\u00f2rum per la banda oriental, la troballa d\u2019una segona exedra i el seu nivell de conservaci\u00f3, van reconsiderar aquesta opci\u00f3. L\u2019alternativa actual en el 2019 era passar el vial al costat de l\u2019esgl\u00e9sia de N\u00aa Sra. dels \u00c0ngels, i d\u2019aquesta manera alliberar la part central del f\u00f2rum a on es localitza el temple (veure figura 1).<\/p>\n<figure id=\"attachment_479\" aria-describedby=\"caption-attachment-479\" style=\"width: 364px\" class=\"wp-caption aligncenter\"><a href=\"https:\/\/webs.uab.cat\/iulialibica\/wp-content\/uploads\/sites\/91\/2020\/06\/Fig_1_planta.jpg\"><img loading=\"lazy\" decoding=\"async\" class=\" wp-image-479\" src=\"https:\/\/webs.uab.cat\/iulialibica\/wp-content\/uploads\/sites\/91\/2020\/06\/Fig_1_planta-300x266.jpg\" alt=\"Planta del f\u00f2rum\" width=\"364\" height=\"323\" srcset=\"https:\/\/webs.uab.cat\/iulialibica\/wp-content\/uploads\/sites\/91\/2020\/06\/Fig_1_planta-300x266.jpg 300w, https:\/\/webs.uab.cat\/iulialibica\/wp-content\/uploads\/sites\/91\/2020\/06\/Fig_1_planta.jpg 475w\" sizes=\"auto, (max-width: 364px) 100vw, 364px\" \/><\/a><figcaption id=\"caption-attachment-479\" class=\"wp-caption-text\">Fig.1 Planta del f\u00f2rum<\/figcaption><\/figure>\n<p>Aix\u00ed doncs, la primera intervenci\u00f3 d\u2019aquesta campanya ha estat en la zona pr\u00f2xima a l\u2019esgl\u00e9sia per excavar una bona part de la necr\u00f2polis medieval abans de cobrir-ho i posar la terra per tal que passi el nou vial. Al llarg del mes de maig i juny es van identificar 35 tombes en la zona que es veuria afectada pel vial, i que van ser excavades en la seva totalitat. El proc\u00e9s de cobrir aquest espai amb terra ja s\u2019ha realitzat durant l\u2019octubre del 2019.<\/p>\n<p>Una segona zona a excavar era l\u2019extrem de la segona exedra, que no s\u2019havia arribat a completar en la campanya anterior. Per aquesta ra\u00f3, la seva excavaci\u00f3 va ser tamb\u00e9 una de les prioritats enguany.<\/p>\n<p>La tercera gran intervenci\u00f3 ha estat una gran trinxera de 2 metres al costat del mur oriental del f\u00f2rum. La ra\u00f3 de l\u2019excavaci\u00f3 d\u2019aquest espai era doble. D\u2019una banda, es volia limitar la pressi\u00f3 que exercia la terra en el mur oriental, i que els propis conservadors ja ens havien alertat. I d\u2019altre banda, es volia con\u00e8ixer millor l\u2019exterior del f\u00f2rum, que fins ara s\u2019havia excavat en sondeigs, generant una imatge d\u2019entendre. Per tant, una trinxera de 2 metres que anava des de la cantonada NE del f\u00f2rum fins la porta, ens permetia connectar tot aquest espai i els sondeigs anteriors.<\/p>\n<p>Aix\u00ed doncs, en aquesta campanya s\u2019han fet intervencions en diverses zones, amb diferents objectius:<\/p>\n<p><strong>1) Excavaci\u00f3 de l\u2019\u00e0rea pr\u00f2xima a l\u2019esgl\u00e9sia de N\u00aa Sra. dels \u00c0ngels <\/strong><\/p>\n<p>Vam iniciar al maig del 2019 la intervenci\u00f3 en la zona occidental del f\u00f2rum propera a l\u2019\u00e0bsis de l\u2019esgl\u00e9sia, i a on ja s\u2019havien identificat algunes tombes en la campanya anterior. Apart de les tombes medievals, es podien veure algunes estructures modernes com una canalitzaci\u00f3 que condu\u00efa les aig\u00fces d\u2019una de les cantonades de l\u2019esgl\u00e9sia fins al carrer principal.<\/p>\n<figure id=\"attachment_469\" aria-describedby=\"caption-attachment-469\" style=\"width: 389px\" class=\"wp-caption aligncenter\"><a href=\"https:\/\/webs.uab.cat\/iulialibica\/wp-content\/uploads\/sites\/91\/2019\/09\/foto_1.jpg\"><img loading=\"lazy\" decoding=\"async\" class=\" wp-image-469\" src=\"https:\/\/webs.uab.cat\/iulialibica\/wp-content\/uploads\/sites\/91\/2019\/09\/foto_1-300x225.jpg\" alt=\"\" width=\"389\" height=\"292\" srcset=\"https:\/\/webs.uab.cat\/iulialibica\/wp-content\/uploads\/sites\/91\/2019\/09\/foto_1-300x225.jpg 300w, https:\/\/webs.uab.cat\/iulialibica\/wp-content\/uploads\/sites\/91\/2019\/09\/foto_1.jpg 600w\" sizes=\"auto, (max-width: 389px) 100vw, 389px\" \/><\/a><figcaption id=\"caption-attachment-469\" class=\"wp-caption-text\">Fig. 2. Tombes medievals<\/figcaption><\/figure>\n<p>Despr\u00e9s de delimitar les estructures modernes, es va voler recon\u00e8ixer el potencial de l\u2019horitz\u00f3 medieval i definir totes les seves tombes. S\u2019ha determinat que l\u2019estratigrafia medieval t\u00e9 escassa pot\u00e8ncia, i que de seguida es troben els nivells d\u2019\u00fas d\u2019\u00e8poca romana, com <em>l\u2019opus signinum<\/em> que es veu en el tall de la canalitzaci\u00f3 moderna. Pel que fa a la necr\u00f2polis, totes les tombes s\u00f3n molt senzilles, algunes\u00a0 es reconeixien per l\u2019amuntegament de pedres o i d\u2019altres pel canvi d\u2019estrat. Es van arribar a recon\u00e8ixer 35 tombes que s\u2019ubicaven a uns 4-5 metres de l\u2019\u00e0bsis de l\u2019esgl\u00e9sia, pel lloc per on podria anar el vial alternatiu.<\/p>\n<figure id=\"attachment_462\" aria-describedby=\"caption-attachment-462\" style=\"width: 380px\" class=\"wp-caption aligncenter\"><a href=\"https:\/\/webs.uab.cat\/iulialibica\/wp-content\/uploads\/sites\/91\/2019\/05\/IMG_1328.jpg\"><img loading=\"lazy\" decoding=\"async\" class=\" wp-image-462\" src=\"https:\/\/webs.uab.cat\/iulialibica\/wp-content\/uploads\/sites\/91\/2019\/05\/IMG_1328-300x200.jpg\" alt=\"\" width=\"380\" height=\"253\" srcset=\"https:\/\/webs.uab.cat\/iulialibica\/wp-content\/uploads\/sites\/91\/2019\/05\/IMG_1328-300x200.jpg 300w, https:\/\/webs.uab.cat\/iulialibica\/wp-content\/uploads\/sites\/91\/2019\/05\/IMG_1328.jpg 567w\" sizes=\"auto, (max-width: 380px) 100vw, 380px\" \/><\/a><figcaption id=\"caption-attachment-462\" class=\"wp-caption-text\">Fig. 3. Tomba de coberta de pedra medieval<\/figcaption><\/figure>\n<p>La majoria de tombes delimitades es troben al voltant de l\u2019\u00e0bsis i del mur del p\u00f2dium septentrional del f\u00f2rum, amb orientacions E-O i a cops agrupades, segurament identificant grups familiars. S\u2019han excavat totes les tombes identificades entre el mur de l\u2019esgl\u00e9sia i el mur occidental del temple com es pot veure en la figura 4. Es tracta de tombes modestes, sense aixovars, i que actualment estan en fase d\u2019estudi per una antrop\u00f2loga f\u00edsica.<\/p>\n<figure id=\"attachment_470\" aria-describedby=\"caption-attachment-470\" style=\"width: 412px\" class=\"wp-caption aligncenter\"><a href=\"https:\/\/webs.uab.cat\/iulialibica\/wp-content\/uploads\/sites\/91\/2019\/09\/foto_2.jpg\"><img loading=\"lazy\" decoding=\"async\" class=\" wp-image-470\" src=\"https:\/\/webs.uab.cat\/iulialibica\/wp-content\/uploads\/sites\/91\/2019\/09\/foto_2-300x225.jpg\" alt=\"\" width=\"412\" height=\"309\" srcset=\"https:\/\/webs.uab.cat\/iulialibica\/wp-content\/uploads\/sites\/91\/2019\/09\/foto_2-300x225.jpg 300w, https:\/\/webs.uab.cat\/iulialibica\/wp-content\/uploads\/sites\/91\/2019\/09\/foto_2.jpg 600w\" sizes=\"auto, (max-width: 412px) 100vw, 412px\" \/><\/a><figcaption id=\"caption-attachment-470\" class=\"wp-caption-text\">Fig. 4. Imatge zenital amb la ubicaci\u00f3 de les tombes medievals<\/figcaption><\/figure>\n<p>En la part nord de la necr\u00f2polis hi ha un buit de tombes, que coincideix amb un retall que sembla d\u2019\u00e8poca moderna. T\u00e9 una forma rectangular i escassa consist\u00e8ncia, i ha quedat pendent d\u2019excavar. L\u2019excavaci\u00f3 d\u2019aquest sector es va completar al juny del 2019 i es va cobrir amb geot\u00e8xtil, perqu\u00e8 es creia que aquell mateix mes s\u2019havia de cobrir amb terra per tal de situar el nou vial. Finalment, aix\u00f2 es va fer a l\u2019octubre del 2019, i ja es pot veure el resultat final (figura 5).<\/p>\n<figure id=\"attachment_480\" aria-describedby=\"caption-attachment-480\" style=\"width: 441px\" class=\"wp-caption aligncenter\"><a href=\"https:\/\/webs.uab.cat\/iulialibica\/wp-content\/uploads\/sites\/91\/2020\/06\/Fig_5_IMG_1617.jpg\"><img loading=\"lazy\" decoding=\"async\" class=\" wp-image-480\" src=\"https:\/\/webs.uab.cat\/iulialibica\/wp-content\/uploads\/sites\/91\/2020\/06\/Fig_5_IMG_1617-300x200.jpg\" alt=\"Nou vial\" width=\"441\" height=\"294\" srcset=\"https:\/\/webs.uab.cat\/iulialibica\/wp-content\/uploads\/sites\/91\/2020\/06\/Fig_5_IMG_1617-300x200.jpg 300w, https:\/\/webs.uab.cat\/iulialibica\/wp-content\/uploads\/sites\/91\/2020\/06\/Fig_5_IMG_1617.jpg 500w\" sizes=\"auto, (max-width: 441px) 100vw, 441px\" \/><\/a><figcaption id=\"caption-attachment-480\" class=\"wp-caption-text\">Fig. 5. El sector de la necr\u00f2polis medieval cobert pel nou vial<\/figcaption><\/figure>\n<p><strong>2) Excavaci\u00f3 de la segona exedra<\/strong><\/p>\n<p>L\u2019any 2018 es va poder excavar la primera exedra, tant la part interna que despr\u00e9s vindria rodejada per una segona exedra m\u00e9s gran, com la part externa mig trencada, al nord de la segona estructura. Aquest any es volia completar l\u2019excavaci\u00f3 de tota la paret nord de la segona exedra, per veure la relaci\u00f3 entre ambdues estructures i veure si existia alguna banqueta de fonamentaci\u00f3.<\/p>\n<figure id=\"attachment_481\" aria-describedby=\"caption-attachment-481\" style=\"width: 300px\" class=\"wp-caption aligncenter\"><a href=\"https:\/\/webs.uab.cat\/iulialibica\/wp-content\/uploads\/sites\/91\/2020\/06\/Fig_6_IMG-20190903-WA0005.jpg\"><img loading=\"lazy\" decoding=\"async\" class=\" wp-image-481\" src=\"https:\/\/webs.uab.cat\/iulialibica\/wp-content\/uploads\/sites\/91\/2020\/06\/Fig_6_IMG-20190903-WA0005-225x300.jpg\" alt=\"Trinxera i banqueta\" width=\"300\" height=\"400\" srcset=\"https:\/\/webs.uab.cat\/iulialibica\/wp-content\/uploads\/sites\/91\/2020\/06\/Fig_6_IMG-20190903-WA0005-225x300.jpg 225w, https:\/\/webs.uab.cat\/iulialibica\/wp-content\/uploads\/sites\/91\/2020\/06\/Fig_6_IMG-20190903-WA0005.jpg 400w\" sizes=\"auto, (max-width: 300px) 100vw, 300px\" \/><\/a><figcaption id=\"caption-attachment-481\" class=\"wp-caption-text\">Fig. 6. Trinxera i banqueta de fonamentaci\u00f3 de la paret nord de la segona fase de l&#8217;exedra<\/figcaption><\/figure>\n<p>S\u2019ha pogut documentar clarament la trinxera de fonamentaci\u00f3 d\u2019aquesta segona exedra, que s\u2019alinea amb el mur de la primera i tamb\u00e9 una banqueta de fonamentaci\u00f3 al fons (figura 6). Dels materials de la trinxera es confirma la dataci\u00f3 de finals d\u2019August o principis de Tiberi per datar la construcci\u00f3 de la segona exedra.<\/p>\n<p><strong>3) La trinxera del mur oriental del f\u00f2rum<\/strong><\/p>\n<p>Tal com d\u00e8iem a l\u2019inici, una de les prioritats enguany era alliberar de pressi\u00f3 al mur oriental sobre el qual es recolzava un volum important de sediments. Per aquesta ra\u00f3 es va definir un l\u00edmit de 2 metres respecte al mur per fer una trinxera, que apart de donar-nos una visi\u00f3 general sobre el que havia a l\u2019exterior del f\u00f2rum ens permetia connectar diferents sondeigs com es pot veure en la figura 6.\u00a0 En la part nord d\u2019aquesta trinxera, es va distingir de seguida un possible nivell que va baixant suaument seguint la pendent. Per sobre l\u2019estrat d\u2019abandonament\u00a0 i el de destrucci\u00f3 de finals del segle II i principis III dC.<\/p>\n<figure id=\"attachment_485\" aria-describedby=\"caption-attachment-485\" style=\"width: 452px\" class=\"wp-caption aligncenter\"><a href=\"https:\/\/webs.uab.cat\/iulialibica\/wp-content\/uploads\/sites\/91\/2020\/06\/Fig_7_IMG_1872.jpg\"><img loading=\"lazy\" decoding=\"async\" class=\" wp-image-485\" src=\"https:\/\/webs.uab.cat\/iulialibica\/wp-content\/uploads\/sites\/91\/2020\/06\/Fig_7_IMG_1872-300x200.jpg\" alt=\"Trinxera mur oriental\" width=\"452\" height=\"301\" srcset=\"https:\/\/webs.uab.cat\/iulialibica\/wp-content\/uploads\/sites\/91\/2020\/06\/Fig_7_IMG_1872-300x200.jpg 300w, https:\/\/webs.uab.cat\/iulialibica\/wp-content\/uploads\/sites\/91\/2020\/06\/Fig_7_IMG_1872.jpg 345w\" sizes=\"auto, (max-width: 452px) 100vw, 452px\" \/><\/a><figcaption id=\"caption-attachment-485\" class=\"wp-caption-text\">Fig.7. Trinxera paral\u00b7lela al mur oriental amb el nivell d&#8217;\u00fas en el primer terme<\/figcaption><\/figure>\n<p>Un dels detalls m\u00e9s interessants \u00e9s un retall central d\u2019aquest possible carrer, que sembla tenir una funci\u00f3 de canalitzaci\u00f3 de les aig\u00fces pluvials \u2013 com succeeix actualment. Aquest retall no comen\u00e7a a dalt de tot del mur oriental, sin\u00f3 a un 4-5 metres i continua cap avall per\u00f2 es perd en un punt (veure figura 8).\u00a0 Cal tenir en compte que si fos una canalitzaci\u00f3 d\u2019aigua superficial, caldria que gir\u00e9s m\u00e9s a l\u2019esquerra per poder evitar l\u2019exedra, i que l\u2019aigua no an\u00e9s a parar al seu mur nord.<\/p>\n<figure id=\"attachment_486\" aria-describedby=\"caption-attachment-486\" style=\"width: 417px\" class=\"wp-caption aligncenter\"><a href=\"https:\/\/webs.uab.cat\/iulialibica\/wp-content\/uploads\/sites\/91\/2020\/06\/Fig_8_IMG_2062.jpg\"><img loading=\"lazy\" decoding=\"async\" class=\" wp-image-486\" src=\"https:\/\/webs.uab.cat\/iulialibica\/wp-content\/uploads\/sites\/91\/2020\/06\/Fig_8_IMG_2062-300x200.jpg\" alt=\"Canalitzaci\u00f3 \" width=\"417\" height=\"278\" srcset=\"https:\/\/webs.uab.cat\/iulialibica\/wp-content\/uploads\/sites\/91\/2020\/06\/Fig_8_IMG_2062-300x200.jpg 300w, https:\/\/webs.uab.cat\/iulialibica\/wp-content\/uploads\/sites\/91\/2020\/06\/Fig_8_IMG_2062.jpg 345w\" sizes=\"auto, (max-width: 417px) 100vw, 417px\" \/><\/a><figcaption id=\"caption-attachment-486\" class=\"wp-caption-text\">Fig. 8. Canalitzaci\u00f3 en mig de la trinxeera paral\u00b7lela al mur oriental del f\u00f2rum<\/figcaption><\/figure>\n<p>Aquesta canalitzaci\u00f3 est\u00e0 a la vegada retallada per una altra estructura negativa que acaba en el mur oriental. Possiblement, la part m\u00e9s interessant ha estat precisament tota la zona contigua al mur oriental, a on s\u2019ha identificat una gran trinxera pr\u00e8via a la construcci\u00f3 del f\u00f2rum, i que primer es construeixen els murs del podi \u2013 que servirien per aterrassar \u2013 i posteriorment els murs perimetrals nord-sud. S\u2019ha pogut arribar a la banqueta de fonamentaci\u00f3 del mur oriental, i es precisament el rebliment d\u2019aquests estrats ens ha aconseguit els millors materials de la campanya com 3 molins rotatoris de pedres volc\u00e0niques, alguna moneda i un possible rellotge solar.<\/p>\n<figure id=\"attachment_487\" aria-describedby=\"caption-attachment-487\" style=\"width: 442px\" class=\"wp-caption aligncenter\"><a href=\"https:\/\/webs.uab.cat\/iulialibica\/wp-content\/uploads\/sites\/91\/2020\/06\/Fig_9_IMG-20190920-WA0000.jpg\"><img loading=\"lazy\" decoding=\"async\" class=\" wp-image-487\" src=\"https:\/\/webs.uab.cat\/iulialibica\/wp-content\/uploads\/sites\/91\/2020\/06\/Fig_9_IMG-20190920-WA0000-300x225.jpg\" alt=\"Banqueta de fonamentaci\u00f3 del mur oriental\" width=\"442\" height=\"332\" srcset=\"https:\/\/webs.uab.cat\/iulialibica\/wp-content\/uploads\/sites\/91\/2020\/06\/Fig_9_IMG-20190920-WA0000-300x225.jpg 300w, https:\/\/webs.uab.cat\/iulialibica\/wp-content\/uploads\/sites\/91\/2020\/06\/Fig_9_IMG-20190920-WA0000-768x576.jpg 768w, https:\/\/webs.uab.cat\/iulialibica\/wp-content\/uploads\/sites\/91\/2020\/06\/Fig_9_IMG-20190920-WA0000.jpg 1024w\" sizes=\"auto, (max-width: 442px) 100vw, 442px\" \/><\/a><figcaption id=\"caption-attachment-487\" class=\"wp-caption-text\">Fig. 9. Banqueta de fonamentaci\u00f3 del mur oriental<\/figcaption><\/figure>\n<p><strong>\u00a0<\/strong><strong>4) Possible basa de decantaci\u00f3<\/strong><\/p>\n<p>A l\u2019extrem sud de la trinxera de 2 metres es va identificar una estructura circular feta amb <em>tegulae<\/em> de m\u00e9s de 3 metres de di\u00e0metre. Sembla una basa de decantaci\u00f3 d\u2019argila que es podria relacionar-se amb la possible exist\u00e8ncia d\u2019un forn de <em>tegulae<\/em> en la proximitat del f\u00f2rum (veure figura 10). Es tracta d\u2019una estructura que sembla situar-se cronol\u00f2gicament en el moment de construcci\u00f3 del f\u00f2rum (\u00e8poca d\u2019August), i que per alguna ra\u00f3 no es desmuntaria i s\u2019aboquen a sobre sediments que el cobririen ja en \u00e8poca altimperial.<\/p>\n<figure id=\"attachment_488\" aria-describedby=\"caption-attachment-488\" style=\"width: 443px\" class=\"wp-caption aligncenter\"><a href=\"https:\/\/webs.uab.cat\/iulialibica\/wp-content\/uploads\/sites\/91\/2020\/06\/Fig_10_IMG_1612.jpg\"><img loading=\"lazy\" decoding=\"async\" class=\" wp-image-488\" src=\"https:\/\/webs.uab.cat\/iulialibica\/wp-content\/uploads\/sites\/91\/2020\/06\/Fig_10_IMG_1612-300x200.jpg\" alt=\"Basa de decantaci\u00f3\" width=\"443\" height=\"295\" srcset=\"https:\/\/webs.uab.cat\/iulialibica\/wp-content\/uploads\/sites\/91\/2020\/06\/Fig_10_IMG_1612-300x200.jpg 300w, https:\/\/webs.uab.cat\/iulialibica\/wp-content\/uploads\/sites\/91\/2020\/06\/Fig_10_IMG_1612.jpg 500w\" sizes=\"auto, (max-width: 443px) 100vw, 443px\" \/><\/a><figcaption id=\"caption-attachment-488\" class=\"wp-caption-text\">Fig.10 Basa de decantaci\u00f3<\/figcaption><\/figure>\n<p>&nbsp;<\/p>\n","protected":false},"excerpt":{"rendered":"<p>Campanya 2019 La campanya de l\u2019any 2019 ha tingut lloc, entre els dies 5 de maig i 27 de juny, i entre els dies 26 d\u2019agost i 16 d\u2019octubre. Una intervenci\u00f3 arqueol\u00f2gica que ha combinat sondejos, excavaci\u00f3 i consolidaci\u00f3, al jaciment de les Colomines A tamb\u00e9 conegut com el f\u00f2rum de Iulia Libica. D\u2019aquesta actuaci\u00f3 [&hellip;]<\/p>\n","protected":false},"author":70,"featured_media":0,"parent":540,"menu_order":2,"comment_status":"closed","ping_status":"closed","template":"","meta":{"footnotes":""},"class_list":["post-476","page","type-page","status-publish","hentry"],"_links":{"self":[{"href":"https:\/\/webs.uab.cat\/iulialibica\/wp-json\/wp\/v2\/pages\/476","targetHints":{"allow":["GET"]}}],"collection":[{"href":"https:\/\/webs.uab.cat\/iulialibica\/wp-json\/wp\/v2\/pages"}],"about":[{"href":"https:\/\/webs.uab.cat\/iulialibica\/wp-json\/wp\/v2\/types\/page"}],"author":[{"embeddable":true,"href":"https:\/\/webs.uab.cat\/iulialibica\/wp-json\/wp\/v2\/users\/70"}],"replies":[{"embeddable":true,"href":"https:\/\/webs.uab.cat\/iulialibica\/wp-json\/wp\/v2\/comments?post=476"}],"version-history":[{"count":0,"href":"https:\/\/webs.uab.cat\/iulialibica\/wp-json\/wp\/v2\/pages\/476\/revisions"}],"up":[{"embeddable":true,"href":"https:\/\/webs.uab.cat\/iulialibica\/wp-json\/wp\/v2\/pages\/540"}],"wp:attachment":[{"href":"https:\/\/webs.uab.cat\/iulialibica\/wp-json\/wp\/v2\/media?parent=476"}],"curies":[{"name":"wp","href":"https:\/\/api.w.org\/{rel}","templated":true}]}}