{"id":540,"date":"2021-05-30T08:00:23","date_gmt":"2021-05-30T08:00:23","guid":{"rendered":"http:\/\/blogs.uab.cat\/iulialibica\/?page_id=540"},"modified":"2021-05-30T08:00:23","modified_gmt":"2021-05-30T08:00:23","slug":"colomines-a-2018-2021","status":"publish","type":"page","link":"https:\/\/webs.uab.cat\/iulialibica\/intervencions-recents\/colomines-a-2018-2021\/","title":{"rendered":"Colomines A (2018-2021)"},"content":{"rendered":"<p>Des de l&#8217;any 2018, s&#8217;ha seguit les excavacions del F\u00f2rum de Iulia Libica com a part d&#8217;un projecte Quadriannual, que incluia les excavacions estrictament de l&#8217;edifici del f\u00f2rum com altres restes romanes del municipi. Apart de les excavacions, tamb\u00e9 s&#8217;ha intentat acondicionar la zona per tal de qu\u00e8 el p\u00fablic general pugui gaudir de les restes arqueol\u00f2giques i minimitzar els efectes a tots els ve\u00efns de la zona.<\/p>\n<figure id=\"attachment_521\" aria-describedby=\"caption-attachment-521\" style=\"width: 467px\" class=\"wp-caption aligncenter\"><a href=\"https:\/\/webs.uab.cat\/iulialibica\/wp-content\/uploads\/sites\/91\/2020\/10\/graves2.jpg\"><img loading=\"lazy\" decoding=\"async\" class=\" wp-image-521\" src=\"https:\/\/webs.uab.cat\/iulialibica\/wp-content\/uploads\/sites\/91\/2020\/10\/graves2-300x225.jpg\" alt=\"Imatge general del f\u00f2rum despr\u00e9s de la campanya del 2020\" width=\"467\" height=\"350\" srcset=\"https:\/\/webs.uab.cat\/iulialibica\/wp-content\/uploads\/sites\/91\/2020\/10\/graves2-300x225.jpg 300w, https:\/\/webs.uab.cat\/iulialibica\/wp-content\/uploads\/sites\/91\/2020\/10\/graves2-768x576.jpg 768w, https:\/\/webs.uab.cat\/iulialibica\/wp-content\/uploads\/sites\/91\/2020\/10\/graves2.jpg 850w\" sizes=\"auto, (max-width: 467px) 100vw, 467px\" \/><\/a><figcaption id=\"caption-attachment-521\" class=\"wp-caption-text\">Imatge general del f\u00f2rum despr\u00e9s de la campanya del 2020<\/figcaption><\/figure>\n<p>Gran part dels treballs han estat condicionats per la pres\u00e8ncia de serveis al mig del f\u00f2rum com s\u00f3n el gas, l&#8217;aigua i l&#8217;electricitat. S&#8217;espera que al final de les campanyes estiguin localitzats a l&#8217;exterior del f\u00f2rum i permetin unificar les excavacions i tamb\u00e9 la difusi\u00f3 del monument.<\/p>\n<p>Com es pot veure, s&#8217;han posat graves als diferents espais del f\u00f2rum per evitar humitats, vegetaci\u00f3 i afavorir la comprensi\u00f3 de les diverses funcions dels espais. En properes actuacions es faran visibles altres espais i ser\u00e0 m\u00e9s comprensible tot el conjunt.<\/p>\n","protected":false},"excerpt":{"rendered":"<p>Des de l&#8217;any 2018, s&#8217;ha seguit les excavacions del F\u00f2rum de Iulia Libica com a part d&#8217;un projecte Quadriannual, que incluia les excavacions estrictament de l&#8217;edifici del f\u00f2rum com altres restes romanes del municipi. Apart de les excavacions, tamb\u00e9 s&#8217;ha intentat acondicionar la zona per tal de qu\u00e8 el p\u00fablic general pugui gaudir de les [&hellip;]<\/p>\n","protected":false},"author":70,"featured_media":0,"parent":74,"menu_order":3,"comment_status":"closed","ping_status":"closed","template":"","meta":{"footnotes":""},"class_list":["post-540","page","type-page","status-publish","hentry"],"_links":{"self":[{"href":"https:\/\/webs.uab.cat\/iulialibica\/wp-json\/wp\/v2\/pages\/540","targetHints":{"allow":["GET"]}}],"collection":[{"href":"https:\/\/webs.uab.cat\/iulialibica\/wp-json\/wp\/v2\/pages"}],"about":[{"href":"https:\/\/webs.uab.cat\/iulialibica\/wp-json\/wp\/v2\/types\/page"}],"author":[{"embeddable":true,"href":"https:\/\/webs.uab.cat\/iulialibica\/wp-json\/wp\/v2\/users\/70"}],"replies":[{"embeddable":true,"href":"https:\/\/webs.uab.cat\/iulialibica\/wp-json\/wp\/v2\/comments?post=540"}],"version-history":[{"count":0,"href":"https:\/\/webs.uab.cat\/iulialibica\/wp-json\/wp\/v2\/pages\/540\/revisions"}],"up":[{"embeddable":true,"href":"https:\/\/webs.uab.cat\/iulialibica\/wp-json\/wp\/v2\/pages\/74"}],"wp:attachment":[{"href":"https:\/\/webs.uab.cat\/iulialibica\/wp-json\/wp\/v2\/media?parent=540"}],"curies":[{"name":"wp","href":"https:\/\/api.w.org\/{rel}","templated":true}]}}

<p>Des de l&#8217;any 2018, s&#8217;ha seguit les excavacions del Fòrum de Iulia Libica com a part d&#8217;un projecte Quadriannual, que incluia les excavacions estrictament de l&#8217;edifici del fòrum com altres restes romanes del municipi. Apart de les excavacions, també s&#8217;ha intentat acondicionar la zona per tal de què el públic general pugui gaudir de les restes arqueològiques i minimitzar els efectes a tots els veïns de la zona.</p>
<figure id="attachment_521" aria-describedby="caption-attachment-521" style="width: 467px" class="wp-caption aligncenter"><a href="https://webs.uab.cat/iulialibica/wp-content/uploads/sites/91/2020/10/graves2.jpg"><img loading="lazy" decoding="async" class=" wp-image-521" src="https://webs.uab.cat/iulialibica/wp-content/uploads/sites/91/2020/10/graves2-300x225.jpg" alt="Imatge general del fòrum després de la campanya del 2020" width="467" height="350" srcset="https://webs.uab.cat/iulialibica/wp-content/uploads/sites/91/2020/10/graves2-300x225.jpg 300w, https://webs.uab.cat/iulialibica/wp-content/uploads/sites/91/2020/10/graves2-768x576.jpg 768w, https://webs.uab.cat/iulialibica/wp-content/uploads/sites/91/2020/10/graves2.jpg 850w" sizes="auto, (max-width: 467px) 100vw, 467px" /></a><figcaption id="caption-attachment-521" class="wp-caption-text">Imatge general del fòrum després de la campanya del 2020</figcaption></figure>
<p>Gran part dels treballs han estat condicionats per la presència de serveis al mig del fòrum com són el gas, l&#8217;aigua i l&#8217;electricitat. S&#8217;espera que al final de les campanyes estiguin localitzats a l&#8217;exterior del fòrum i permetin unificar les excavacions i també la difusió del monument.</p>
<p>Com es pot veure, s&#8217;han posat graves als diferents espais del fòrum per evitar humitats, vegetació i afavorir la comprensió de les diverses funcions dels espais. En properes actuacions es faran visibles altres espais i serà més comprensible tot el conjunt.</p>

<p>Des de l&#8217;any 2018, s&#8217;ha seguit les excavacions del Fòrum de Iulia Libica com a part d&#8217;un projecte Quadriannual, que incluia les excavacions estrictament de l&#8217;edifici del fòrum com altres restes romanes del municipi. Apart de les excavacions, també s&#8217;ha intentat acondicionar la zona per tal de què el públic general pugui gaudir de les [&hellip;]</p>
