{"id":154,"date":"2013-04-08T23:35:23","date_gmt":"2013-04-08T23:35:23","guid":{"rendered":"https:\/\/webs.uab.cat\/joaquinbeltran\/exposiciones\/"},"modified":"2025-02-26T10:47:54","modified_gmt":"2025-02-26T10:47:54","slug":"exposiciones","status":"publish","type":"page","link":"https:\/\/webs.uab.cat\/joaquinbeltran\/exposiciones\/","title":{"rendered":"Exposiciones"},"content":{"rendered":"\n<div class=\"wp-block-media-text is-stacked-on-mobile is-vertically-aligned-center\" style=\"grid-template-columns:31% auto\"><figure class=\"wp-block-media-text__media\"><img loading=\"lazy\" decoding=\"async\" width=\"200\" height=\"138\" src=\"https:\/\/webs.uab.cat\/joaquinbeltran\/wp-content\/uploads\/sites\/111\/2013\/04\/expo-foto.jpg\" alt=\"expo foto\" class=\"wp-image-549 size-full\" \/><\/figure><div class=\"wp-block-media-text__content\">\n<p>Exposici\u00f3n de fotograf\u00eda colectiva &#8220;<a href=\"http:\/\/www.confuciobarcelona.es\/index.php\/actividades\/cultura\/cultura\/560-miradas-y-perspectivas-china-desde-espana\" target=\"_blank\" rel=\"noreferrer noopener\"><strong>Mirades i perspectives. La Xina des d\u2019Espanya<\/strong><\/a>&#8220;<br>Artistas: <strong>Sergi Bernal<\/strong>, <strong>V\u00edctor Ca\u00f1ellas<\/strong>, <strong>Ferr\u00e1n Castrillo<\/strong>, <strong>C\u00e9sar Merino<\/strong>, <strong>Sara Janini<\/strong> i <strong>Carles Mercader<\/strong>.<\/p>\n\n\n\n<p>Del 8 al 31 de mayo de 2013<br><a href=\"http:\/\/www.golferichs.org\/exposicions\/sala-golferichs-el-xalet\/mirades-i-perspectives-la-xina-des-despanya\/\" target=\"_blank\" rel=\"noreferrer noopener\">Centre C\u00edvic Golferichs<\/a><br>F. Catal\u00e0-Roca, Espai de fotografia<br>Gran Via, 491 &#8211; 08015 Barcelona<\/p>\n\n\n\n<p>Organizada por<strong> Joaqu\u00edn Beltr\u00e1n<\/strong> y <strong>Ferr\u00e1n Castrillo<\/strong>, Fundaci\u00f3n Instituto Confucio de Barcelona en colaboraci\u00f3n con el Grupo de Investigaci\u00f3n <a href=\"http:\/\/www.fti.uab.es\/interasia\/\" target=\"_blank\" rel=\"noreferrer noopener\">InterAsia<\/a> UAB.<br>Financiada por FICB\/Hanban. En colaboraci\u00f3n con el Grupo de Investigaci\u00f3n InterAsia UAB.<\/p>\n<\/div><\/div>\n\n\n\n<div class=\"wp-block-media-text is-stacked-on-mobile is-vertically-aligned-center\" style=\"grid-template-columns:31% auto\"><figure class=\"wp-block-media-text__media\"><img loading=\"lazy\" decoding=\"async\" width=\"945\" height=\"709\" src=\"https:\/\/webs.uab.cat\/joaquinbeltran\/wp-content\/uploads\/sites\/111\/2013\/04\/expo9.jpg\" alt=\"expo9\" class=\"wp-image-520 size-full\" srcset=\"https:\/\/webs.uab.cat\/joaquinbeltran\/wp-content\/uploads\/sites\/111\/2013\/04\/expo9.jpg 945w, https:\/\/webs.uab.cat\/joaquinbeltran\/wp-content\/uploads\/sites\/111\/2013\/04\/expo9-300x225.jpg 300w, https:\/\/webs.uab.cat\/joaquinbeltran\/wp-content\/uploads\/sites\/111\/2013\/04\/expo9-768x576.jpg 768w\" sizes=\"auto, (max-width: 945px) 100vw, 945px\" \/><\/figure><div class=\"wp-block-media-text__content\">\n<p><a href=\"http:\/\/pagines.uab.cat\/joaquinbeltran\/sites\/pagines.uab.cat.joaquinbeltran\/files\/EXPO4_50X70_2.pdf\" target=\"_blank\" rel=\"noreferrer noopener\"><strong>I<\/strong><strong>sabel Andreu<\/strong><\/a>&#8220;<strong>El embrujo de Shanghai<\/strong>&#8220;<\/p>\n\n\n\n<p>Projectes deslocalitzats 2008<\/p>\n\n\n\n<p>Direcci\u00f3 General de Joventut<br>Art Jove. Sala d&#8217;Art de la Generalitat<br>C\/ Cal\u00e0bria, 147- 08015 Barcelona<\/p>\n\n\n\n<p>La informaci\u00f3n sobre la exposici\u00f3n en <a href=\"http:\/\/pagines.uab.cat\/joaquinbeltran\/sites\/pagines.uab.cat.joaquinbeltran\/files\/isa%20newspaper-NEW%20DESIGN3.pdf\" target=\"_blank\" rel=\"noreferrer noopener\">PDF<\/a>.<\/p>\n\n\n\n<p><strong>Joaqu\u00edn Beltr\u00e1n Antol\u00edn<\/strong>. &#8220;<a href=\"http:\/\/pagines.uab.cat\/joaquinbeltran\/sites\/pagines.uab.cat.joaquinbeltran\/files\/reader-NEW-sequence.pdf\" target=\"_blank\" rel=\"noreferrer noopener\">The Yellow Peril<\/a>&#8220;.&nbsp;Asociaci\u00f3n vasca de Estudios Orientales,&nbsp;8\/10\/2007. Bilbao.<\/p>\n<\/div><\/div>\n","protected":false},"excerpt":{"rendered":"<p>Exposici\u00f3n de fotograf\u00eda colectiva &#8220;Mirades i perspectives. La Xina des d\u2019Espanya&#8220;Artistas: Sergi Bernal, V\u00edctor Ca\u00f1ellas, Ferr\u00e1n Castrillo, C\u00e9sar Merino, Sara Janini i Carles Mercader. Del 8 al 31 de mayo de 2013Centre C\u00edvic GolferichsF. Catal\u00e0-Roca, Espai de fotografiaGran Via, 491 &#8211; 08015 Barcelona Organizada por Joaqu\u00edn Beltr\u00e1n y Ferr\u00e1n Castrillo, Fundaci\u00f3n Instituto Confucio de Barcelona [&hellip;]<\/p>\n","protected":false},"author":20,"featured_media":0,"parent":0,"menu_order":0,"comment_status":"closed","ping_status":"closed","template":"","meta":{"footnotes":""},"class_list":["post-154","page","type-page","status-publish","hentry"],"_links":{"self":[{"href":"https:\/\/webs.uab.cat\/joaquinbeltran\/wp-json\/wp\/v2\/pages\/154","targetHints":{"allow":["GET"]}}],"collection":[{"href":"https:\/\/webs.uab.cat\/joaquinbeltran\/wp-json\/wp\/v2\/pages"}],"about":[{"href":"https:\/\/webs.uab.cat\/joaquinbeltran\/wp-json\/wp\/v2\/types\/page"}],"author":[{"embeddable":true,"href":"https:\/\/webs.uab.cat\/joaquinbeltran\/wp-json\/wp\/v2\/users\/20"}],"replies":[{"embeddable":true,"href":"https:\/\/webs.uab.cat\/joaquinbeltran\/wp-json\/wp\/v2\/comments?post=154"}],"version-history":[{"count":3,"href":"https:\/\/webs.uab.cat\/joaquinbeltran\/wp-json\/wp\/v2\/pages\/154\/revisions"}],"predecessor-version":[{"id":890,"href":"https:\/\/webs.uab.cat\/joaquinbeltran\/wp-json\/wp\/v2\/pages\/154\/revisions\/890"}],"wp:attachment":[{"href":"https:\/\/webs.uab.cat\/joaquinbeltran\/wp-json\/wp\/v2\/media?parent=154"}],"curies":[{"name":"wp","href":"https:\/\/api.w.org\/{rel}","templated":true}]}}

<div class="wp-block-media-text is-stacked-on-mobile is-vertically-aligned-center" style="grid-template-columns:31% auto"><figure class="wp-block-media-text__media"><img loading="lazy" decoding="async" width="200" height="138" src="https://webs.uab.cat/joaquinbeltran/wp-content/uploads/sites/111/2013/04/expo-foto.jpg" alt="expo foto" class="wp-image-549 size-full" /></figure><div class="wp-block-media-text__content">
<p>Exposición de fotografía colectiva &#8220;<a href="http://www.confuciobarcelona.es/index.php/actividades/cultura/cultura/560-miradas-y-perspectivas-china-desde-espana" target="_blank" rel="noreferrer noopener"><strong>Mirades i perspectives. La Xina des d’Espanya</strong></a>&#8220;<br>Artistas: <strong>Sergi Bernal</strong>, <strong>Víctor Cañellas</strong>, <strong>Ferrán Castrillo</strong>, <strong>César Merino</strong>, <strong>Sara Janini</strong> i <strong>Carles Mercader</strong>.</p>



<p>Del 8 al 31 de mayo de 2013<br><a href="http://www.golferichs.org/exposicions/sala-golferichs-el-xalet/mirades-i-perspectives-la-xina-des-despanya/" target="_blank" rel="noreferrer noopener">Centre Cívic Golferichs</a><br>F. Català-Roca, Espai de fotografia<br>Gran Via, 491 &#8211; 08015 Barcelona</p>



<p>Organizada por<strong> Joaquín Beltrán</strong> y <strong>Ferrán Castrillo</strong>, Fundación Instituto Confucio de Barcelona en colaboración con el Grupo de Investigación <a href="http://www.fti.uab.es/interasia/" target="_blank" rel="noreferrer noopener">InterAsia</a> UAB.<br>Financiada por FICB/Hanban. En colaboración con el Grupo de Investigación InterAsia UAB.</p>
</div></div>



<div class="wp-block-media-text is-stacked-on-mobile is-vertically-aligned-center" style="grid-template-columns:31% auto"><figure class="wp-block-media-text__media"><img loading="lazy" decoding="async" width="945" height="709" src="https://webs.uab.cat/joaquinbeltran/wp-content/uploads/sites/111/2013/04/expo9.jpg" alt="expo9" class="wp-image-520 size-full" srcset="https://webs.uab.cat/joaquinbeltran/wp-content/uploads/sites/111/2013/04/expo9.jpg 945w, https://webs.uab.cat/joaquinbeltran/wp-content/uploads/sites/111/2013/04/expo9-300x225.jpg 300w, https://webs.uab.cat/joaquinbeltran/wp-content/uploads/sites/111/2013/04/expo9-768x576.jpg 768w" sizes="auto, (max-width: 945px) 100vw, 945px" /></figure><div class="wp-block-media-text__content">
<p><a href="http://pagines.uab.cat/joaquinbeltran/sites/pagines.uab.cat.joaquinbeltran/files/EXPO4_50X70_2.pdf" target="_blank" rel="noreferrer noopener"><strong>I</strong><strong>sabel Andreu</strong></a>&#8220;<strong>El embrujo de Shanghai</strong>&#8220;</p>



<p>Projectes deslocalitzats 2008</p>



<p>Direcció General de Joventut<br>Art Jove. Sala d&#8217;Art de la Generalitat<br>C/ Calàbria, 147- 08015 Barcelona</p>



<p>La información sobre la exposición en <a href="http://pagines.uab.cat/joaquinbeltran/sites/pagines.uab.cat.joaquinbeltran/files/isa%20newspaper-NEW%20DESIGN3.pdf" target="_blank" rel="noreferrer noopener">PDF</a>.</p>



<p><strong>Joaquín Beltrán Antolín</strong>. &#8220;<a href="http://pagines.uab.cat/joaquinbeltran/sites/pagines.uab.cat.joaquinbeltran/files/reader-NEW-sequence.pdf" target="_blank" rel="noreferrer noopener">The Yellow Peril</a>&#8220;.&nbsp;Asociación vasca de Estudios Orientales,&nbsp;8/10/2007. Bilbao.</p>
</div></div>

<p>Exposición de fotografía colectiva &#8220;Mirades i perspectives. La Xina des d’Espanya&#8220;Artistas: Sergi Bernal, Víctor Cañellas, Ferrán Castrillo, César Merino, Sara Janini i Carles Mercader. Del 8 al 31 de mayo de 2013Centre Cívic GolferichsF. Català-Roca, Espai de fotografiaGran Via, 491 &#8211; 08015 Barcelona Organizada por Joaquín Beltrán y Ferrán Castrillo, Fundación Instituto Confucio de Barcelona [&hellip;]</p>
