{"id":166,"date":"2013-04-26T23:31:46","date_gmt":"2013-04-26T23:31:46","guid":{"rendered":"https:\/\/webs.uab.cat\/joaquinbeltran\/puestos-en-editoriales\/"},"modified":"2025-02-26T11:44:20","modified_gmt":"2025-02-26T11:44:20","slug":"puestos-en-editoriales","status":"publish","type":"page","link":"https:\/\/webs.uab.cat\/joaquinbeltran\/puestos-en-editoriales\/","title":{"rendered":"Puestos en editoriales"},"content":{"rendered":"\n<p>Director de la <a href=\"http:\/\/www.ed-bellaterra.com\/admin2\/uploads\/docs\/20160420103254-1.pdf\" target=\"_blank\" rel=\"noopener\">Biblioteca de China contempor\u00e1nea<\/a>, de <a href=\"http:\/\/www.ed-bellaterra.com\/\" target=\"_blank\" rel=\"noopener\">Edicions Bellaterra<\/a> (Barcelona) desde 1997.<\/p>\n\n\n\n<p>Director de <a href=\"http:\/\/www.fti.uab.es\/interasia\/english\/work\/interasiapapers.html\" target=\"_blank\" rel=\"noopener\">InterAsia Papers<\/a>. Centre d\u2019Estudis i Recerca sobre \u00c0sia Oriental, UAB.<\/p>\n\n\n\n<p>Miembro del Consejo Editorial de la <a href=\"http:\/\/www.riem.es\/espanol\/seccion.php?idseccion=6\" target=\"_blank\" rel=\"noopener\">Revista Internacional de Estudios Migratorios<\/a>. Editada por el Centro de Estudios Migratorios y Relaciones Inter\u00e9tnicas (CEMyRI) de la Universidad de Almer\u00eda.<\/p>\n\n\n\n<p>Miembro del Consejo asesor de <a href=\"https:\/\/www.antropologia.cat\/publicacions-ica\/quaderns\/\">Quaderns<\/a> y de <a href=\"https:\/\/www.antropologia.cat\/publicacions-ica\/quaderns-e\/consell-assessor\/\">Quaderns-e<\/a>. Institut Catal\u00e0 d\u2019Antropologia.<\/p>\n\n\n\n<p>Miembro del Consejo Editorial de <a href=\"http:\/\/revpubli.unileon.es\/index.php\/sinologia\/index\"><em>Sinologia Hisp\u00e1nica. China Studies Review<\/em><\/a>. Instituto Confucio de la Universidad de Le\u00f3n. (desde 2018)<\/p>\n\n\n\n<p class=\"has-large-font-size\"><strong>Evaluador para las revistas acad\u00e9micas:<\/strong><\/p>\n\n\n\n<p>Revista de Psicolog\u00eda Social Aplicada (Universidad de Alicante)<\/p>\n\n\n\n<p><a href=\"http:\/\/hispania.revistas.csic.es\/index.php\/hispania\" target=\"_blank\" rel=\"noopener\">Hispania<\/a> (CSIC)<\/p>\n\n\n\n<p><a href=\"http:\/\/pendientedemigracion.ucm.es\/info\/dptoants\/revista.html\" target=\"_blank\" rel=\"noopener\">Revista de Antropolog\u00eda Social<\/a> (Univ. Complutense de Madrid)<\/p>\n\n\n\n<p><a href=\"http:\/\/arbor.revistas.csic.es\/index.php\/arbor\">Arbor. Ciencia, Pensamiento, Cultura<\/a> (CSIC) (Mayo 2014) ISSN: 0210-1963<\/p>\n\n\n\n<p><a href=\"http:\/\/rediao.org\/site\/\">Revista Iberoamericana de Estudios de Asia Oriental<\/a> (Univ. Aut\u00f3noma de Madrid)<\/p>\n\n\n\n<p><a href=\"http:\/\/lym.linguas.net\/\">Lengua y Migraci\u00f3n \/ Language &amp; Migration<\/a> (Universidad de Alcal\u00e1) ISSN: 1889-5425<\/p>\n\n\n\n<p><a href=\"http:\/\/www.inderscience.com\/jhome.php?jcode=ijesb\">International Journal of Entrepreneurship and Small Business<\/a> ISSN: 1741-8054, 1476-1297 (abril 2016) Inderscience SJR Q3<\/p>\n\n\n\n<p><a href=\"http:\/\/revistas.upcomillas.es\/index.php\/revistamigraciones\">Migraciones. Revista del Instituto Universitario sobre Migraciones<\/a> (Universidad Pontificia de Comillas) (abril 2016) (julio 2017) (abril 2021)<\/p>\n\n\n\n<p><a href=\"http:\/\/fes-sociologia.com\/bienvenidos-as-a-la-revista-espanola-de-sociologia\/pages\/123\/\">Revista Espa\u00f1ola de Sociologia<\/a> (Federaci\u00f3n Espa\u00f1ola de Sociolog\u00eda) (junio 2016)<\/p>\n\n\n\n<p><a href=\"http:\/\/www.raco.cat\/index.php\/REAF\/index\" target=\"_blank\" rel=\"noopener\">Revista d\u2019Estudis Auton\u00f2mics i Federals (REAF)<\/a>. Generalitat de Catalunya. Institut d&#8217;Estudis de l&#8217;Autogovern (julio 2016)<\/p>\n\n\n\n<p class=\"has-small-font-size\"><a href=\"http:\/\/revistes.uab.cat\/dag\">Documents d&#8217;An\u00e0lisi Geogr\u00e0fica<\/a>. Universitat Aut\u00f2noma de Barcelona (julio 2016)<\/p>\n\n\n\n<p><a href=\"https:\/\/www.raco.cat\/index.php\/Dictatorships-Democracies\">Dictatorships and Democracies<\/a> (diciembre 2017) ISSN: 2564-8829<\/p>\n\n\n\n<p><a href=\"https:\/\/revistas.ucm.es\/index.php\/CRLA\">Cuaderno de Relaciones Laborales<\/a> (julio 2018) p-ISSN 1131-8635&nbsp; |&nbsp;&nbsp;e-ISSN 1988-2572&nbsp; |&nbsp;&nbsp;ISSN-L 1131-8635<\/p>\n\n\n\n<p><a href=\"http:\/\/www.reis.cis.es\/REIS\/html\/index.html\">Revista Espa\u00f1ola de Investigaciones Sociol\u00f3gicas<\/a> (julio 2018) p-ISSN 0210-5233&nbsp; e-ISSN 1988-5903<\/p>\n\n\n\n<p><a href=\"https:\/\/ojs.uv.es\/index.php\/qfilologia\">Quaderns de Filologia de la Universitat de Valencia<\/a> (septiembre 2018) p-ISSN 1135-416X e-ISSN 2444-1449<\/p>\n\n\n\n<p><a href=\"https:\/\/onlinelibrary.wiley.com\/journal\/14682435\">International Migration<\/a> (enero 2019) e-ISSN 1468-2435<\/p>\n\n\n\n<p><a href=\"https:\/\/revistas.utadeo.edu.co\/index.php\/razoncritica\/index\">Raz\u00f3n Cr\u00edtica. Revista de Estudios Jur\u00eddicos, Sociales y Humanos<\/a>. (junio 2019)<strong> (<\/strong>ISSN 2500-7807, e-ISSN 2539-5300). Universidad de Bogot\u00e1 Jorge Tadeo Lozano.<\/p>\n\n\n\n<p><a href=\"http:\/\/espacialidades.cua.uam.mx\/\">Espacialidades. Revista de temas contempor\u00e1neos sobre lugares, pol\u00edtica y cultura<\/a>. Universidad Aut\u00f3noma Metropolitana. Unidad Cuajimalpa. (Julio 2019) ISSN 2007-560X<\/p>\n\n\n\n<p><a href=\"http:\/\/cultureandhistory.revistas.csic.es\/index.php\/cultureandhistory\">Culture &amp; History Digital Journal <\/a>(CSIC) ISSN e: 2353-797X (abril 2020) (julio 2020) (diciembre 2020)<\/p>\n\n\n\n<p><a href=\"https:\/\/revistas.ucm.es\/index.php\/GEOP\">Geopol\u00edtica(s). Revista de estudios sobre espacio y poder<\/a> (Universidad Complutense de Madrid) p-ISSN 2172-3958; e-ISSN&nbsp;2172-7155 (octubre 2020)<\/p>\n\n\n\n<p><a href=\"http:\/\/revistas.uned.es\/index.php\/Tendencias\/index\">Tendencias Sociales. Revista de Sociolog\u00eda<\/a> (UNED) e-ISSN:&nbsp;2603-8366 (diciembre 2020)<\/p>\n\n\n\n<p class=\"has-large-font-size\"><strong>Evaluador para<\/strong>:<\/p>\n\n\n\n<p><a href=\"http:\/\/www.eusal.es\/\" target=\"_blank\" rel=\"noopener\">Servicio de Publicaciones de la Universidad de Salamanca<\/a>.<\/p>\n\n\n\n<p>Publicaciones del CSIC.<\/p>\n\n\n\n<p>Social Sciences in Asia Monograph Series, published by <a href=\"http:\/\/www.brill.com\/\" target=\"_blank\" rel=\"noopener\">Brill publishers<\/a>, Leiden. The editors are currently based at the Department of Sociology, National University of Singapore. (2009-10)<\/p>\n\n\n\n<p>Instituto Unidad de Investigaciones Jur\u00eddico-Sociales \u201cGerardo Molina\u201d (UNIJUS) de la Universidad Nacional de Colombia. 01\/10\/2013<\/p>\n\n\n\n<p><em>II Certamen de tesis doctorales sobre migraciones<\/em>. <a href=\"http:\/\/congresomigraciones2012.com\/\" target=\"_blank\" rel=\"noopener\">VII Congreso sobre Migraciones Internacionales en Espa\u00f1a<\/a>. Universidad del Pa\u00eds Vasco, Bilbao, 11-13 de abril de 2012.<\/p>\n","protected":false},"excerpt":{"rendered":"<p>Director de la Biblioteca de China contempor\u00e1nea, de Edicions Bellaterra (Barcelona) desde 1997. Director de InterAsia Papers. Centre d\u2019Estudis i Recerca sobre \u00c0sia Oriental, UAB. Miembro del Consejo Editorial de la Revista Internacional de Estudios Migratorios. Editada por el Centro de Estudios Migratorios y Relaciones Inter\u00e9tnicas (CEMyRI) de la Universidad de Almer\u00eda. Miembro del Consejo [&hellip;]<\/p>\n","protected":false},"author":20,"featured_media":0,"parent":0,"menu_order":0,"comment_status":"closed","ping_status":"closed","template":"","meta":{"footnotes":""},"class_list":["post-166","page","type-page","status-publish","hentry"],"_links":{"self":[{"href":"https:\/\/webs.uab.cat\/joaquinbeltran\/wp-json\/wp\/v2\/pages\/166","targetHints":{"allow":["GET"]}}],"collection":[{"href":"https:\/\/webs.uab.cat\/joaquinbeltran\/wp-json\/wp\/v2\/pages"}],"about":[{"href":"https:\/\/webs.uab.cat\/joaquinbeltran\/wp-json\/wp\/v2\/types\/page"}],"author":[{"embeddable":true,"href":"https:\/\/webs.uab.cat\/joaquinbeltran\/wp-json\/wp\/v2\/users\/20"}],"replies":[{"embeddable":true,"href":"https:\/\/webs.uab.cat\/joaquinbeltran\/wp-json\/wp\/v2\/comments?post=166"}],"version-history":[{"count":3,"href":"https:\/\/webs.uab.cat\/joaquinbeltran\/wp-json\/wp\/v2\/pages\/166\/revisions"}],"predecessor-version":[{"id":907,"href":"https:\/\/webs.uab.cat\/joaquinbeltran\/wp-json\/wp\/v2\/pages\/166\/revisions\/907"}],"wp:attachment":[{"href":"https:\/\/webs.uab.cat\/joaquinbeltran\/wp-json\/wp\/v2\/media?parent=166"}],"curies":[{"name":"wp","href":"https:\/\/api.w.org\/{rel}","templated":true}]}}