{"id":408,"date":"2025-01-29T10:27:58","date_gmt":"2025-01-29T08:27:58","guid":{"rendered":"https:\/\/webs.uab.cat\/jornadas-cau\/seu-de-les-jornades\/larquitectura\/"},"modified":"2025-01-29T10:27:58","modified_gmt":"2025-01-29T08:27:58","slug":"larquitectura","status":"publish","type":"page","link":"https:\/\/webs.uab.cat\/jornadas-cau\/ca\/seu-de-les-jornades\/larquitectura\/","title":{"rendered":"L&#8217;arquitectura"},"content":{"rendered":"\n<figure class=\"wp-block-image size-large\"><img loading=\"lazy\" decoding=\"async\" width=\"1024\" height=\"768\" src=\"https:\/\/webs.uab.cat\/jornadas-cau\/wp-content\/uploads\/sites\/570\/2025\/01\/aula-magna-1024x768.jpg\" alt=\"\" class=\"wp-image-174\" srcset=\"https:\/\/webs.uab.cat\/jornadas-cau\/wp-content\/uploads\/sites\/570\/2025\/01\/aula-magna-1024x768.jpg 1024w, https:\/\/webs.uab.cat\/jornadas-cau\/wp-content\/uploads\/sites\/570\/2025\/01\/aula-magna-300x225.jpg 300w, https:\/\/webs.uab.cat\/jornadas-cau\/wp-content\/uploads\/sites\/570\/2025\/01\/aula-magna-768x576.jpg 768w, https:\/\/webs.uab.cat\/jornadas-cau\/wp-content\/uploads\/sites\/570\/2025\/01\/aula-magna-1536x1152.jpg 1536w, https:\/\/webs.uab.cat\/jornadas-cau\/wp-content\/uploads\/sites\/570\/2025\/01\/aula-magna-1200x900.jpg 1200w, https:\/\/webs.uab.cat\/jornadas-cau\/wp-content\/uploads\/sites\/570\/2025\/01\/aula-magna.jpg 1600w\" sizes=\"auto, (max-width: 1024px) 100vw, 1024px\" \/><\/figure>\n\n\n\n<p class=\"wp-block-paragraph\">La Casa, amb una superf\u00edcie de 6.245 m\u00b2 distribu\u00efts en quatre plantes i un soterrani, \u00e9s un edifici singular amb una arquitectura rica en elements modernistes. A nivell estructural, mant\u00e9 la tradici\u00f3 catalana modernista de sostres formats per voltes de ma\u00f3 pla i bigues met\u00e0l\u00b7liques que tensionen els arcs resistents rebaixats, constru\u00efts amb ma\u00f3 vist en sardinell.<\/p>\n\n\n\n<p class=\"wp-block-paragraph\">L&#8217;entrada monumental d\u00f3na pas al vest\u00edbul, on les columnes i els capitells s\u00f3n de pedra natural, els arcs i els murs de f\u00e0brica de ma\u00f3 vist, i les baranes, alf\u00e9izars i balaustrades, de pedra artificial. En aquest espai trobem quatre murals amb rajoles policromades que expliquen la hist\u00f2ria de les fam\u00edlies donants que van fer possible la construcci\u00f3 de l&#8217;antiga Casa del carrer del Carme: l&#8217;escut d&#8217;armes de la fam\u00edlia Gualba, el de les fam\u00edlies Astor i Soler i el de la fam\u00edlia Ferran. Aquest \u00faltim, representat per un motiu d&#8217;una ferradura de sis claus, es repeteix en les rajoles del s\u00f2l de l&#8217;edifici com a record del principal benefactor de la primera Casa de la Convalesc\u00e8ncia.<\/p>\n\n\n\n<p class=\"wp-block-paragraph\">A la planta baixa, totes les sales estan adornades amb frisos de ma\u00f3 vidriat, i es conserven panells de rajoles, fabricats a les f\u00e0briques d&#8217;Esplugues i Manises, en els quals destaquen les llegendes de les virtuts Fe, Esperan\u00e7a i Caritat, aix\u00ed com altres al\u00b7lusions de car\u00e0cter religi\u00f3s. A les escales que condueixen als pisos superiors, els esglaons s\u00f3n de marbre o de pedra calc\u00e0ria.<\/p>\n\n\n\n<p class=\"wp-block-paragraph\">L&#8217;antiga capella, ara convertida en Aula Magna, presenta una proporci\u00f3 acusadament vertical amb una gran c\u00fapula central sostenida per peixines, arcs de ma\u00f3 vist en sardinell i columnes de pedra polida. L&#8217;altar major, que originalment comptava amb un retaule extraordinari representant a Sant Jordi, estava fet d&#8217;alabastre esculpit en estil barroc, amb columnes en forma d&#8217;espiral i una gran quantitat de relleus decoratius.<\/p>\n","protected":false},"excerpt":{"rendered":"<p>La Casa, amb una superf\u00edcie de 6.245 m\u00b2 distribu\u00efts en quatre plantes i un soterrani, \u00e9s un edifici singular amb una arquitectura rica en elements modernistes. A nivell estructural, mant\u00e9 la tradici\u00f3 catalana modernista de sostres formats per voltes de ma\u00f3 pla i bigues met\u00e0l\u00b7liques que tensionen els arcs resistents rebaixats, constru\u00efts amb ma\u00f3 vist [&hellip;]<\/p>\n","protected":false},"author":3028,"featured_media":0,"parent":403,"menu_order":2,"comment_status":"closed","ping_status":"closed","template":"","meta":{"footnotes":""},"class_list":["post-408","page","type-page","status-publish","hentry"],"_links":{"self":[{"href":"https:\/\/webs.uab.cat\/jornadas-cau\/ca\/wp-json\/wp\/v2\/pages\/408","targetHints":{"allow":["GET"]}}],"collection":[{"href":"https:\/\/webs.uab.cat\/jornadas-cau\/ca\/wp-json\/wp\/v2\/pages"}],"about":[{"href":"https:\/\/webs.uab.cat\/jornadas-cau\/ca\/wp-json\/wp\/v2\/types\/page"}],"author":[{"embeddable":true,"href":"https:\/\/webs.uab.cat\/jornadas-cau\/ca\/wp-json\/wp\/v2\/users\/3028"}],"replies":[{"embeddable":true,"href":"https:\/\/webs.uab.cat\/jornadas-cau\/ca\/wp-json\/wp\/v2\/comments?post=408"}],"version-history":[{"count":0,"href":"https:\/\/webs.uab.cat\/jornadas-cau\/ca\/wp-json\/wp\/v2\/pages\/408\/revisions"}],"up":[{"embeddable":true,"href":"https:\/\/webs.uab.cat\/jornadas-cau\/ca\/wp-json\/wp\/v2\/pages\/403"}],"wp:attachment":[{"href":"https:\/\/webs.uab.cat\/jornadas-cau\/ca\/wp-json\/wp\/v2\/media?parent=408"}],"curies":[{"name":"wp","href":"https:\/\/api.w.org\/{rel}","templated":true}]}}

<figure class="wp-block-image size-large"><img loading="lazy" decoding="async" width="1024" height="768" src="https://webs.uab.cat/jornadas-cau/wp-content/uploads/sites/570/2025/01/aula-magna-1024x768.jpg" alt="" class="wp-image-174" srcset="https://webs.uab.cat/jornadas-cau/wp-content/uploads/sites/570/2025/01/aula-magna-1024x768.jpg 1024w, https://webs.uab.cat/jornadas-cau/wp-content/uploads/sites/570/2025/01/aula-magna-300x225.jpg 300w, https://webs.uab.cat/jornadas-cau/wp-content/uploads/sites/570/2025/01/aula-magna-768x576.jpg 768w, https://webs.uab.cat/jornadas-cau/wp-content/uploads/sites/570/2025/01/aula-magna-1536x1152.jpg 1536w, https://webs.uab.cat/jornadas-cau/wp-content/uploads/sites/570/2025/01/aula-magna-1200x900.jpg 1200w, https://webs.uab.cat/jornadas-cau/wp-content/uploads/sites/570/2025/01/aula-magna.jpg 1600w" sizes="auto, (max-width: 1024px) 100vw, 1024px" /></figure>



<p class="wp-block-paragraph">La Casa, amb una superfície de 6.245 m² distribuïts en quatre plantes i un soterrani, és un edifici singular amb una arquitectura rica en elements modernistes. A nivell estructural, manté la tradició catalana modernista de sostres formats per voltes de maó pla i bigues metàl·liques que tensionen els arcs resistents rebaixats, construïts amb maó vist en sardinell.</p>



<p class="wp-block-paragraph">L&#8217;entrada monumental dóna pas al vestíbul, on les columnes i els capitells són de pedra natural, els arcs i els murs de fàbrica de maó vist, i les baranes, alféizars i balaustrades, de pedra artificial. En aquest espai trobem quatre murals amb rajoles policromades que expliquen la història de les famílies donants que van fer possible la construcció de l&#8217;antiga Casa del carrer del Carme: l&#8217;escut d&#8217;armes de la família Gualba, el de les famílies Astor i Soler i el de la família Ferran. Aquest últim, representat per un motiu d&#8217;una ferradura de sis claus, es repeteix en les rajoles del sòl de l&#8217;edifici com a record del principal benefactor de la primera Casa de la Convalescència.</p>



<p class="wp-block-paragraph">A la planta baixa, totes les sales estan adornades amb frisos de maó vidriat, i es conserven panells de rajoles, fabricats a les fàbriques d&#8217;Esplugues i Manises, en els quals destaquen les llegendes de les virtuts Fe, Esperança i Caritat, així com altres al·lusions de caràcter religiós. A les escales que condueixen als pisos superiors, els esglaons són de marbre o de pedra calcària.</p>



<p class="wp-block-paragraph">L&#8217;antiga capella, ara convertida en Aula Magna, presenta una proporció acusadament vertical amb una gran cúpula central sostenida per peixines, arcs de maó vist en sardinell i columnes de pedra polida. L&#8217;altar major, que originalment comptava amb un retaule extraordinari representant a Sant Jordi, estava fet d&#8217;alabastre esculpit en estil barroc, amb columnes en forma d&#8217;espiral i una gran quantitat de relleus decoratius.</p>

<p>La Casa, amb una superfície de 6.245 m² distribuïts en quatre plantes i un soterrani, és un edifici singular amb una arquitectura rica en elements modernistes. A nivell estructural, manté la tradició catalana modernista de sostres formats per voltes de maó pla i bigues metàl·liques que tensionen els arcs resistents rebaixats, construïts amb maó vist [&hellip;]</p>
