{"id":138,"date":"2025-01-29T09:26:43","date_gmt":"2025-01-29T07:26:43","guid":{"rendered":"https:\/\/webs.uab.cat\/jornadas-cau\/?page_id=138"},"modified":"2025-06-11T12:56:46","modified_gmt":"2025-06-11T10:56:46","slug":"inscripcions","status":"publish","type":"page","link":"https:\/\/webs.uab.cat\/jornadas-cau\/inscripcions\/","title":{"rendered":"Inscripciones y alojamiento"},"content":{"rendered":"\n<p><\/p>\n\n\n\n<p>El per\u00edodo de inscripci\u00f3n y las tarifas son las siguientes:<\/p>\n\n\n\n<ul class=\"wp-block-list\">\n<li><strong>Hasta el 11 de julio:<\/strong>\n<ul class=\"wp-block-list\">\n<li>130 \u20ac para miembros de ICA o CAU<\/li>\n\n\n\n<li>150 \u20ac para no miembros<\/li>\n<\/ul>\n<\/li>\n\n\n\n<li><strong>A partir del 12 de julio:<\/strong>\n<ul class=\"wp-block-list\">\n<li>150 \u20ac para miembros de ICA o CAU<\/li>\n\n\n\n<li>180 \u20ac para no miembros<\/li>\n<\/ul>\n<\/li>\n<\/ul>\n\n\n\n<p>Para formalizar la inscripci\u00f3n, es necesario completar el siguiente formulario:<\/p>\n\n\n\n<p><strong>\ud83d\udc49 <a href=\"https:\/\/gruporic.servicioapps.com\/w\/cau\/196269\/inscripciones?lang=es\" target=\"_blank\" rel=\"noreferrer noopener\"><strong>Formulario de inscripci\u00f3n<\/strong><\/a><\/strong><\/p>\n","protected":false},"excerpt":{"rendered":"<p>El per\u00edodo de inscripci\u00f3n y las tarifas son las siguientes: Para formalizar la inscripci\u00f3n, es necesario completar el siguiente formulario: \ud83d\udc49 Formulario de inscripci\u00f3n<\/p>\n","protected":false},"author":3028,"featured_media":0,"parent":0,"menu_order":2,"comment_status":"closed","ping_status":"closed","template":"","meta":{"footnotes":""},"class_list":["post-138","page","type-page","status-publish","hentry"],"_links":{"self":[{"href":"https:\/\/webs.uab.cat\/jornadas-cau\/wp-json\/wp\/v2\/pages\/138","targetHints":{"allow":["GET"]}}],"collection":[{"href":"https:\/\/webs.uab.cat\/jornadas-cau\/wp-json\/wp\/v2\/pages"}],"about":[{"href":"https:\/\/webs.uab.cat\/jornadas-cau\/wp-json\/wp\/v2\/types\/page"}],"author":[{"embeddable":true,"href":"https:\/\/webs.uab.cat\/jornadas-cau\/wp-json\/wp\/v2\/users\/3028"}],"replies":[{"embeddable":true,"href":"https:\/\/webs.uab.cat\/jornadas-cau\/wp-json\/wp\/v2\/comments?post=138"}],"version-history":[{"count":7,"href":"https:\/\/webs.uab.cat\/jornadas-cau\/wp-json\/wp\/v2\/pages\/138\/revisions"}],"predecessor-version":[{"id":561,"href":"https:\/\/webs.uab.cat\/jornadas-cau\/wp-json\/wp\/v2\/pages\/138\/revisions\/561"}],"wp:attachment":[{"href":"https:\/\/webs.uab.cat\/jornadas-cau\/wp-json\/wp\/v2\/media?parent=138"}],"curies":[{"name":"wp","href":"https:\/\/api.w.org\/{rel}","templated":true}]}}