{"id":206,"date":"2015-11-05T21:00:12","date_gmt":"2015-11-05T21:00:12","guid":{"rendered":"https:\/\/webs.uab.cat\/dcs\/presentacio-xii-jornades\/"},"modified":"2022-08-04T09:11:32","modified_gmt":"2022-08-04T09:11:32","slug":"presentacio-xii-jornades","status":"publish","type":"page","link":"https:\/\/webs.uab.cat\/jornadesdcs\/presentacio-xii-jornades\/","title":{"rendered":"XII Jornades"},"content":{"rendered":"\n<h2 class=\"wp-block-heading\">Presentaci\u00f3<\/h2>\n\n\n\n<p>&nbsp; &nbsp; &nbsp; &nbsp; &nbsp; &nbsp; L\u2019ensenyament de les ci\u00e8ncies socials, de la geografia i de la hist\u00f2ria ha estat tradicionalment m\u00e9s centrat en els territoris, en els llocs i&nbsp;&nbsp;en determinats fets que han succe\u00eft en el passat i en el present, que en les persones \u2013els homes i les dones- que els han protagonitzat. Des de ja fa temps, la recerca en hist\u00f2ria, en geografia i en altres ci\u00e8ncies socials s\u2019ha centrat en esbrinar qu\u00e8 fan i qu\u00e8 han fet els homes i les dones com a homes i dones, com a persones individuals, i com a membres de grups: de grups d\u2019edat (nens i nenes, gent gran) i de g\u00e8nere (homes i dones), de grups \u00e8tnics (minories entre nosaltres, per\u00f2 majories en els seus pa\u00efsos d\u2019origen), de grup religiosos, de grups segons l\u2019orientaci\u00f3 sexual, etc&#8230; Ara b\u00e9 el curr\u00edculum i moltes pr\u00e0ctiques docents segueixen estan protagonitzades fonamentalment per una minoria d\u2019homes blancs i amb poder pol\u00edtic, militar, econ\u00f2mic o religi\u00f3s. L\u2019enfocament de l\u2019ensenyament de les ci\u00e8ncies socials \u00e9s, alhora, egoc\u00e8ntric, socioc\u00e8ntric, androc\u00e8ntric, euroc\u00e8ntric, hom\u00f2fob, xovinista, etc.&nbsp;<\/p>\n\n\n\n<p>&nbsp;&nbsp;&nbsp; Els prop\u00f2sits de les XII Jornades Internacionals de Recerca en Did\u00e0ctica de les Ci\u00e8ncies Socials es centren en dos eixos: (1) la formaci\u00f3 del pensament hist\u00f2ric, geogr\u00e0fic i social i (2) el paper que tenen i el que haurien de tenir tots i totes les protagonistes del passat i del present, siguin grups o siguin persones.<br>&nbsp;&nbsp;&nbsp; Ens ha semblat que el t\u00edtol \u201cCom ens pensem? Protagonistes de l\u2019ensenyament de les ci\u00e8ncies socials i la formaci\u00f3 del pensament hist\u00f2ric, geogr\u00e0fic i social\u201d recull aquests dos eixos i ens permeten analitzar i valorar:<br>&#8211;&nbsp;&nbsp;&nbsp;&nbsp;&nbsp;&nbsp;&nbsp;&nbsp;&nbsp;&nbsp;La situaci\u00f3 en el curr\u00edculum i en els materials curriculars,<br>&#8211;&nbsp;&nbsp;&nbsp;&nbsp;&nbsp;&nbsp;&nbsp;&nbsp;&nbsp;&nbsp;Les propostes curriculars i les alternatives educatives per fer visibles als grups que encara s\u00f3n invisibles i pel desenvolupament del pensament social i hist\u00f2ric,<br>&#8211;&nbsp;&nbsp;&nbsp;&nbsp;&nbsp;&nbsp;&nbsp;&nbsp;&nbsp;&nbsp;Les experi\u00e8ncies did\u00e0ctiques que es realitzen a infantil, prim\u00e0ria, secund\u00e0ria i batxillerat,<br>&#8211;&nbsp;&nbsp;&nbsp;&nbsp;&nbsp;&nbsp;&nbsp;&nbsp;&nbsp;&nbsp;Les recerques sobre la formaci\u00f3 del pensament social i hist\u00f2ric i sobre el paper dels grups i de les persones invisibles en l\u2019ensenyament,<br>&#8211;&nbsp;&nbsp;&nbsp;&nbsp;&nbsp;&nbsp;&nbsp;&nbsp;&nbsp;&nbsp;El tractament d\u2019aquests eixos en la formaci\u00f3 del professorat.<\/p>\n\n\n\n<h2 class=\"wp-block-heading\">Documents de treball:<\/h2>\n\n\n\n<ul class=\"wp-block-list\"><li><a href=\"https:\/\/ddd.uab.cat\/pub\/jorconmatpro\/2015\/200637\/2015-dossier-jornades-XII.pdf\" target=\"_blank\" rel=\"noopener\"><em>Resums de les pon\u00e8ncies, recerques i comunicacions<\/em><\/a><\/li><\/ul>\n","protected":false},"excerpt":{"rendered":"<p>Presentaci\u00f3 &nbsp; &nbsp; &nbsp; &nbsp; &nbsp; &nbsp; L\u2019ensenyament de les ci\u00e8ncies socials, de la geografia i de la hist\u00f2ria ha estat tradicionalment m\u00e9s centrat en els territoris, en els llocs i&nbsp;&nbsp;en determinats fets que han succe\u00eft en el passat i en el present, que en les persones \u2013els homes i les dones- que els han [&hellip;]<\/p>\n","protected":false},"author":20,"featured_media":0,"parent":0,"menu_order":0,"comment_status":"closed","ping_status":"closed","template":"","meta":{"footnotes":""},"class_list":["post-206","page","type-page","status-publish","hentry"],"_links":{"self":[{"href":"https:\/\/webs.uab.cat\/jornadesdcs\/wp-json\/wp\/v2\/pages\/206","targetHints":{"allow":["GET"]}}],"collection":[{"href":"https:\/\/webs.uab.cat\/jornadesdcs\/wp-json\/wp\/v2\/pages"}],"about":[{"href":"https:\/\/webs.uab.cat\/jornadesdcs\/wp-json\/wp\/v2\/types\/page"}],"author":[{"embeddable":true,"href":"https:\/\/webs.uab.cat\/jornadesdcs\/wp-json\/wp\/v2\/users\/20"}],"replies":[{"embeddable":true,"href":"https:\/\/webs.uab.cat\/jornadesdcs\/wp-json\/wp\/v2\/comments?post=206"}],"version-history":[{"count":1,"href":"https:\/\/webs.uab.cat\/jornadesdcs\/wp-json\/wp\/v2\/pages\/206\/revisions"}],"predecessor-version":[{"id":436,"href":"https:\/\/webs.uab.cat\/jornadesdcs\/wp-json\/wp\/v2\/pages\/206\/revisions\/436"}],"wp:attachment":[{"href":"https:\/\/webs.uab.cat\/jornadesdcs\/wp-json\/wp\/v2\/media?parent=206"}],"curies":[{"name":"wp","href":"https:\/\/api.w.org\/{rel}","templated":true}]}}

<h2 class="wp-block-heading">Presentació</h2>



<p>&nbsp; &nbsp; &nbsp; &nbsp; &nbsp; &nbsp; L’ensenyament de les ciències socials, de la geografia i de la història ha estat tradicionalment més centrat en els territoris, en els llocs i&nbsp;&nbsp;en determinats fets que han succeït en el passat i en el present, que en les persones –els homes i les dones- que els han protagonitzat. Des de ja fa temps, la recerca en història, en geografia i en altres ciències socials s’ha centrat en esbrinar què fan i què han fet els homes i les dones com a homes i dones, com a persones individuals, i com a membres de grups: de grups d’edat (nens i nenes, gent gran) i de gènere (homes i dones), de grups ètnics (minories entre nosaltres, però majories en els seus països d’origen), de grup religiosos, de grups segons l’orientació sexual, etc&#8230; Ara bé el currículum i moltes pràctiques docents segueixen estan protagonitzades fonamentalment per una minoria d’homes blancs i amb poder polític, militar, econòmic o religiós. L’enfocament de l’ensenyament de les ciències socials és, alhora, egocèntric, sociocèntric, androcèntric, eurocèntric, homòfob, xovinista, etc.&nbsp;</p>



<p>&nbsp;&nbsp;&nbsp; Els propòsits de les XII Jornades Internacionals de Recerca en Didàctica de les Ciències Socials es centren en dos eixos: (1) la formació del pensament històric, geogràfic i social i (2) el paper que tenen i el que haurien de tenir tots i totes les protagonistes del passat i del present, siguin grups o siguin persones.<br>&nbsp;&nbsp;&nbsp; Ens ha semblat que el títol “Com ens pensem? Protagonistes de l’ensenyament de les ciències socials i la formació del pensament històric, geogràfic i social” recull aquests dos eixos i ens permeten analitzar i valorar:<br>&#8211;&nbsp;&nbsp;&nbsp;&nbsp;&nbsp;&nbsp;&nbsp;&nbsp;&nbsp;&nbsp;La situació en el currículum i en els materials curriculars,<br>&#8211;&nbsp;&nbsp;&nbsp;&nbsp;&nbsp;&nbsp;&nbsp;&nbsp;&nbsp;&nbsp;Les propostes curriculars i les alternatives educatives per fer visibles als grups que encara són invisibles i pel desenvolupament del pensament social i històric,<br>&#8211;&nbsp;&nbsp;&nbsp;&nbsp;&nbsp;&nbsp;&nbsp;&nbsp;&nbsp;&nbsp;Les experiències didàctiques que es realitzen a infantil, primària, secundària i batxillerat,<br>&#8211;&nbsp;&nbsp;&nbsp;&nbsp;&nbsp;&nbsp;&nbsp;&nbsp;&nbsp;&nbsp;Les recerques sobre la formació del pensament social i històric i sobre el paper dels grups i de les persones invisibles en l’ensenyament,<br>&#8211;&nbsp;&nbsp;&nbsp;&nbsp;&nbsp;&nbsp;&nbsp;&nbsp;&nbsp;&nbsp;El tractament d’aquests eixos en la formació del professorat.</p>



<h2 class="wp-block-heading">Documents de treball:</h2>



<ul class="wp-block-list"><li><a href="https://ddd.uab.cat/pub/jorconmatpro/2015/200637/2015-dossier-jornades-XII.pdf" target="_blank" rel="noopener"><em>Resums de les ponències, recerques i comunicacions</em></a></li></ul>

<p>Presentació &nbsp; &nbsp; &nbsp; &nbsp; &nbsp; &nbsp; L’ensenyament de les ciències socials, de la geografia i de la història ha estat tradicionalment més centrat en els territoris, en els llocs i&nbsp;&nbsp;en determinats fets que han succeït en el passat i en el present, que en les persones –els homes i les dones- que els han [&hellip;]</p>
