{"id":230,"date":"2016-12-21T20:00:52","date_gmt":"2016-12-21T20:00:52","guid":{"rendered":"https:\/\/webs.uab.cat\/dcs\/xiv-jornades-internacionals-de-recerca-en-didactica-de-les-ciencies-socials\/"},"modified":"2022-08-04T09:17:09","modified_gmt":"2022-08-04T09:17:09","slug":"xiv-jornades-internacionals-de-recerca-en-didactica-de-les-ciencies-socials","status":"publish","type":"page","link":"https:\/\/webs.uab.cat\/jornadesdcs\/xiv-jornades-internacionals-de-recerca-en-didactica-de-les-ciencies-socials\/","title":{"rendered":"XIV Jornades Internacionals de Recerca en Did\u00e0ctica de les Ci\u00e8ncies Socials"},"content":{"rendered":"\n<p><strong>&#8211; XIV JORNADES INTERNACIONALS DE RECERCA EN DID\u00c0CTICA DE LES CI\u00c8NCIES SOCIALS &#8211;<\/strong><\/p>\n\n\n\n<p>En el seg\u00fcent enlla\u00e7 podeu consultar la publicaci\u00f3 de les XIV Jornades:&nbsp;&nbsp;<a href=\"https:\/\/ddd.uab.cat\/record\/195423\" target=\"_blank\" rel=\"noreferrer noopener\"><span style=\"color: #0000ff;\">https:\/\/ddd.uab.cat\/record\/195423<\/span><\/a><\/p>\n\n\n\n<p>En el seg\u00fcent enlla\u00e7 podreu descarregar el dossier de les XIV Jornades: <a href=\"https:\/\/drive.google.com\/open?id=0B9F8mrOaq_WxV0dsbkVFNE0tTlk\"><span style=\"color: #0000ff;\">Dossier&nbsp;<\/span><\/a><span style=\"color: #0000ff;\">&nbsp;<\/span><\/p>\n\n\n\n<h2 class=\"wp-block-heading\"><strong>PRESENTACI\u00d3<\/strong><\/h2>\n\n\n\n<blockquote class=\"wp-block-quote is-layout-flow wp-block-quote-is-layout-flow\"><p>\u201cMais enfin, vous n\u2019avez rien fait l\u2019an dernier ou quoi?\u201d C\u2019est toujours ce que l\u2019on finit par s\u2019\u00e9crier devant une classe qui semble n\u2019avoir rien retenu du programme de la classe pr\u00e9c\u00e9dente. Tristes destin\u00e9es: celle des enseignants qui enseignent pour enseigner, celle des \u00e9l\u00e8ves qui apprennent pour oublier. Plut\u00f4t que de pleurnicher, nous ferions bien d\u2019\u00eatre attentifs \u00e0 ce qui se passe sous nos yeux\u201d&nbsp;(p. 108)<\/p><p>(Mara GOYET. Des armes de transmission massive. Le D\u00e9bat 2013\/3 (n\u00ba 175). Difficile enseignement de l\u2019histoire, 108-115)<\/p><\/blockquote>\n\n\n\n<p><em>\u201cPer\u00f2, en fi, no v\u00e0reu fer res l\u2019any passat o qu\u00e8?\u201d \u00c9s sempre el que s\u2019acaba per exclamar davant d\u2019una classe que sembla no haver retingut res del programa de la classe precedent. Tristos destins: el dels i de les docents que ensenyen per ensenyar, el dels i de les alumnes que aprenen per oblidar. Prou de ploriquejar, far\u00edem b\u00e9 d\u2019estar atents al que passa davant dels nostres ulls\u201d.<\/em><\/p>\n\n\n\n<p>L\u2019any 2016 ha estat un any carregat d\u2019hist\u00f2ria, \u00e9s a dir, d\u2019esdeveniments i problemes que, sovint, han estat presentats en els mitjans com a hist\u00f2rics. La llista d\u2019aquests esdeveniments i dels problemes que afecten al conjunt de la humanitat tant en els \u00e0mbits de proximitat com a escala global \u00e9s molt llarga. S\u00f3n esdeveniments i problemes de diferents naturalesa:<\/p>\n\n\n\n<ul class=\"wp-block-list\"><li class=\"rtejustify\">els despla\u00e7aments i les migracions, la xenof\u00f2bia<\/li><li class=\"rtejustify\">la precarietat laboral o la pobresa<\/li><li class=\"rtejustify\">el desprestigi de la democr\u00e0cia, la corrupci\u00f3, els fonamentalismes o l\u2019increment de l\u2019autoritarisme<\/li><li class=\"rtejustify\">l\u2019\u00fas de la viol\u00e8ncia en la resoluci\u00f3 de conflictes, la perviv\u00e8ncia de guerres regionals i locals<\/li><li class=\"rtejustify\">els feminicidis, les intoler\u00e0ncies<\/li><li class=\"rtejustify\">els problemes ambientals, la sinistralitat,..<\/li><\/ul>\n\n\n\n<p>I un llarg etc\u00e8tera que es fa pal\u00e8s cada dia en la premsa i en les xarxes socials. S\u00f3n problemes i situacions que afecten en menor o major mesura a tots els habitants del planeta Terra, si b\u00e9 colpegen de manera diferents als rics que als pobres \u2013tant si ens referim a pa\u00efsos, regions o persones.<br>La majoria dels problemes del nostre m\u00f3n s\u00f3n exemples ben evidents d\u2019un m\u00f3n global caracteritzat per profunds desequilibris i per tota mena d\u2019injust\u00edcies. I tamb\u00e9 s\u00f3n exemples clars que avui els problemes de la humanitat dif\u00edcilment tindran solucions parcials \u2013locals, regionals, de classe o de grup- ja que tant les causes que els provoquen com les conseq\u00fc\u00e8ncies que generen tenen repercussions que van molt m\u00e9s enll\u00e0 de les fronteres constru\u00efdes.<\/p>\n\n\n\n<p>Mentrestant, el curr\u00edculum i les pr\u00e0ctiques de l\u2019ensenyament de les ci\u00e8ncies socials, de la geografia i de la hist\u00f2ria i de l\u2019educaci\u00f3 per a la ciutadania segueixen estan presidides per uns continguts allunyats dels problemes del present i de les seves arrels hist\u00f2riques. Hem de seguir mantenint l\u2019abisme que caracteritza la vida de les persones d\u2019all\u00f2 que estudien a les escoles? No \u00e9s possible un curr\u00edculum i unes pr\u00e0ctiques m\u00e9s centrades en aquelles situacions que ocupen i preocupen a les persones? Per qu\u00e8 segueix existint aquesta desconnexi\u00f3 entre el saber geogr\u00e0fic, hist\u00f2ric i social i la vida de les persones? Rep la formaci\u00f3 pertinent el professorat d\u2019infantil, prim\u00e0ria i secund\u00e0ria-batxillerat per considerar els problemes des de la perspectiva de la just\u00edcia social i de la ciutadania global? Qu\u00e8 ha de fer la universitat i qu\u00e8 han de fer les administracions per adequar el curr\u00edculum i les pr\u00e0ctiques als problemes als quals haur\u00e0 de donar \u2013d\u00f3na ja- resposta la ciutadania i els i les nostres alumnes?<\/p>\n\n\n\n<p><strong>Volem reflexionar sobre aquestes preguntes en les nostres XIV Jornades Internacionals de Recerca en Did\u00e0ctica de les Ci\u00e8ncies Socials. La nostra intenci\u00f3 \u00e9s plantejar els problemes per\u00f2 tamb\u00e9 apuntar i compartir solucions.<\/strong><\/p>\n\n\n\n<h2 class=\"wp-block-heading\"><strong>PONENTS<\/strong><\/h2>\n\n\n\n<p>Ivo Mattozzi, Libera Universit\u00e0 di Bolzano<br>Jes\u00fas Romero Morante, Universidad de Cantabria<br>Edda Sant, Manchester Metropolitan University<\/p>\n\n\n\n<p>&nbsp;<\/p>\n\n\n\n<figure class=\"wp-block-table\"><table><tbody><tr><td><img loading=\"lazy\" decoding=\"async\" class=\" size-full wp-image-226\" src=\"https:\/\/webs.uab.cat\/dcs\/wp-content\/uploads\/sites\/120\/2016\/12\/14jornades_triptic-2017-page-001.jpg\" alt=\"\" width=\"1432\" height=\"1014\" srcset=\"https:\/\/webs.uab.cat\/jornadesdcs\/wp-content\/uploads\/sites\/120\/2016\/12\/14jornades_triptic-2017-page-001.jpg 800w, https:\/\/webs.uab.cat\/jornadesdcs\/wp-content\/uploads\/sites\/120\/2016\/12\/14jornades_triptic-2017-page-001-300x212.jpg 300w, https:\/\/webs.uab.cat\/jornadesdcs\/wp-content\/uploads\/sites\/120\/2016\/12\/14jornades_triptic-2017-page-001-768x543.jpg 768w\" sizes=\"auto, (max-width: 1432px) 100vw, 1432px\" \/><\/td><\/tr><tr><td><img loading=\"lazy\" decoding=\"async\" class=\" size-full wp-image-228\" src=\"https:\/\/webs.uab.cat\/dcs\/wp-content\/uploads\/sites\/120\/2016\/12\/14jornades_triptic-2017-page-002.jpg\" alt=\"\" width=\"1431\" height=\"1011\" srcset=\"https:\/\/webs.uab.cat\/jornadesdcs\/wp-content\/uploads\/sites\/120\/2016\/12\/14jornades_triptic-2017-page-002.jpg 800w, https:\/\/webs.uab.cat\/jornadesdcs\/wp-content\/uploads\/sites\/120\/2016\/12\/14jornades_triptic-2017-page-002-300x212.jpg 300w, https:\/\/webs.uab.cat\/jornadesdcs\/wp-content\/uploads\/sites\/120\/2016\/12\/14jornades_triptic-2017-page-002-768x543.jpg 768w\" sizes=\"auto, (max-width: 1431px) 100vw, 1431px\" \/><\/td><\/tr><\/tbody><\/table><\/figure>\n","protected":false},"excerpt":{"rendered":"<p>&#8211; XIV JORNADES INTERNACIONALS DE RECERCA EN DID\u00c0CTICA DE LES CI\u00c8NCIES SOCIALS &#8211; En el seg\u00fcent enlla\u00e7 podeu consultar la publicaci\u00f3 de les XIV Jornades:&nbsp;&nbsp;https:\/\/ddd.uab.cat\/record\/195423 En el seg\u00fcent enlla\u00e7 podreu descarregar el dossier de les XIV Jornades: Dossier&nbsp;&nbsp; PRESENTACI\u00d3 \u201cMais enfin, vous n\u2019avez rien fait l\u2019an dernier ou quoi?\u201d C\u2019est toujours ce que l\u2019on finit [&hellip;]<\/p>\n","protected":false},"author":20,"featured_media":0,"parent":0,"menu_order":0,"comment_status":"closed","ping_status":"closed","template":"","meta":{"footnotes":""},"class_list":["post-230","page","type-page","status-publish","hentry"],"_links":{"self":[{"href":"https:\/\/webs.uab.cat\/jornadesdcs\/wp-json\/wp\/v2\/pages\/230","targetHints":{"allow":["GET"]}}],"collection":[{"href":"https:\/\/webs.uab.cat\/jornadesdcs\/wp-json\/wp\/v2\/pages"}],"about":[{"href":"https:\/\/webs.uab.cat\/jornadesdcs\/wp-json\/wp\/v2\/types\/page"}],"author":[{"embeddable":true,"href":"https:\/\/webs.uab.cat\/jornadesdcs\/wp-json\/wp\/v2\/users\/20"}],"replies":[{"embeddable":true,"href":"https:\/\/webs.uab.cat\/jornadesdcs\/wp-json\/wp\/v2\/comments?post=230"}],"version-history":[{"count":2,"href":"https:\/\/webs.uab.cat\/jornadesdcs\/wp-json\/wp\/v2\/pages\/230\/revisions"}],"predecessor-version":[{"id":440,"href":"https:\/\/webs.uab.cat\/jornadesdcs\/wp-json\/wp\/v2\/pages\/230\/revisions\/440"}],"wp:attachment":[{"href":"https:\/\/webs.uab.cat\/jornadesdcs\/wp-json\/wp\/v2\/media?parent=230"}],"curies":[{"name":"wp","href":"https:\/\/api.w.org\/{rel}","templated":true}]}}

XIV Jornades Internacionals de Recerca en Didàctica de les Ciències Socials

<p><strong>&#8211; XIV JORNADES INTERNACIONALS DE RECERCA EN DIDÀCTICA DE LES CIÈNCIES SOCIALS &#8211;</strong></p>



<p>En el següent enllaç podeu consultar la publicació de les XIV Jornades:&nbsp;&nbsp;<a href="https://ddd.uab.cat/record/195423" target="_blank" rel="noreferrer noopener"><span style="color: #0000ff;">https://ddd.uab.cat/record/195423</span></a></p>



<p>En el següent enllaç podreu descarregar el dossier de les XIV Jornades: <a href="https://drive.google.com/open?id=0B9F8mrOaq_WxV0dsbkVFNE0tTlk"><span style="color: #0000ff;">Dossier&nbsp;</span></a><span style="color: #0000ff;">&nbsp;</span></p>



<h2 class="wp-block-heading"><strong>PRESENTACIÓ</strong></h2>



<blockquote class="wp-block-quote is-layout-flow wp-block-quote-is-layout-flow"><p>“Mais enfin, vous n’avez rien fait l’an dernier ou quoi?” C’est toujours ce que l’on finit par s’écrier devant une classe qui semble n’avoir rien retenu du programme de la classe précédente. Tristes destinées: celle des enseignants qui enseignent pour enseigner, celle des élèves qui apprennent pour oublier. Plutôt que de pleurnicher, nous ferions bien d’être attentifs à ce qui se passe sous nos yeux”&nbsp;(p. 108)</p><p>(Mara GOYET. Des armes de transmission massive. Le Débat 2013/3 (nº 175). Difficile enseignement de l’histoire, 108-115)</p></blockquote>



<p><em>“Però, en fi, no vàreu fer res l’any passat o què?” És sempre el que s’acaba per exclamar davant d’una classe que sembla no haver retingut res del programa de la classe precedent. Tristos destins: el dels i de les docents que ensenyen per ensenyar, el dels i de les alumnes que aprenen per oblidar. Prou de ploriquejar, faríem bé d’estar atents al que passa davant dels nostres ulls”.</em></p>



<p>L’any 2016 ha estat un any carregat d’història, és a dir, d’esdeveniments i problemes que, sovint, han estat presentats en els mitjans com a històrics. La llista d’aquests esdeveniments i dels problemes que afecten al conjunt de la humanitat tant en els àmbits de proximitat com a escala global és molt llarga. Són esdeveniments i problemes de diferents naturalesa:</p>



<ul class="wp-block-list"><li class="rtejustify">els desplaçaments i les migracions, la xenofòbia</li><li class="rtejustify">la precarietat laboral o la pobresa</li><li class="rtejustify">el desprestigi de la democràcia, la corrupció, els fonamentalismes o l’increment de l’autoritarisme</li><li class="rtejustify">l’ús de la violència en la resolució de conflictes, la pervivència de guerres regionals i locals</li><li class="rtejustify">els feminicidis, les intoleràncies</li><li class="rtejustify">els problemes ambientals, la sinistralitat,..</li></ul>



<p>I un llarg etcètera que es fa palès cada dia en la premsa i en les xarxes socials. Són problemes i situacions que afecten en menor o major mesura a tots els habitants del planeta Terra, si bé colpegen de manera diferents als rics que als pobres –tant si ens referim a països, regions o persones.<br>La majoria dels problemes del nostre món són exemples ben evidents d’un món global caracteritzat per profunds desequilibris i per tota mena d’injustícies. I també són exemples clars que avui els problemes de la humanitat difícilment tindran solucions parcials –locals, regionals, de classe o de grup- ja que tant les causes que els provoquen com les conseqüències que generen tenen repercussions que van molt més enllà de les fronteres construïdes.</p>



<p>Mentrestant, el currículum i les pràctiques de l’ensenyament de les ciències socials, de la geografia i de la història i de l’educació per a la ciutadania segueixen estan presidides per uns continguts allunyats dels problemes del present i de les seves arrels històriques. Hem de seguir mantenint l’abisme que caracteritza la vida de les persones d’allò que estudien a les escoles? No és possible un currículum i unes pràctiques més centrades en aquelles situacions que ocupen i preocupen a les persones? Per què segueix existint aquesta desconnexió entre el saber geogràfic, històric i social i la vida de les persones? Rep la formació pertinent el professorat d’infantil, primària i secundària-batxillerat per considerar els problemes des de la perspectiva de la justícia social i de la ciutadania global? Què ha de fer la universitat i què han de fer les administracions per adequar el currículum i les pràctiques als problemes als quals haurà de donar –dóna ja- resposta la ciutadania i els i les nostres alumnes?</p>



<p><strong>Volem reflexionar sobre aquestes preguntes en les nostres XIV Jornades Internacionals de Recerca en Didàctica de les Ciències Socials. La nostra intenció és plantejar els problemes però també apuntar i compartir solucions.</strong></p>



<h2 class="wp-block-heading"><strong>PONENTS</strong></h2>



<p>Ivo Mattozzi, Libera Università di Bolzano<br>Jesús Romero Morante, Universidad de Cantabria<br>Edda Sant, Manchester Metropolitan University</p>



<p>&nbsp;</p>



<figure class="wp-block-table"><table><tbody><tr><td><img loading="lazy" decoding="async" class=" size-full wp-image-226" src="https://webs.uab.cat/dcs/wp-content/uploads/sites/120/2016/12/14jornades_triptic-2017-page-001.jpg" alt="" width="1432" height="1014" srcset="https://webs.uab.cat/jornadesdcs/wp-content/uploads/sites/120/2016/12/14jornades_triptic-2017-page-001.jpg 800w, https://webs.uab.cat/jornadesdcs/wp-content/uploads/sites/120/2016/12/14jornades_triptic-2017-page-001-300x212.jpg 300w, https://webs.uab.cat/jornadesdcs/wp-content/uploads/sites/120/2016/12/14jornades_triptic-2017-page-001-768x543.jpg 768w" sizes="auto, (max-width: 1432px) 100vw, 1432px" /></td></tr><tr><td><img loading="lazy" decoding="async" class=" size-full wp-image-228" src="https://webs.uab.cat/dcs/wp-content/uploads/sites/120/2016/12/14jornades_triptic-2017-page-002.jpg" alt="" width="1431" height="1011" srcset="https://webs.uab.cat/jornadesdcs/wp-content/uploads/sites/120/2016/12/14jornades_triptic-2017-page-002.jpg 800w, https://webs.uab.cat/jornadesdcs/wp-content/uploads/sites/120/2016/12/14jornades_triptic-2017-page-002-300x212.jpg 300w, https://webs.uab.cat/jornadesdcs/wp-content/uploads/sites/120/2016/12/14jornades_triptic-2017-page-002-768x543.jpg 768w" sizes="auto, (max-width: 1431px) 100vw, 1431px" /></td></tr></tbody></table></figure>

<p>&#8211; XIV JORNADES INTERNACIONALS DE RECERCA EN DIDÀCTICA DE LES CIÈNCIES SOCIALS &#8211; En el següent enllaç podeu consultar la publicació de les XIV Jornades:&nbsp;&nbsp;https://ddd.uab.cat/record/195423 En el següent enllaç podreu descarregar el dossier de les XIV Jornades: Dossier&nbsp;&nbsp; PRESENTACIÓ “Mais enfin, vous n’avez rien fait l’an dernier ou quoi?” C’est toujours ce que l’on finit [&hellip;]</p>
