{"id":111,"date":"2011-06-09T16:18:53","date_gmt":"2011-06-09T14:18:53","guid":{"rendered":"https:\/\/webs.uab.cat\/jverges\/assaig\/"},"modified":"2024-09-29T18:38:44","modified_gmt":"2024-09-29T16:38:44","slug":"assaig","status":"publish","type":"page","link":"https:\/\/webs.uab.cat\/jverges\/assaig\/","title":{"rendered":"Assaig"},"content":{"rendered":"\n<p><a href=\"https:\/\/webs.uab.cat\/jverges\/wp-admin\/edit.php?post_type=page\"><\/a><\/p>\n\n\n\n<p>WORKING PAPERS<\/p>\n\n\n\n<p class=\"has-text-align-center\"><strong><sub>Q\u00fcestions sociecon\u00f2miques, o d&#8217; Economia Pol\u00edtica<\/sub><\/strong> <sub>(l.v. = last version)<\/sub><\/p>\n\n\n\n<p><mark style=\"color:var(--color-negre)\" class=\"has-inline-color\">&#8211;<\/mark><sub>  The Cobb-Douglas production function&#8217;s underlying core role in the mainstream economics&#8217; paradigm. <em>SSRN,<\/em> vs. Apr 2024; &gt; <a href=\"https:\/\/papers.ssrn.com\/abstract=4785315\">pdf access.<\/a><\/sub><\/p>\n\n\n\n<p>&#8211;<sub> Deconstructing the macroeconomics IS-LM model: its assumptions and simplifications; <em>SSRN<\/em>, vs. Jan 2024; -&gt;<a href=\"https:\/\/papers.ssrn.com\/abstract=4688399\"> pdf access.<\/a><\/sub><\/p>\n\n\n\n<p>&#8211; <sub>The Electricity Market\u2019s Pricing &amp; Operation Design: An Unnecessarily Distorting and Costly Mechanism to Overcome;   SSRN, l.v., Dec 2023 ; <a href=\"https:\/\/papers.ssrn.com\/abstract=4655180\">&gt; pdf <\/a><\/sub> <\/p>\n\n\n\n<p><strong>&#8211;<\/strong> <sub> Social-optimal pricing in mainstream economics: Marginal Cost Pricing (MCP) and Second Best Pricing (SB).        A critical review;  SSRN:  Dec 2023  <a href=\"https:\/\/papers.ssrn.com\/abstract=4519467\">&gt; pdf<\/a>   <\/sub><\/p>\n\n\n\n<p> <sub><strong>&#8211;<\/strong>  Unrealism in mainstream economics: the ubiquitous assumption of decreasing returs to scale, as paradigmatic;  May 2023  SSRN:  <a href=\"https:\/\/papers.ssrn.com\/abstract=3466129\">&gt; pdf<\/a><\/sub><\/p>\n\n\n\n<p> <strong>&#8211;<\/strong> <sub>What do we talk about when we talk about Productivity: Warning on frequent misleading interpretation of published productivity measures, l.v. Oct 2023  SSRN:  <a href=\"https:\/\/papers.ssrn.com\/abstract=2645667\">&gt; pdf<\/a>    <\/sub><\/p>\n\n\n\n<p> <sub><strong>&#8211;<\/strong> Multi-factor Productivity indexes at country and sector level: Available data and meaning.- Are they an alternative to the more usual &#8216;Labour Productivity indicators? Oct 2023 SSRN:  <a href=\"https:\/\/papers.ssrn.com\/abstract=3707616\">&gt; pdf<\/a> <\/sub><\/p>\n\n\n\n<p> <sub><strong>&#8211;<\/strong>   Politics subordinated to (neoliberal) Economics,   2022, MPRA &gt;<a href=\"https:\/\/mpra.ub.uni-muenchen.de\/id\/eprint\/117317\" data-type=\"URL\" data-id=\"https:\/\/mpra.ub.uni-muenchen.de\/id\/eprint\/117317\"> pdf<\/a><\/sub><br> &#8211;  <sub>\u00c9s sostenible el nostre (UE) sistema de pensions? DDD 2013,&nbsp;&nbsp;&gt; <a href=\"https:\/\/ddd.uab.cat\/record\/69803?ln=ca\">pdf&nbsp;<\/a><\/sub><br> &#8211;  <sub>Pre jubilacions i progr\u00e9s, DDD 2021 &gt; <a href=\"https:\/\/ddd.uab.cat\/record\/69799?ln=ca\">pdf<\/a><\/sub><br> &#8211;<sub>  La &#8216;balan\u00e7a fiscal&#8217; de Catalunya amb lAdministraci\u00f3 Central: informaci\u00f3 disponible i significat, DDD, 2021   &gt; <a href=\"https:\/\/ddd.uab.cat\/record\/199304?ln=ca\" data-type=\"URL\" data-id=\"https:\/\/ddd.uab.cat\/record\/199304?ln=ca\">pdf<\/a>&#8216;<\/sub><\/p>\n\n\n\n<p>                                                                <strong><sub>Dogmes econ\u00f2mics d&#8217;us pol\u00edtic <\/sub><\/strong><br> &#8211;  <sub>\u00c9s sostenible el nostre (UE) sistema de pensions?&nbsp;&nbsp;&gt; <a href=\"https:\/\/ddd.uab.cat\/record\/69803?ln=ca\">pdf&nbsp;<\/a><\/sub><br> &#8211;   <sub>La doctrina de la libertad de comercio internacional. \u00bfSe puede hablar realmente de\u2018ventajas comparativas\u2019?  <\/sub><sub>&gt; <a href=\"https:\/\/ddd.uab.cat\/record\/69802?ln=ca\">pdf<\/a><\/sub><br> &#8211;  <sub>Un desequilibrio comrcial con el exterior genera siempre costes para el pa\u00eds, \u00bfsobre quien recae, i de qu\u00e9 <\/sub><sub>depende?  &gt; <a href=\"https:\/\/ddd.uab.cat\/record\/132031?ln=ca\" data-type=\"URL\" data-id=\"https:\/\/ddd.uab.cat\/record\/132031?ln=ca\">pdf<\/a><\/sub><br> &#8211;  <sub>Paro, y libre comercio exterior: Una contradicci\u00f3n inc\u00f3moda para economistas y pol\u00edticos<a href=\"https:\/\/webs.uab.cat\/jverges\/wp-content\/uploads\/sites\/391\/2016\/09\/paro-y-libre-comercio-exterior-Una-contrad-incomoda.pdf\">.<\/a> &lt; <a href=\"https:\/\/ddd.uab.cat\/record\/188427?ln=ca\">pdf<\/a><\/sub><br> &#8211;  <sub>\u00bfA qu\u00e9 responde la doctrina de la libre circulaci\u00f3n internacional de capitales y del \u2018libre mercado de <\/sub><sub>empresas\u2019? &gt; <a href=\"https:\/\/ddd.uab.cat\/record\/69801?ln=ca\">pdf<\/a><\/sub><br> &#8211; <sub>\u00bfPorqu\u00e9 llamamos competitividad a lo que es fr\u00eda presi\u00f3n hacia la reducci\u00f3n de costes? &gt; <a href=\"https:\/\/ddd.uab.cat\/record\/69797?ln=ca\">pdf<\/a><\/sub><br> &#8211;  <sub>La eficiencia utilizada como un dogma pol\u00edtico. &gt; <a href=\"https:\/\/ddd.uab.cat\/record\/69796?ln=ca\">pdf<\/a><\/sub><br> &#8211;  <sub>La Pol\u00edtica supeditada a la Econom\u00eda (neoliberal) &gt; <a href=\"https:\/\/webs.uab.cat\/jverges\/wp-content\/uploads\/sites\/391\/2023\/04\/La-Politica-supeditada-a-la-Economia-neoliberal.pdf\">pd<\/a>f<\/sub><br><\/p>\n\n\n\n<p><strong><sub> <\/sub><\/strong>                                               <strong><sub>\u00bfNova regulaci\u00f3 o fonamentalisme de mercat<\/sub><\/strong>?<br> &#8211;  <sub>Mercado el\u00e9ctrico&#8217;, regulaci\u00f3n, y alternativas tecnol\u00f3gicas, &gt; <a href=\"https:\/\/ddd.uab.cat\/record\/69795?ln=ca\">pdf<\/a><\/sub><br> &#8211;  <sub>El Protocolo de Kyoto, y el &#8216;mercado de emisiones&#8217; de CO2, &gt; <a href=\"https:\/\/ddd.uab.cat\/record\/69798?ln=ca\">pdf<\/a><\/sub><br><\/p>\n\n\n\n<p>                            <sub><strong>Cr\u00edtiques a l&#8217;Economia acad\u00e8mica dominant <\/strong>(adre\u00e7at tamb\u00e9 a lectors no economistes)<\/sub><br>   <sub>(I) &nbsp;&nbsp; El &#8216;model est\u00e0ndard&#8217;&nbsp; vs. el funcionament d&#8217;una economia de mercats real &gt; <a href=\"https:\/\/ddd.uab.cat\/record\/257489?ln=ca\">pdf<\/a><\/sub><br>   <sub>(II)&nbsp;&nbsp; Qu\u00e8 fem els economistes quan diem que fem recerca, <a href=\"https:\/\/ddd.uab.cat\/record\/257487?ln=ca\">pdf<\/a><\/sub><br>   <sub>(III)&nbsp; T\u00f2pic d&#8217;us intern: L&#8217;\u00f2ptim de Pareto, <a href=\"https:\/\/ddd.uab.cat\/record\/257488?ln=ca\">pdf<\/a><\/sub><br>   <sub>(IV)&nbsp; El t\u00f3pico de la &#8220;tarificaci\u00f3n a-coste-marginal&#8221; (<em>marginal cost pricing<\/em>) y de la &#8220;subvenci\u00f3n asignativa<a href=\"http:\/\/webs2002.uab.es\/jverges\/Assaig%20pdf\/Cr%C3%ADtica%20a%20la%20Economia%20Acad%C3%A9mica%20dominante%20(IV)_%20El%20t%C3%B3pico%20de%20la%20TARIFICACI%C3%93N%20A-COSTE-MARGINAL.pdf\">&#8220;<\/a>. &gt; <a href=\"https:\/\/ddd.uab.cat\/record\/255916?ln=ca\">pdf<\/a><\/sub><\/p>\n\n\n\n<div class=\"wp-block-columns is-layout-flex wp-container-core-columns-is-layout-9d6595d7 wp-block-columns-is-layout-flex\">\n<div class=\"wp-block-column is-layout-flow wp-block-column-is-layout-flow\" style=\"flex-basis:100%\"><\/div>\n<\/div>\n\n\n\n<p class=\"has-small-font-size\" style=\"font-style:normal;font-weight:200\"><\/p>\n","protected":false},"excerpt":{"rendered":"<p>WORKING PAPERS Q\u00fcestions sociecon\u00f2miques, o d&#8217; Economia Pol\u00edtica (l.v. = last version) &#8211; The Cobb-Douglas production function&#8217;s underlying core role in the mainstream economics&#8217; paradigm. SSRN, vs. Apr 2024; &gt; pdf access. &#8211; Deconstructing the macroeconomics IS-LM model: its assumptions and simplifications; SSRN, vs. Jan 2024; -&gt; pdf access. &#8211; The Electricity Market\u2019s Pricing &amp; [&hellip;]<\/p>\n","protected":false},"author":20,"featured_media":0,"parent":0,"menu_order":0,"comment_status":"closed","ping_status":"closed","template":"","meta":{"footnotes":""},"class_list":["post-111","page","type-page","status-publish","hentry"],"_links":{"self":[{"href":"https:\/\/webs.uab.cat\/jverges\/wp-json\/wp\/v2\/pages\/111","targetHints":{"allow":["GET"]}}],"collection":[{"href":"https:\/\/webs.uab.cat\/jverges\/wp-json\/wp\/v2\/pages"}],"about":[{"href":"https:\/\/webs.uab.cat\/jverges\/wp-json\/wp\/v2\/types\/page"}],"author":[{"embeddable":true,"href":"https:\/\/webs.uab.cat\/jverges\/wp-json\/wp\/v2\/users\/20"}],"replies":[{"embeddable":true,"href":"https:\/\/webs.uab.cat\/jverges\/wp-json\/wp\/v2\/comments?post=111"}],"version-history":[{"count":35,"href":"https:\/\/webs.uab.cat\/jverges\/wp-json\/wp\/v2\/pages\/111\/revisions"}],"predecessor-version":[{"id":620,"href":"https:\/\/webs.uab.cat\/jverges\/wp-json\/wp\/v2\/pages\/111\/revisions\/620"}],"wp:attachment":[{"href":"https:\/\/webs.uab.cat\/jverges\/wp-json\/wp\/v2\/media?parent=111"}],"curies":[{"name":"wp","href":"https:\/\/api.w.org\/{rel}","templated":true}]}}