{"id":364,"date":"2021-03-03T22:01:19","date_gmt":"2021-03-03T20:01:19","guid":{"rendered":"https:\/\/blogs.uab.cat\/labhuma\/?page_id=364"},"modified":"2026-03-13T16:37:54","modified_gmt":"2026-03-13T14:37:54","slug":"treballs-de-fi-de-master","status":"publish","type":"page","link":"https:\/\/webs.uab.cat\/labhuma\/docencia\/treballs-de-fi-de-master\/","title":{"rendered":"Treballs de Fi de M\u00e0ster"},"content":{"rendered":"\n<details class=\"wp-block-mamaduka-toggles wp-block-toggles\"><summary>Treballs en curs<\/summary><div class=\"wp-block-toggles__content\">\n<blockquote class=\"wp-block-quote is-layout-flow wp-block-quote-is-layout-flow\">\n<p><strong>2025\/2026<\/strong><\/p>\n\n\n\n<ul class=\"wp-block-list\">\n<li>M\u00e1ster en Iniciaci\u00f3n a la Investigaci\u00f3n en Salud Mental, <strong>CIBERSAM, UC, UCM, UAB, UB, UCA<\/strong>. <strong>&#8220;<\/strong>Relaci\u00f3n entre la conectividad de la corteza prefrontal en reposo y rasgos psicop\u00e1ticos en j\u00f3venes universitarios<strong>&#8220;<\/strong>. <strong>Estudiant<\/strong>: L. Montoto. <strong>Supervisi\u00f3<\/strong>: R. Nadal, D. del Rosario.<\/li>\n\n\n\n<li><strong>M\u00e0ster en Neuropsicologia, UOC<\/strong>. T\u00edtol: . <strong>Estudiant<\/strong>: D. Arias. <strong>Supervisi\u00f3<\/strong>: R. Nadal i S. Fuentes. <\/li>\n<\/ul>\n<\/blockquote>\n<\/div><\/details>\n\n\n\n<details class=\"wp-block-mamaduka-toggles wp-block-toggles\"><summary>Treballs finalitzats<\/summary><div class=\"wp-block-toggles__content\">\n<blockquote class=\"wp-block-quote is-layout-flow wp-block-quote-is-layout-flow\">\n<p><strong>2025<\/strong><\/p>\n\n\n\n<ul class=\"wp-block-list\">\n<li><strong>M\u00e0ster en Iniciaci\u00f3 a la Recerca en Salut Mental<\/strong>, <strong>CIBERSAM, UC, UCM, UAB, UB, UCA<\/strong>). \u201cThrough the eyes of empathy: exploring emotion recognition and visual attention in children with varying levels of callous-unemotional traits and conduct problems\u201d. <strong>Estudiant<\/strong>: L. Delgado Latorre. <strong>Supervisi\u00f3<\/strong>: S. Fuentes i A. Ivanova.<\/li>\n\n\n\n<li><strong>M\u00e0ster en Iniciaci\u00f3 a la Recerca en Salut Mental<\/strong>, <strong>CIBERSAM, UC, UCM, UAB, UB, UCA<\/strong>). &#8220;Respiratory Sinus Arrhythmia as an Indicator of Risk Trajectories in Mental Health&#8221;. <strong>Estudiant<\/strong>: D. Arias. <strong>Supervisi\u00f3<\/strong>: R. Nadal i S. Fuentes.<\/li>\n\n\n\n<li><strong>M\u00e0ster en Iniciaci\u00f3 a la Recerca en Salut Mental, C<\/strong><strong>IBERSAM, UC, UCM, UAB, UB, UCA<\/strong>). &#8220;Biomarkers of vulnerability in boys and girls from a community cohort&#8221;. <strong>Estudiant<\/strong>: G. Rusi\u00f1ol. <strong>Supervisi\u00f3<\/strong>: A. Armario i F. J. Carrasco.<\/li>\n\n\n\n<li><strong>M\u00e0ster Universitari en Psicologia General Sanitaria, UAB<\/strong>. <strong>\u201c<\/strong>The relationship between temperamental traits, prosocial traits and emotional regulation with internet addiction in children<strong>\u201d<\/strong>. <strong>Estudiant<\/strong>: __. <strong>Supervisi\u00f3<\/strong>: L. Ezpeleta, N. de la Osa i E. Penelo.<\/li>\n<\/ul>\n<\/blockquote>\n\n\n\n<blockquote class=\"wp-block-quote is-layout-flow wp-block-quote-is-layout-flow\">\n<p><strong>2023<\/strong><\/p>\n\n\n\n<ul class=\"wp-block-list\">\n<li><strong><strong>M\u00e0ster en Iniciaci\u00f3 a la Recerca en Salut Mental<\/strong>, <strong>CIBERSAM, UC, UCM, UAB, UB, UCA<\/strong><\/strong>. \u201cThe Triarchic Psychopathy Measure in justice-involved youth: content coverage of different&nbsp;psychopathy measures and predictive validity with respect to institutional behavior and recidivism\u201d. <strong>Estudiant<\/strong>: D. Quevedo. <strong>Supervisi\u00f3<\/strong>: A. Bonillo i R. Torrubia.<\/li>\n\n\n\n<li><strong>M\u00e0ster en Recerca Cl\u00ednica Aplicada a Ci\u00e8ncies de la Salut, UAB<\/strong>. &#8220;Further Evidence of the Psychometric Properties and Gender-Age Invariance of the Catalan Parent Version of the Alabama Parenting Questionnaire in a Community Sample&#8221;. <strong>Estudiant<\/strong>: S. Fern\u00e1ndez. <strong>Supervisi\u00f3<\/strong>: B. Molinuevo, S. Fuentes i M. T. Puig.<\/li>\n<\/ul>\n<\/blockquote>\n\n\n\n<blockquote class=\"wp-block-quote is-layout-flow wp-block-quote-is-layout-flow\">\n<p><strong>2022<\/strong><\/p>\n<\/blockquote>\n\n\n\n<blockquote class=\"wp-block-quote is-layout-flow wp-block-quote-is-layout-flow\">\n<p><strong>2021<\/strong><\/p>\n<\/blockquote>\n\n\n\n<blockquote class=\"wp-block-quote is-layout-flow wp-block-quote-is-layout-flow\">\n<p><strong>2020<\/strong><\/p>\n\n\n\n<ul class=\"wp-block-list\">\n<li><strong>M\u00e0ster en Psicologia Forense i Criminal, Il3-UB<\/strong> &#8220;Estudio de las propiedades psicom\u00e9tricas del TriPM en poblaci\u00f3n juvenil interna en centros cerrados de Catalu\u00f1a&#8221; <strong>Supervisi\u00f3<\/strong>: A. Cuquerella, A. Pueyo i B. Molinuevo.<\/li>\n\n\n\n<li><strong>M\u00e0ster Oficial en Neuroci\u00e8ncies, UAB<\/strong>. &#8220;Eye vergence and pupil size during an attention task in children and early adolescents: the role of externalizing problems and ADHD&#8221; <strong>Supervisi\u00f3<\/strong>: B. Molinuevo i R. Torrubia<\/li>\n<\/ul>\n<\/blockquote>\n<\/div><\/details>\n","protected":false},"excerpt":{"rendered":"","protected":false},"author":544,"featured_media":0,"parent":293,"menu_order":0,"comment_status":"closed","ping_status":"closed","template":"","meta":{"footnotes":""},"class_list":["post-364","page","type-page","status-publish","hentry"],"_links":{"self":[{"href":"https:\/\/webs.uab.cat\/labhuma\/wp-json\/wp\/v2\/pages\/364","targetHints":{"allow":["GET"]}}],"collection":[{"href":"https:\/\/webs.uab.cat\/labhuma\/wp-json\/wp\/v2\/pages"}],"about":[{"href":"https:\/\/webs.uab.cat\/labhuma\/wp-json\/wp\/v2\/types\/page"}],"author":[{"embeddable":true,"href":"https:\/\/webs.uab.cat\/labhuma\/wp-json\/wp\/v2\/users\/544"}],"replies":[{"embeddable":true,"href":"https:\/\/webs.uab.cat\/labhuma\/wp-json\/wp\/v2\/comments?post=364"}],"version-history":[{"count":15,"href":"https:\/\/webs.uab.cat\/labhuma\/wp-json\/wp\/v2\/pages\/364\/revisions"}],"predecessor-version":[{"id":2890,"href":"https:\/\/webs.uab.cat\/labhuma\/wp-json\/wp\/v2\/pages\/364\/revisions\/2890"}],"up":[{"embeddable":true,"href":"https:\/\/webs.uab.cat\/labhuma\/wp-json\/wp\/v2\/pages\/293"}],"wp:attachment":[{"href":"https:\/\/webs.uab.cat\/labhuma\/wp-json\/wp\/v2\/media?parent=364"}],"curies":[{"name":"wp","href":"https:\/\/api.w.org\/{rel}","templated":true}]}}