{"id":82,"date":"2016-05-02T10:11:34","date_gmt":"2016-05-02T10:11:34","guid":{"rendered":"https:\/\/webs.uab.cat\/labttav\/videos\/"},"modified":"2022-08-15T09:05:03","modified_gmt":"2022-08-15T09:05:03","slug":"videos","status":"publish","type":"page","link":"https:\/\/webs.uab.cat\/labttav\/videos\/","title":{"rendered":"V\u00eddeos"},"content":{"rendered":"\n<p>El LAB-TTAV ofereix alguns v\u00eddeos explicatius pels professionals que vulguin usar els serveis de seguiment de la mirada (eye-tracking) i els serveis de mesura de l&#8217;activitat electrod\u00e8rmica i de freq\u00fc\u00e8ncia card\u00edaca (EDA-HR):<\/p>\n\n\n\n<p><a href=\"https:\/\/webs.uab.cat\/labttav\/ca\/seguiment-de-la-mirada-eye-tracking\/\" data-type=\"page\" data-id=\"56\" target=\"_blank\" rel=\"noreferrer noopener\">Seguiment de la mirada (eye-tracking)<\/a>:\u00a0<\/p>\n\n\n\n<ul class=\"wp-block-list\"><li>Com <strong>configurar<\/strong> el dispositiu:<\/li><\/ul>\n\n\n\n<p><iframe loading=\"lazy\" src=\"https:\/\/www.youtube.com\/embed\/x0_DyNOJ3lQ\" width=\"560\" height=\"315\" frameborder=\"0\" allowfullscreen=\"allowfullscreen\"><\/iframe>;<\/p>\n\n\n\n<ul class=\"wp-block-list\"><li>Com <strong>iniciar un projecte<\/strong>:<\/li><\/ul>\n\n\n\n<p><iframe loading=\"lazy\" src=\"https:\/\/www.youtube.com\/embed\/HvAOAOnuyb4\" width=\"560\" height=\"315\" frameborder=\"0\" allowfullscreen=\"allowfullscreen\"><\/iframe><\/p>\n\n\n\n<p><a href=\"https:\/\/webs.uab.cat\/labttav\/ca\/eda-hr\/\" data-type=\"page\" data-id=\"63\" target=\"_blank\" rel=\"noreferrer noopener\">EDA-HR<\/a>:<\/p>\n\n\n\n<ul class=\"wp-block-list\"><li>Com <strong>utilitzar<\/strong> CAPTIV L-700:<\/li><\/ul>\n\n\n\n<p><iframe loading=\"lazy\" src=\"https:\/\/www.youtube.com\/embed\/m6E6tpOHYkE\" width=\"560\" height=\"315\" frameborder=\"0\" allowfullscreen=\"allowfullscreen\"><\/iframe>;<\/p>\n","protected":false},"excerpt":{"rendered":"<p>El LAB-TTAV ofereix alguns v\u00eddeos explicatius pels professionals que vulguin usar els serveis de seguiment de la mirada (eye-tracking) i els serveis de mesura de l&#8217;activitat electrod\u00e8rmica i de freq\u00fc\u00e8ncia card\u00edaca (EDA-HR): Seguiment de la mirada (eye-tracking):\u00a0 Com configurar el dispositiu: ; Com iniciar un projecte: EDA-HR: Com utilitzar CAPTIV L-700: ;<\/p>\n","protected":false},"author":20,"featured_media":0,"parent":0,"menu_order":0,"comment_status":"closed","ping_status":"closed","template":"","meta":{"footnotes":""},"class_list":["post-82","page","type-page","status-publish","hentry"],"_links":{"self":[{"href":"https:\/\/webs.uab.cat\/labttav\/wp-json\/wp\/v2\/pages\/82","targetHints":{"allow":["GET"]}}],"collection":[{"href":"https:\/\/webs.uab.cat\/labttav\/wp-json\/wp\/v2\/pages"}],"about":[{"href":"https:\/\/webs.uab.cat\/labttav\/wp-json\/wp\/v2\/types\/page"}],"author":[{"embeddable":true,"href":"https:\/\/webs.uab.cat\/labttav\/wp-json\/wp\/v2\/users\/20"}],"replies":[{"embeddable":true,"href":"https:\/\/webs.uab.cat\/labttav\/wp-json\/wp\/v2\/comments?post=82"}],"version-history":[{"count":1,"href":"https:\/\/webs.uab.cat\/labttav\/wp-json\/wp\/v2\/pages\/82\/revisions"}],"predecessor-version":[{"id":149,"href":"https:\/\/webs.uab.cat\/labttav\/wp-json\/wp\/v2\/pages\/82\/revisions\/149"}],"wp:attachment":[{"href":"https:\/\/webs.uab.cat\/labttav\/wp-json\/wp\/v2\/media?parent=82"}],"curies":[{"name":"wp","href":"https:\/\/api.w.org\/{rel}","templated":true}]}}