{"id":60,"date":"2014-03-24T13:42:19","date_gmt":"2014-03-24T11:42:19","guid":{"rendered":"https:\/\/webs.uab.cat\/lampes\/caiac\/"},"modified":"2014-03-24T13:42:19","modified_gmt":"2014-03-24T11:42:19","slug":"caiac","status":"publish","type":"page","link":"https:\/\/webs.uab.cat\/lampes\/caiac\/","title":{"rendered":"Caiac"},"content":{"rendered":"<p><span id=\"result_box\" lang=\"ca\"><span class=\"hps\">CAIAC<\/span> <span class=\"hps\">\u00e9s<\/span> <span class=\"hps\">un Centre<\/span> <span class=\"hps\">d&#8217;Estudis<\/span> <span class=\"hps\">i de Recerca<\/span> <span class=\"hps\">a la UAB<\/span><span>, creat el<\/span> <span class=\"hps\">2010<\/span>. <span class=\"hps\">CAIAC<\/span> <span class=\"hps\">est\u00e0 format<\/span> <span class=\"hps\">principalment<\/span> <span class=\"hps\">per dos<\/span> <span class=\"hps\">grups<\/span> <span class=\"hps\">complementaris<\/span><span>:<\/span><span class=\"hps\"> Cephis<\/span> <span class=\"hps\">d&#8217;Enginyeria i<\/span> <span class=\"hps\">TransMedia<\/span> Catalonia <span class=\"hps\">de Traducci\u00f3<\/span> <span class=\"hps\">Audiovisual<\/span><span>.<\/span> <span class=\"hps\">Els<\/span> <span class=\"hps\">membres<\/span> <span class=\"hps\">provenen<\/span> <span class=\"hps\">tamb\u00e9<\/span> <span class=\"hps\">d&#8217;altres \u00e0rees<\/span><span>,<\/span> <span class=\"hps\">com el Grup<\/span> <span class=\"hps\">de Visualitzaci\u00f3<\/span> <span class=\"hps\">gr\u00e0fica<\/span> <span class=\"hps\">i<\/span> <span class=\"hps\">Modelitzaci\u00f3<\/span> <span class=\"hps\">d&#8217;Enginyeria,<\/span> <span class=\"hps\">el Grup<\/span> <span class=\"hps\">de recerca en<\/span> <span class=\"hps\">Fon\u00e8tica<\/span> <span class=\"hps atn\">(<\/span><span>Filologia<\/span><span>)<\/span> <span class=\"hps\">i el Grup<\/span> <span class=\"hps\">d&#8217;Imatge<\/span><span>,<\/span> <span class=\"hps\">So<\/span> <span class=\"hps\">i<\/span> <span class=\"hps\">S\u00edntesi<\/span> <span class=\"hps\">de la comunicaci\u00f3 audiovisual<\/span><span>.<\/span> <span class=\"hps\">Tamb\u00e9<\/span> <span class=\"hps\">hi ha investigadors<\/span> <span class=\"hps\">individuals de<\/span> <span class=\"hps\">Filosofia o<\/span> <span class=\"hps\">Humanitats<\/span> <span class=\"hps atn\">que fan de <\/span><span>CAIAC<\/span> <span class=\"hps\">un centre amb<\/span> <span class=\"hps\">investigadors<\/span> <span class=\"hps\">de vuit<\/span> <span class=\"hps\">departaments<\/span> <span class=\"hps\">diferents<\/span><span>.<\/span> <\/p>\n<p><span class=\"hps\">El director del centre<\/span> <span class=\"hps\">\u00e9s el Dr<\/span> <span class=\"hps\">Jordi<\/span> <span class=\"hps\">Carrabina<\/span><span>,<\/span> <span class=\"hps\">i<\/span> <span class=\"hps\">hi ha unes<\/span> <span class=\"hps\">60<\/span> <span class=\"hps\">persones<\/span> <span class=\"hps\">de 8<\/span> <span class=\"hps\">departaments<\/span> <span class=\"hps\">i 4<\/span> <span class=\"hps\">centres<\/span> <span class=\"hps\">diferents que<\/span> <span class=\"hps\">treballen<\/span> <span class=\"hps\">sota el<\/span> <span class=\"hps\">paraigua de<\/span> <span class=\"hps\">la Intel\u00b7lig\u00e8ncia<\/span> <span class=\"hps\">Ambiental<\/span> <span class=\"hps\">de diferents<\/span> <span class=\"hps\">disciplines<\/span><span>,<\/span> <span class=\"hps\">metodologies<\/span> <span class=\"hps\">i<\/span> <span class=\"hps\">enfocaments<\/span><span>.<\/span><\/span><\/p>\n","protected":false},"excerpt":{"rendered":"<p>CAIAC \u00e9s un Centre d&#8217;Estudis i de Recerca a la UAB, creat el 2010. CAIAC est\u00e0 format principalment per dos grups complementaris: Cephis d&#8217;Enginyeria i TransMedia Catalonia de Traducci\u00f3 Audiovisual. Els membres provenen tamb\u00e9 d&#8217;altres \u00e0rees, com el Grup de Visualitzaci\u00f3 gr\u00e0fica i Modelitzaci\u00f3 d&#8217;Enginyeria, el Grup de recerca en Fon\u00e8tica (Filologia) i el Grup [&hellip;]<\/p>\n","protected":false},"author":20,"featured_media":0,"parent":0,"menu_order":0,"comment_status":"closed","ping_status":"closed","template":"","meta":{"footnotes":""},"class_list":["post-60","page","type-page","status-publish","hentry"],"_links":{"self":[{"href":"https:\/\/webs.uab.cat\/lampes\/wp-json\/wp\/v2\/pages\/60","targetHints":{"allow":["GET"]}}],"collection":[{"href":"https:\/\/webs.uab.cat\/lampes\/wp-json\/wp\/v2\/pages"}],"about":[{"href":"https:\/\/webs.uab.cat\/lampes\/wp-json\/wp\/v2\/types\/page"}],"author":[{"embeddable":true,"href":"https:\/\/webs.uab.cat\/lampes\/wp-json\/wp\/v2\/users\/20"}],"replies":[{"embeddable":true,"href":"https:\/\/webs.uab.cat\/lampes\/wp-json\/wp\/v2\/comments?post=60"}],"version-history":[{"count":0,"href":"https:\/\/webs.uab.cat\/lampes\/wp-json\/wp\/v2\/pages\/60\/revisions"}],"wp:attachment":[{"href":"https:\/\/webs.uab.cat\/lampes\/wp-json\/wp\/v2\/media?parent=60"}],"curies":[{"name":"wp","href":"https:\/\/api.w.org\/{rel}","templated":true}]}}