{"id":49,"date":"2016-01-19T13:43:45","date_gmt":"2016-01-19T13:43:45","guid":{"rendered":"https:\/\/webs.uab.cat\/lap\/inici\/"},"modified":"2022-09-02T15:55:20","modified_gmt":"2022-09-02T15:55:20","slug":"inici","status":"publish","type":"page","link":"https:\/\/webs.uab.cat\/lap\/","title":{"rendered":"Inici"},"content":{"rendered":"\n<p>Estudi de la diversitat i les concentracions de p\u00f2l\u00b7lens, espores i els seus al\u00b7l\u00e8rgens a l\u2019atmosfera (indoor i outdoor) i aplicaci\u00f3 al diagn\u00f2stic, al tractament i a la prevenci\u00f3 de les al\u00b7l\u00e8rgies (rinitis, conjuntivitis i asma).\u00a0 Recerca en el desenvolupament de noves eines i metodologies per a la mesura d\u2019al\u00b7l\u00e8rgens ambientals. Estudi del transport atmosf\u00e8ric de part\u00edcules al\u00b7lerg\u00f2genes.<\/p>\n\n\n\n<p>Aplicaci\u00f3 a la<strong> ind\u00fastria farmac\u00e8utica i biotecnol\u00f2gica que treballi entorn de les al\u00b7l\u00e8rgies<\/strong> ja que coneixem els agents desencadenants, i els llocs i els moments de l\u2019any en que es fan presents, a m\u00e9s de com mesurar-los i obtenir-los si en calen per a la processos industrials. Aplicaci\u00f3 a<strong> empreses i institucions de l\u2019\u00e0mbit del medi ambient<\/strong> que treballin en relaci\u00f3 amb la qualitat de l\u2019aire (indoor i outdoor), i <strong>empreses de jardineria<\/strong> interessades en promoure l\u2019\u00fas d\u2019esp\u00e8cies no al\u00b7lerg\u00f2genes.<\/p>\n\n\n\n<p><strong>Consultoria i assessorament <\/strong>a professionals de l\u2019\u00e0mbit m\u00e8dic, industrial i a particulars entorn dels al\u00b7l\u00e8rgens ambientals d\u2019origen biol\u00f2gic i la millora de la qualitat de vida. <strong>Formaci\u00f3 <\/strong>en l\u2019\u00e0mbit cl\u00ednic i mediambiental entorn els al\u00b7l\u00e8rgens ambientals d\u2019origen biol\u00f2gic en ambients indoor i outdoor, els m\u00e8todes d\u2019estudi palinol\u00f2gics i immunol\u00f2gics i els mecanismes de transport atmosf\u00e8ric. <strong>Recollida <\/strong>de material biol\u00f2gic per a utilitzaci\u00f3 en processos industrials.<\/p>\n\n\n\n<p>El <a href=\"https:\/\/aerobiologia.cat\">Punt d&#8217;Informaci\u00f3 Aerobiol\u00f2gica<\/a> \u00e9s un projecte del Laboratori d&#8217;An\u00e0lisis Palinol\u00f2giques (LAP).<\/p>\n\n\n\n<p><a href=\"https:\/\/aerobiologia.cat\">Punt d&#8217;Informaci\u00f3 Aerobiol\u00f2gica<\/a>:<\/p>\n\n\n\n<ul class=\"wp-block-list\"><li><a href=\"https:\/\/aerobiologia.cat\/pia\/ca\/\">Informaci\u00f3 i estudi dels nivells de pol\u00b7len i espores de fongs al\u00b7lerg\u00f2gens a Catalunya, Can\u00e0ries i a altres localitats espanyoles<\/a>.<\/li><li><a href=\"https:\/\/aerobiologia.cat\/pia\/ca\/forecast\/catalunya\">Nivells actuals i prediccions de p\u00f2l\u00b7lens i espores al\u00b7lerg\u00f2gens a Catalunya<\/a>.<\/li><li><a href=\"https:\/\/aerobiologia.cat\/pia\/ca\/localities\">Gr\u00e0fiques de concentracions de les localitats estudiades<\/a>.<\/li><li><a href=\"https:\/\/aerobiologia.cat\/pia\/ca\/bibliography#calendars\">Calendaris pol\u00b7l\u00ednics<\/a>.<\/li><li><a href=\"https:\/\/aerobiologia.cat\/pia\/ca\/subscribe#newsletter\">Subscripci\u00f3 al butllet\u00ed de la predicci\u00f3 dels principals p\u00f2l\u2022lens i espores al\u2022lerg\u00f2gens de la setmana<\/a>.&nbsp;<\/li><\/ul>\n","protected":false},"excerpt":{"rendered":"<p>Estudi de la diversitat i les concentracions de p\u00f2l\u00b7lens, espores i els seus al\u00b7l\u00e8rgens a l\u2019atmosfera (indoor i outdoor) i aplicaci\u00f3 al diagn\u00f2stic, al tractament i a la prevenci\u00f3 de les al\u00b7l\u00e8rgies (rinitis, conjuntivitis i asma).\u00a0 Recerca en el desenvolupament de noves eines i metodologies per a la mesura d\u2019al\u00b7l\u00e8rgens ambientals. Estudi del transport atmosf\u00e8ric [&hellip;]<\/p>\n","protected":false},"author":20,"featured_media":0,"parent":0,"menu_order":0,"comment_status":"closed","ping_status":"closed","template":"","meta":{"footnotes":""},"class_list":["post-49","page","type-page","status-publish","hentry"],"_links":{"self":[{"href":"https:\/\/webs.uab.cat\/lap\/wp-json\/wp\/v2\/pages\/49","targetHints":{"allow":["GET"]}}],"collection":[{"href":"https:\/\/webs.uab.cat\/lap\/wp-json\/wp\/v2\/pages"}],"about":[{"href":"https:\/\/webs.uab.cat\/lap\/wp-json\/wp\/v2\/types\/page"}],"author":[{"embeddable":true,"href":"https:\/\/webs.uab.cat\/lap\/wp-json\/wp\/v2\/users\/20"}],"replies":[{"embeddable":true,"href":"https:\/\/webs.uab.cat\/lap\/wp-json\/wp\/v2\/comments?post=49"}],"version-history":[{"count":3,"href":"https:\/\/webs.uab.cat\/lap\/wp-json\/wp\/v2\/pages\/49\/revisions"}],"predecessor-version":[{"id":142,"href":"https:\/\/webs.uab.cat\/lap\/wp-json\/wp\/v2\/pages\/49\/revisions\/142"}],"wp:attachment":[{"href":"https:\/\/webs.uab.cat\/lap\/wp-json\/wp\/v2\/media?parent=49"}],"curies":[{"name":"wp","href":"https:\/\/api.w.org\/{rel}","templated":true}]}}