{"id":757,"date":"2016-12-15T14:11:56","date_gmt":"2016-12-15T12:11:56","guid":{"rendered":"https:\/\/webs.uab.cat\/laprec\/personal\/lluis-costa\/"},"modified":"2024-01-24T15:21:14","modified_gmt":"2024-01-24T13:21:14","slug":"lluis-costa","status":"publish","type":"personal","link":"https:\/\/webs.uab.cat\/laprec\/es\/personal\/lluis-costa\/","title":{"rendered":"Llu\u00eds Costa"},"content":{"rendered":"\n<h2 class=\"wp-block-heading\"><strong>Situaci\u00f3n acad\u00e9mica y l\u00edneas de investigaci\u00f3n<\/strong><\/h2>\n\n\n\n<p>&#8211; Profesor titular de la Universitat de Girona en los grados de Publicidad y Relaciones P\u00fablicas y Comunicaci\u00f3n Cultural y en el M\u00e1ster de Comunicaci\u00f3n y Estudios Culturales<\/p>\n\n\n\n<p>&#8211; Sus l\u00edneas de investigaci\u00f3n tienen como eje principal la historia de la comunicaci\u00f3n y las relaciones con la sociedad, as\u00ed como el an\u00e1lisis entre la comunicaci\u00f3n cultural y pol\u00edtica entre Cuba y Catalu\u00f1a<\/p>\n\n\n\n<p>&#8211; Director del Grup de Recerca \u00abComunicaci\u00f3 Social i Institucional\u00bb de la UdG. Grupo de investigaci\u00f3n colaborador del LAPREC (SGR 2014-1388)<\/p>\n\n\n\n<p>&#8211; Investigador invitado en el Laboratorio de Prospectiva e Investigaci\u00f3n en Comunicaci\u00f3n, Cultura y Cooperaci\u00f3n (LAPREC), Departamento de Periodismo y Ciencias de la Comunicaci\u00f3n (UAB)<\/p>\n\n\n\n<h2 class=\"wp-block-heading\"><strong>Publicaciones recientes<\/strong><\/h2>\n\n\n\n<p>&#8211; \u00abAdvertising and journalistic modernization: the case of La Llumanera de Nova York (1874-1881)\u00bb. Catalan Journal of Communication &amp; Cultural Studies&nbsp; 6 (2014):&nbsp; 95-114<\/p>\n\n\n\n<p>&#8211; \u00abLa prensa como instrumento cohesionador de la identitat nacional. La proyecci\u00f3n de Catalu\u00f1a en Cuba.\u00bb&nbsp; Hispanic Research Journal&nbsp; 15 (2014):&nbsp; 492-514<\/p>\n\n\n\n<p>&#8211; Costa, Llu\u00eds; Punt\u00ed, M\u00f2nica&nbsp; \u00abFree press, a local communication model.\u00bb&nbsp; Catalan Social Sciencies Review&nbsp;&nbsp; (2014):&nbsp; 31-50<\/p>\n\n\n\n<p>&#8211; Costa, Llu\u00eds; Punt\u00ed, M\u00f2nica&nbsp; \u00abPremsa gratu\u00efta, un model de comunicaci\u00f3 local.\u00bb&nbsp; Comunicaci\u00f3&nbsp; 30 (2013):&nbsp; 79-99<\/p>\n\n\n\n<p>&#8211; \u00abPremsa i identitat nacional: La Llumanera de Nova York (1874-1881) .\u00bb&nbsp; Annals de l&#8217;Institut d&#8217;Estudis Gironins&nbsp;&nbsp; (2013):&nbsp; 545-564<\/p>\n\n\n\n<p>&#8211; \u00abComunicaci\u00f3n y propaganda durante la dictadura de Primo de Rivera (1923-1930).\u00bb&nbsp; Historia y comunicaci\u00f3n social&nbsp; 18 (2013):&nbsp; 385-396<\/p>\n\n\n\n<p>&#8211; Costa, Llu\u00eds&nbsp; \u00abApassionament her\u00f2ic.\u00bb&nbsp; Bonart, Revista d&#8217;Art&nbsp;&nbsp; (2012):&nbsp; 24-25<\/p>\n\n\n\n<p>&#8211; \u00abThe catalan migration to New York. A view from La Llumanera de Nova York (1874-1881).\u00bb&nbsp; New York History Review&nbsp; 6 (2012):&nbsp; 36-53<\/p>\n\n\n\n<p>&#8211; \u00abEvoluci\u00f3 hist\u00f2rica de la premsa: Estudi de cas. Girona-Figueres (1800-1936) .\u00bb&nbsp; Plecs d&#8217;hist\u00f2ria local (Suplement de l&#8217;Aven\u00e7)&nbsp; 147 (2012):&nbsp; 5-7<\/p>\n\n\n\n<p>&#8211; \u00abUn s\u00f3lido proyecto de investigaci\u00f3n entre Catalu\u00f1a y Cuba.\u00bb&nbsp; Revoluci\u00f3n y cultura&nbsp;&nbsp; (2011):&nbsp; 24-26<\/p>\n\n\n\n<p>&#8211; Costa, Llu\u00eds&nbsp; \u00abLa participaci\u00f3n catalana en el fen\u00f3meno migratorio a Cuba en el siglo XIX: balance de una historia en construcci\u00f3n.\u00bb&nbsp; AECID. Cooperaci\u00f3n Cultural Espa\u00f1a-Cuba&nbsp;&nbsp; (2010):&nbsp; 1-18<\/p>\n\n\n\n<p>&#8211; \u00abPr\u00f2leg. Actes del III Congr\u00e9s d&#8217;Hist\u00f2ria de Girona Guerra i Poder en Terres de frontera (1792-1823)\u00bb.&nbsp; Annals de l&#8217;Institut d&#8217;Estudis Gironins&nbsp; (2010):&nbsp; 9-11-<\/p>\n\n\n\n<p>&#8211; \u00abImatge i Comunicaci\u00f3 a Cuba.\u00bb Bonart, Revista d&#8217;Art (2010): 16-18<\/p>\n\n\n\n<p>&#8211; Hist\u00f2ria de la premsa a la ciutat de Girona (1787-1939) (1987)<\/p>\n\n\n\n<p>&#8211; La dictadura de Primo de Rivera (1923-1930). Comunicaci\u00f3 i propaganda a les comarques gironines (1995)<\/p>\n\n\n\n<p>&#8211; El periodisme (1996), El Autonomista: el diari dels Rahola (2000)<\/p>\n\n\n\n<p>&#8211; Televisi\u00f3 de Girona. La comunicaci\u00f3 de proximitat en l\u2019era de la globalitzaci\u00f3 (2005)<\/p>\n\n\n\n<p>&#8211; El nacionalisme cub\u00e0 i Catalunya (2006)<\/p>\n\n\n\n<p>&#8211; La comunicaci\u00f3 local (2009)<\/p>\n\n\n\n<p>&#8211; La Llumanera de Nova York. Un peri\u00f2dic entre Catalunya i Am\u00e8rica (2012)<\/p>\n\n\n\n<p>&#8211; Cuba i el catalanisme. Entre l\u2019autonomia i la independ\u00e8ncia (2013) i Pensar \u00e9s triomfar. La publicitat a trav\u00e9s de la<br>Hist\u00f2ria (2015)<\/p>\n\n\n\n<p>&#8211; Les construccions nacionals: entre l&#8217;imaginari i la realitat (2016).<\/p>\n\n\n\n<p>&#8211; Editor dels llibres El patrimoni documental: Catalunya-Cuba (2007), i Comunicaci\u00f3 pel canvi social (2014).<\/p>\n\n\n\n<h2 class=\"wp-block-heading\"><strong>Otros<\/strong><\/h2>\n\n\n\n<p>&#8211; Ponencia \u201cEls reptes de la xarxa i el futur en paper\u201d, durante la VI Trobada de joves lectors\/es de la Premsa Comarcal i Local. Dosrius\/Canyamars (ESP) 2011<\/p>\n\n\n\n<p>&#8211; Ponencia \u201cEstudi sobre tend\u00e8ncies actuals de comunicaci\u00f3 en seguretat vi\u00e0ria en l&#8217;\u00e0mbit internacional\u201d, durante IV Jornada de Publicitat i Seguretat Vi\u00e0ria. Barcelona (ESP) 2011<\/p>\n\n\n\n<p>&#8211; Ponencia \u201cUn modelo de comunicaci\u00f3n entre Cuba y Catalu\u00f1a via Estados Unidos de Am\u00e9rica: La Llumanera de Nova York (1871-1884)\u201d, durante el II Taller Internacional Cuba y los Pa\u00efsos Catalans: encuentro de pueblos y culturas. La Habana (CUB) 2011<\/p>\n","protected":false},"excerpt":{"rendered":"<p>Situaci\u00f3n acad\u00e9mica y l\u00edneas de investigaci\u00f3n &#8211; Profesor titular de la Universitat de Girona en los grados de Publicidad y Relaciones P\u00fablicas y Comunicaci\u00f3n Cultural y en el M\u00e1ster de Comunicaci\u00f3n y Estudios Culturales &#8211; Sus l\u00edneas de investigaci\u00f3n tienen como eje principal la historia de la comunicaci\u00f3n y las relaciones con la sociedad, as\u00ed [&hellip;]<\/p>\n","protected":false},"author":20,"featured_media":0,"template":"","class_list":["post-757","personal","type-personal","status-publish","hentry"],"_links":{"self":[{"href":"https:\/\/webs.uab.cat\/laprec\/es\/wp-json\/wp\/v2\/personal\/757","targetHints":{"allow":["GET"]}}],"collection":[{"href":"https:\/\/webs.uab.cat\/laprec\/es\/wp-json\/wp\/v2\/personal"}],"about":[{"href":"https:\/\/webs.uab.cat\/laprec\/es\/wp-json\/wp\/v2\/types\/personal"}],"author":[{"embeddable":true,"href":"https:\/\/webs.uab.cat\/laprec\/es\/wp-json\/wp\/v2\/users\/20"}],"wp:attachment":[{"href":"https:\/\/webs.uab.cat\/laprec\/es\/wp-json\/wp\/v2\/media?parent=757"}],"curies":[{"name":"wp","href":"https:\/\/api.w.org\/{rel}","templated":true}]}}

Lluís Costa

<h2 class="wp-block-heading"><strong>Situación académica y líneas de investigación</strong></h2>



<p>&#8211; Profesor titular de la Universitat de Girona en los grados de Publicidad y Relaciones Públicas y Comunicación Cultural y en el Máster de Comunicación y Estudios Culturales</p>



<p>&#8211; Sus líneas de investigación tienen como eje principal la historia de la comunicación y las relaciones con la sociedad, así como el análisis entre la comunicación cultural y política entre Cuba y Cataluña</p>



<p>&#8211; Director del Grup de Recerca «Comunicació Social i Institucional» de la UdG. Grupo de investigación colaborador del LAPREC (SGR 2014-1388)</p>



<p>&#8211; Investigador invitado en el Laboratorio de Prospectiva e Investigación en Comunicación, Cultura y Cooperación (LAPREC), Departamento de Periodismo y Ciencias de la Comunicación (UAB)</p>



<h2 class="wp-block-heading"><strong>Publicaciones recientes</strong></h2>



<p>&#8211; «Advertising and journalistic modernization: the case of La Llumanera de Nova York (1874-1881)». Catalan Journal of Communication &amp; Cultural Studies&nbsp; 6 (2014):&nbsp; 95-114</p>



<p>&#8211; «La prensa como instrumento cohesionador de la identitat nacional. La proyección de Cataluña en Cuba.»&nbsp; Hispanic Research Journal&nbsp; 15 (2014):&nbsp; 492-514</p>



<p>&#8211; Costa, Lluís; Puntí, Mònica&nbsp; «Free press, a local communication model.»&nbsp; Catalan Social Sciencies Review&nbsp;&nbsp; (2014):&nbsp; 31-50</p>



<p>&#8211; Costa, Lluís; Puntí, Mònica&nbsp; «Premsa gratuïta, un model de comunicació local.»&nbsp; Comunicació&nbsp; 30 (2013):&nbsp; 79-99</p>



<p>&#8211; «Premsa i identitat nacional: La Llumanera de Nova York (1874-1881) .»&nbsp; Annals de l&#8217;Institut d&#8217;Estudis Gironins&nbsp;&nbsp; (2013):&nbsp; 545-564</p>



<p>&#8211; «Comunicación y propaganda durante la dictadura de Primo de Rivera (1923-1930).»&nbsp; Historia y comunicación social&nbsp; 18 (2013):&nbsp; 385-396</p>



<p>&#8211; Costa, Lluís&nbsp; «Apassionament heròic.»&nbsp; Bonart, Revista d&#8217;Art&nbsp;&nbsp; (2012):&nbsp; 24-25</p>



<p>&#8211; «The catalan migration to New York. A view from La Llumanera de Nova York (1874-1881).»&nbsp; New York History Review&nbsp; 6 (2012):&nbsp; 36-53</p>



<p>&#8211; «Evolució històrica de la premsa: Estudi de cas. Girona-Figueres (1800-1936) .»&nbsp; Plecs d&#8217;història local (Suplement de l&#8217;Avenç)&nbsp; 147 (2012):&nbsp; 5-7</p>



<p>&#8211; «Un sólido proyecto de investigación entre Cataluña y Cuba.»&nbsp; Revolución y cultura&nbsp;&nbsp; (2011):&nbsp; 24-26</p>



<p>&#8211; Costa, Lluís&nbsp; «La participación catalana en el fenómeno migratorio a Cuba en el siglo XIX: balance de una historia en construcción.»&nbsp; AECID. Cooperación Cultural España-Cuba&nbsp;&nbsp; (2010):&nbsp; 1-18</p>



<p>&#8211; «Pròleg. Actes del III Congrés d&#8217;Història de Girona Guerra i Poder en Terres de frontera (1792-1823)».&nbsp; Annals de l&#8217;Institut d&#8217;Estudis Gironins&nbsp; (2010):&nbsp; 9-11-</p>



<p>&#8211; «Imatge i Comunicació a Cuba.» Bonart, Revista d&#8217;Art (2010): 16-18</p>



<p>&#8211; Història de la premsa a la ciutat de Girona (1787-1939) (1987)</p>



<p>&#8211; La dictadura de Primo de Rivera (1923-1930). Comunicació i propaganda a les comarques gironines (1995)</p>



<p>&#8211; El periodisme (1996), El Autonomista: el diari dels Rahola (2000)</p>



<p>&#8211; Televisió de Girona. La comunicació de proximitat en l’era de la globalització (2005)</p>



<p>&#8211; El nacionalisme cubà i Catalunya (2006)</p>



<p>&#8211; La comunicació local (2009)</p>



<p>&#8211; La Llumanera de Nova York. Un periòdic entre Catalunya i Amèrica (2012)</p>



<p>&#8211; Cuba i el catalanisme. Entre l’autonomia i la independència (2013) i Pensar és triomfar. La publicitat a través de la<br>Història (2015)</p>



<p>&#8211; Les construccions nacionals: entre l&#8217;imaginari i la realitat (2016).</p>



<p>&#8211; Editor dels llibres El patrimoni documental: Catalunya-Cuba (2007), i Comunicació pel canvi social (2014).</p>



<h2 class="wp-block-heading"><strong>Otros</strong></h2>



<p>&#8211; Ponencia “Els reptes de la xarxa i el futur en paper”, durante la VI Trobada de joves lectors/es de la Premsa Comarcal i Local. Dosrius/Canyamars (ESP) 2011</p>



<p>&#8211; Ponencia “Estudi sobre tendències actuals de comunicació en seguretat viària en l&#8217;àmbit internacional”, durante IV Jornada de Publicitat i Seguretat Viària. Barcelona (ESP) 2011</p>



<p>&#8211; Ponencia “Un modelo de comunicación entre Cuba y Cataluña via Estados Unidos de América: La Llumanera de Nova York (1871-1884)”, durante el II Taller Internacional Cuba y los Països Catalans: encuentro de pueblos y culturas. La Habana (CUB) 2011</p>

<p>Situación académica y líneas de investigación &#8211; Profesor titular de la Universitat de Girona en los grados de Publicidad y Relaciones Públicas y Comunicación Cultural y en el Máster de Comunicación y Estudios Culturales &#8211; Sus líneas de investigación tienen como eje principal la historia de la comunicación y las relaciones con la sociedad, así [&hellip;]</p>
