{"id":157,"date":"2009-05-25T13:20:37","date_gmt":"2009-05-25T11:20:37","guid":{"rendered":"https:\/\/webs.uab.cat\/laprec\/recerca\/"},"modified":"2026-01-25T16:47:54","modified_gmt":"2026-01-25T14:47:54","slug":"recerca","status":"publish","type":"page","link":"https:\/\/webs.uab.cat\/laprec\/recerca\/","title":{"rendered":"Recerca"},"content":{"rendered":"<p>El<strong> Laboratori de Prospectiva i&nbsp;Investigaci\u00f3 en Comunicaci\u00f3, Cultura i Cooperaci\u00f3<\/strong> (LAPREC) \u00e9s un grup d&#8217;investigaci\u00f3 consolidat de la Universitat Aut\u00f2noma de Barcelona, adscrit al Departament de Periodisme i Ci\u00e8ncies de la Comunicaci\u00f3 de la UAB des dels anys 90. El Laboratori est\u00e0 dirigit per la&nbsp;Catedr\u00e0tica&nbsp;de Periodisme, la Dra. Teresa Vel\u00e1zquez.<\/p>\n<p>Tot i que est\u00e0 vinculat al Departament de Periodisme i Ci\u00e8ncies de la Comunicaci\u00f3, el LAPREC \u00e9s un grup interdisciplinari, del qual participen investigadors d&#8217;altres \u00e0rees de coneixement, com de Comunicaci\u00f3 Audiovisual, Publicitat, Traducci\u00f3 i Interpretaci\u00f3, Pedagogia Aplicada, Ling\u00fc\u00edstica o Antropologia Social. Tamb\u00e9 col\u00b7laboren amb el LAPREC, professionals d&#8217;altres institucions acad\u00e8miques de l&#8217;\u00e0mbit laboral.<\/p>\n","protected":false},"excerpt":{"rendered":"<p>El Laboratori de Prospectiva i&nbsp;Investigaci\u00f3 en Comunicaci\u00f3, Cultura i Cooperaci\u00f3 (LAPREC) \u00e9s un grup d&#8217;investigaci\u00f3 consolidat de la Universitat Aut\u00f2noma de Barcelona, adscrit al Departament de Periodisme i Ci\u00e8ncies de la Comunicaci\u00f3 de la UAB des dels anys 90. El Laboratori est\u00e0 dirigit per la&nbsp;Catedr\u00e0tica&nbsp;de Periodisme, la Dra. Teresa Vel\u00e1zquez. Tot i que est\u00e0 vinculat [&hellip;]<\/p>\n","protected":false},"author":20,"featured_media":0,"parent":0,"menu_order":5,"comment_status":"closed","ping_status":"closed","template":"","meta":{"footnotes":""},"class_list":["post-157","page","type-page","status-publish","hentry"],"_links":{"self":[{"href":"https:\/\/webs.uab.cat\/laprec\/wp-json\/wp\/v2\/pages\/157","targetHints":{"allow":["GET"]}}],"collection":[{"href":"https:\/\/webs.uab.cat\/laprec\/wp-json\/wp\/v2\/pages"}],"about":[{"href":"https:\/\/webs.uab.cat\/laprec\/wp-json\/wp\/v2\/types\/page"}],"author":[{"embeddable":true,"href":"https:\/\/webs.uab.cat\/laprec\/wp-json\/wp\/v2\/users\/20"}],"replies":[{"embeddable":true,"href":"https:\/\/webs.uab.cat\/laprec\/wp-json\/wp\/v2\/comments?post=157"}],"version-history":[{"count":1,"href":"https:\/\/webs.uab.cat\/laprec\/wp-json\/wp\/v2\/pages\/157\/revisions"}],"predecessor-version":[{"id":2718,"href":"https:\/\/webs.uab.cat\/laprec\/wp-json\/wp\/v2\/pages\/157\/revisions\/2718"}],"wp:attachment":[{"href":"https:\/\/webs.uab.cat\/laprec\/wp-json\/wp\/v2\/media?parent=157"}],"curies":[{"name":"wp","href":"https:\/\/api.w.org\/{rel}","templated":true}]}}