{"id":2761,"date":"2026-01-25T16:32:19","date_gmt":"2026-01-25T14:32:19","guid":{"rendered":"https:\/\/webs.uab.cat\/laprec\/?page_id=2761"},"modified":"2026-01-25T16:47:56","modified_gmt":"2026-01-25T14:47:56","slug":"dades-i-context-de-la-mediterrania","status":"publish","type":"page","link":"https:\/\/webs.uab.cat\/laprec\/omec\/recursos\/dades-i-context-de-la-mediterrania\/","title":{"rendered":"Dades i context de la Mediterr\u00e0nia"},"content":{"rendered":"\n<p>El grau de benestar i desenvolupament d&#8217;una societat i el sistema comunicatiu del qual disposa s\u00f3n dos elements que es relacionen clarament.<\/p>\n\n\n\n<p>En els seg\u00fcents documents s&#8217;aglutinen els principals indicadors de desenvolupament i benestar dels pa\u00efsos mediterranis:<\/p>\n\n\n\n<hr class=\"wp-block-separator has-alpha-channel-opacity\" \/>\n\n\n\n<h3 class=\"wp-block-heading\">Recursos<\/h3>\n\n\n\n<ul class=\"wp-block-list\">\n<li>Claret, A. (2005). <strong><a href=\"https:\/\/webs.uab.cat\/laprec\/wp-content\/uploads\/sites\/240\/2025\/11\/0006.pdf\" target=\"_blank\" rel=\"noreferrer noopener\">La batalla de los medios en el Mediterr\u00e1neo<\/a><\/strong>. Afkar\/Ideas.<\/li>\n\n\n\n<li>Nolan, T., Whitehouse, M. (2006). <strong><a href=\"https:\/\/webs.uab.cat\/laprec\/wp-content\/uploads\/sites\/240\/2025\/11\/0003.pdf\" target=\"_blank\" rel=\"noreferrer noopener\">Media Sustainability Index \u2013 Middle East and North Africa<\/a><\/strong>. Washington: IREX.<\/li>\n\n\n\n<li>de Larramendi, M.H., Azaola, B. (2006). <strong><a href=\"https:\/\/webs.uab.cat\/laprec\/wp-content\/uploads\/sites\/240\/2025\/11\/0004.pdf\" target=\"_blank\" rel=\"noreferrer noopener\">Los estudios sobre el Mundo \u00e1rabe y Mediterr\u00e1neo contempor\u00e1neos en Espa\u00f1a<\/a><\/strong>. Barcelona: CIDOB.<\/li>\n\n\n\n<li>Lamloum, O. (ed.) (2006). <strong><a href=\"https:\/\/webs.uab.cat\/laprec\/wp-content\/uploads\/sites\/240\/2025\/11\/0073.pdf\" target=\"_blank\" rel=\"noreferrer noopener\">Restructuring Radio Broadcasting in Arab Countries<\/a><\/strong>. Par\u00eds: Panos Paris.<\/li>\n\n\n\n<li>Comissi\u00f3 Europea (2007). <strong><a href=\"https:\/\/webs.uab.cat\/laprec\/wp-content\/uploads\/sites\/240\/2025\/11\/0082.pdf\" target=\"_blank\" rel=\"noreferrer noopener\">Media pluralism in the Member States of the European Union<\/a><\/strong>. Brussel\u00b7les: CE.<\/li>\n\n\n\n<li>Berger, G. (2007). <strong><a href=\"https:\/\/webs.uab.cat\/laprec\/wp-content\/uploads\/sites\/240\/2025\/11\/0001.pdf\" target=\"_blank\" rel=\"noreferrer noopener\">Media Legislation in Africa: a Comparative Legal Survey<\/a><\/strong>. Sud-\u00e0frica: UNESCO.<\/li>\n\n\n\n<li>Mahjoub, A. (2008). <strong><a href=\"https:\/\/webs.uab.cat\/laprec\/wp-content\/uploads\/sites\/240\/2025\/11\/0120.pdf\" target=\"_blank\" rel=\"noreferrer noopener\">L&#8217;int\u00e9gration r\u00e9gionale Sud-Sud. Une perspective comparative monde arabe-Am\u00e9rique du Sud<\/a><\/strong>. Barcelona: IEMed.<\/li>\n\n\n\n<li>Echeverr\u00eda, C. (2008). <strong><a href=\"https:\/\/webs.uab.cat\/laprec\/wp-content\/uploads\/sites\/240\/2025\/11\/0005.pdf\" target=\"_blank\" rel=\"noreferrer noopener\">El lanzamiento de la Uni\u00f3n para el Mediterr\u00e1neo y sus consecuencias geopol\u00edticas<\/a><\/strong>. Madrid: Real Instituto Elcano.<\/li>\n\n\n\n<li>Fargues, P. (dir.) (2009). <strong><a href=\"https:\/\/webs.uab.cat\/laprec\/wp-content\/uploads\/sites\/240\/2025\/11\/0176.pdf\" target=\"_blank\" rel=\"noreferrer noopener\">Migrations M\u00e9diterran\u00e9ennes. Rapport 2008\/2009<\/a><\/strong>. San Domenico di Fiesole: European University Institute, Robert Schuman Centre for Advanced Studies.<\/li>\n\n\n\n<li>IEMed (2009). <strong><a href=\"https:\/\/webs.uab.cat\/laprec\/wp-content\/uploads\/sites\/240\/2025\/11\/0181.pdf\" target=\"_blank\" rel=\"noreferrer noopener\">Mapa i time-line de la integraci\u00f3 europea<\/a><\/strong>.<\/li>\n\n\n\n<li>IEMed (2009). <strong><a href=\"https:\/\/webs.uab.cat\/laprec\/wp-content\/uploads\/sites\/240\/2025\/11\/0180.pdf\" target=\"_blank\" rel=\"noreferrer noopener\">Mapa de les llibertats civils a la Mediterr\u00e0nia<\/a><\/strong>.<\/li>\n\n\n\n<li>IEMed (2008). <strong><a href=\"https:\/\/webs.uab.cat\/laprec\/wp-content\/uploads\/sites\/240\/2025\/11\/0179.pdf\" target=\"_blank\" rel=\"noreferrer noopener\">Mapa \u00edndex de la desigualtat de g\u00e8nere a la Mediterr\u00e0nia<\/a><\/strong>.<\/li>\n\n\n\n<li>IEMed (2008). <strong><a href=\"https:\/\/webs.uab.cat\/laprec\/wp-content\/uploads\/sites\/240\/2025\/11\/0178.pdf\" target=\"_blank\" rel=\"noreferrer noopener\">Mapa dels drets pol\u00edtics a la Mediterr\u00e0nia<\/a><\/strong>.<\/li>\n\n\n\n<li>IEMed (2009). <strong><a href=\"https:\/\/webs.uab.cat\/laprec\/wp-content\/uploads\/sites\/240\/2025\/11\/0177.pdf\" target=\"_blank\" rel=\"noreferrer noopener\">Estad\u00edstiques b\u00e0siques de la regi\u00f3 Mediterr\u00e0nia<\/a><\/strong>.<\/li>\n\n\n\n<li>Lannon, E., Mart\u00edn, I. (2009). <strong>Informe d&#8217;aven\u00e7 sobre l&#8217;Associaci\u00f3 Euromediterr\u00e0nia<\/strong>. IEMed.<\/li>\n\n\n\n<li>Galal, A., Reiffers, J.L. (2011). <strong><a href=\"https:\/\/webs.uab.cat\/laprec\/wp-content\/uploads\/sites\/240\/2025\/11\/0184.pdf\" target=\"_blank\" rel=\"noreferrer noopener\">Towards a New Med Region: Achieving Fundamental Transitions<\/a><\/strong>. FEMISE.<\/li>\n<\/ul>\n","protected":false},"excerpt":{"rendered":"<p>El grau de benestar i desenvolupament d&#8217;una societat i el sistema comunicatiu del qual disposa s\u00f3n dos elements que es relacionen clarament. En els seg\u00fcents documents s&#8217;aglutinen els principals indicadors de desenvolupament i benestar dels pa\u00efsos mediterranis: Recursos<\/p>\n","protected":false},"author":20,"featured_media":0,"parent":2753,"menu_order":0,"comment_status":"closed","ping_status":"closed","template":"","meta":{"footnotes":""},"class_list":["post-2761","page","type-page","status-publish","hentry"],"_links":{"self":[{"href":"https:\/\/webs.uab.cat\/laprec\/wp-json\/wp\/v2\/pages\/2761","targetHints":{"allow":["GET"]}}],"collection":[{"href":"https:\/\/webs.uab.cat\/laprec\/wp-json\/wp\/v2\/pages"}],"about":[{"href":"https:\/\/webs.uab.cat\/laprec\/wp-json\/wp\/v2\/types\/page"}],"author":[{"embeddable":true,"href":"https:\/\/webs.uab.cat\/laprec\/wp-json\/wp\/v2\/users\/20"}],"replies":[{"embeddable":true,"href":"https:\/\/webs.uab.cat\/laprec\/wp-json\/wp\/v2\/comments?post=2761"}],"version-history":[{"count":1,"href":"https:\/\/webs.uab.cat\/laprec\/wp-json\/wp\/v2\/pages\/2761\/revisions"}],"predecessor-version":[{"id":2762,"href":"https:\/\/webs.uab.cat\/laprec\/wp-json\/wp\/v2\/pages\/2761\/revisions\/2762"}],"up":[{"embeddable":true,"href":"https:\/\/webs.uab.cat\/laprec\/wp-json\/wp\/v2\/pages\/2753"}],"wp:attachment":[{"href":"https:\/\/webs.uab.cat\/laprec\/wp-json\/wp\/v2\/media?parent=2761"}],"curies":[{"name":"wp","href":"https:\/\/api.w.org\/{rel}","templated":true}]}}