{"id":855,"date":"2016-12-15T14:11:56","date_gmt":"2016-12-15T12:11:56","guid":{"rendered":"https:\/\/webs.uab.cat\/laprec\/personal\/lluis-costa-3\/"},"modified":"2024-01-24T02:11:48","modified_gmt":"2024-01-24T00:11:48","slug":"lluis-costa-3","status":"publish","type":"personal","link":"https:\/\/webs.uab.cat\/laprec\/personal\/lluis-costa-3\/","title":{"rendered":"Llu\u00eds Costa"},"content":{"rendered":"\n<h2 class=\"wp-block-heading\"><strong>Situaci\u00f3 acad\u00e8mica i l\u00ednies d&#8217;investigaci\u00f3<\/strong><\/h2>\n\n\n\n<p>&#8211; Professor titular de la Universitat de Girona en els graus de Publicitat i Relacions P\u00fabliques i Comunicaci\u00f3 Cultural i en el M\u00e0ster de Comunicaci\u00f3 i Estudis Culturals<\/p>\n\n\n\n<p>&#8211; Les seves l\u00ednies de recerca tenen com a eix principal la hist\u00f2ria de la comunicaci\u00f3 i les relacions amb la societat, aix\u00ed com l&#8217;an\u00e0lisi entre la comunicaci\u00f3 cultural i pol\u00edtica entre Cuba i Catalunya<\/p>\n\n\n\n<p>&#8211; Director del Grup de Recerca &#8220;Comunicaci\u00f3 Social i Institucional&#8221; de la UdG<\/p>\n\n\n\n<p>&#8211; Investigador convidat en el Laboratori de Prospectiva i Recerca en Comunicaci\u00f3, Cultura i Cooperaci\u00f3 (LAPREC), Departament de Periodisme i Ci\u00e8ncies de la Comunicaci\u00f3 (UAB)<\/p>\n\n\n\n<h2 class=\"wp-block-heading\"><strong>Publicacions recents<\/strong><\/h2>\n\n\n\n<p>&#8211; &#8220;Advertising and period\u00edstiques modernitzaci\u00f3: the case of La Llumanera de Nova York (1874-1881).&#8221; Catalan Journal of Communication &amp; Cultural Studies 6 (2014): 95-114<\/p>\n\n\n\n<p>&#8211; &#8220;La premsa com a instrument cohesionador de la identitat nacional. La projecci\u00f3 de Catalunya a Cuba.&#8221; Hispanic Research Journal 15 (2014): 492-514<\/p>\n\n\n\n<p>&#8211; Costa, Llu\u00eds; Punt\u00ed, M\u00f2nica &#8220;Free press, a local communication model.&#8221; Catalan Social Sciences Review (2014): 31-50<\/p>\n\n\n\n<p>&#8211; Costa, Llu\u00eds; Punt\u00ed, M\u00f2nica &#8220;Premsa gratu\u00efta, 1 model de comunicaci\u00f3 local.&#8221; Comunicaci\u00f3 30 (2013): 79-99<\/p>\n\n\n\n<p>&#8211; &#8220;Premsa i identitat nacional: La Llumanera de Nova York (1874-1881).&#8221; Annals de l&#8217;Institut d&#8217;Estudis Gironins (2013): 545-564<\/p>\n\n\n\n<p>&#8211; &#8220;Comunicaci\u00f3 i propaganda durant la dictadura de Primo de Rivera (1923-1930).&#8221; Hist\u00f2ria i comunicaci\u00f3 social 18 (2013): 385-396<\/p>\n\n\n\n<p>&#8211; Costa, Llu\u00eds &#8220;Apassionament heroic.&#8221; Bonart, Revista d&#8217;Art (2012): 24-25<\/p>\n\n\n\n<p>&#8211; &#8220;The catal\u00e0 migration to New York. A view from La Llumanera de Nova York (1874-1881).&#8221; New York History Review 6 (2012): 36-53<\/p>\n\n\n\n<p>&#8211; &#8220;Evoluci\u00f3 hist\u00f2rica de la premsa: Estudi de cas. Girona-Figueres (1800-1936).&#8221; Plecs d&#8217;hist\u00f2ria local (Suplement de l&#8217;Aven\u00e7) 147 (2012): 5-7<\/p>\n\n\n\n<p>&#8211; &#8220;Un s\u00f2lid projecte de recerca entre Catalunya i Cuba.&#8221; Revoluci\u00f3 i cultura (2011): 24-26<\/p>\n\n\n\n<p>&#8211; Costa, Llu\u00eds &#8220;La participaci\u00f3 catalana en el fenomen migratori a Cuba al segle XIX: balan\u00e7 d&#8217;una hist\u00f2ria en construcci\u00f3.&#8221; AECID. Cooperaci\u00f3 Cultural Espanya-Cuba (2010): 1-18<\/p>\n\n\n\n<p>&#8211; &#8220;Pr\u00f2leg. Actes del III Congr\u00e9s d&#8217;Hist\u00f2ria de Girona Guerra i Poder a Terres de frontera (1792-1823).&#8221; Annals de l&#8217;Institut d&#8217;Estudis Gironins (2010): 9-11-<\/p>\n\n\n\n<p>&#8211; &#8220;Imatge i Comunicaci\u00f3 a Cuba.&#8221; Bonart, Revista d&#8217;Art (2010): 16-18<\/p>\n\n\n\n<h2 class=\"wp-block-heading\"><strong>Altres<\/strong><\/h2>\n\n\n\n<p>&#8211; Pon\u00e8ncia &#8220;Els Reptes de la xarxa i el futur en paper&#8221;, durant la VI Trobada de Joves lectors \/ es de la Premsa Comarcal i Local. Dosrius \/ Canyamars (ESP) 2011<\/p>\n\n\n\n<p>&#8211; Pon\u00e8ncia &#8220;Estudi sobre Tend\u00e8ncies actuals de comunicaci\u00f3 en seguridad vi\u00e0ria a l&#8217;\u00c0mbit internacional&#8221;, durant IV Jornada de Publicitat i Seguretat Vi\u00e0ria. Barcelona (ESP) 2011<\/p>\n\n\n\n<p>&#8211; Pon\u00e8ncia &#8220;Un model de comunicaci\u00f3 entre Cuba i Catalunya via Estats Units d&#8217;Am\u00e8rica: La Llumanera de Nova York (1871-1884)&#8221;, durant el II Taller Internacional Cuba i els Pa\u00efsos Catalans: trobada de pobles i cultures. L&#8217;Havana (CUB) 2011<\/p>\n","protected":false},"excerpt":{"rendered":"<p>Situaci\u00f3 acad\u00e8mica i l\u00ednies d&#8217;investigaci\u00f3 &#8211; Professor titular de la Universitat de Girona en els graus de Publicitat i Relacions P\u00fabliques i Comunicaci\u00f3 Cultural i en el M\u00e0ster de Comunicaci\u00f3 i Estudis Culturals &#8211; Les seves l\u00ednies de recerca tenen com a eix principal la hist\u00f2ria de la comunicaci\u00f3 i les relacions amb la societat, [&hellip;]<\/p>\n","protected":false},"author":20,"featured_media":0,"template":"","class_list":["post-855","personal","type-personal","status-publish","hentry"],"_links":{"self":[{"href":"https:\/\/webs.uab.cat\/laprec\/wp-json\/wp\/v2\/personal\/855","targetHints":{"allow":["GET"]}}],"collection":[{"href":"https:\/\/webs.uab.cat\/laprec\/wp-json\/wp\/v2\/personal"}],"about":[{"href":"https:\/\/webs.uab.cat\/laprec\/wp-json\/wp\/v2\/types\/personal"}],"author":[{"embeddable":true,"href":"https:\/\/webs.uab.cat\/laprec\/wp-json\/wp\/v2\/users\/20"}],"wp:attachment":[{"href":"https:\/\/webs.uab.cat\/laprec\/wp-json\/wp\/v2\/media?parent=855"}],"curies":[{"name":"wp","href":"https:\/\/api.w.org\/{rel}","templated":true}]}}

Lluís Costa

<h2 class="wp-block-heading"><strong>Situació acadèmica i línies d&#8217;investigació</strong></h2>



<p>&#8211; Professor titular de la Universitat de Girona en els graus de Publicitat i Relacions Públiques i Comunicació Cultural i en el Màster de Comunicació i Estudis Culturals</p>



<p>&#8211; Les seves línies de recerca tenen com a eix principal la història de la comunicació i les relacions amb la societat, així com l&#8217;anàlisi entre la comunicació cultural i política entre Cuba i Catalunya</p>



<p>&#8211; Director del Grup de Recerca &#8220;Comunicació Social i Institucional&#8221; de la UdG</p>



<p>&#8211; Investigador convidat en el Laboratori de Prospectiva i Recerca en Comunicació, Cultura i Cooperació (LAPREC), Departament de Periodisme i Ciències de la Comunicació (UAB)</p>



<h2 class="wp-block-heading"><strong>Publicacions recents</strong></h2>



<p>&#8211; &#8220;Advertising and periodístiques modernització: the case of La Llumanera de Nova York (1874-1881).&#8221; Catalan Journal of Communication &amp; Cultural Studies 6 (2014): 95-114</p>



<p>&#8211; &#8220;La premsa com a instrument cohesionador de la identitat nacional. La projecció de Catalunya a Cuba.&#8221; Hispanic Research Journal 15 (2014): 492-514</p>



<p>&#8211; Costa, Lluís; Puntí, Mònica &#8220;Free press, a local communication model.&#8221; Catalan Social Sciences Review (2014): 31-50</p>



<p>&#8211; Costa, Lluís; Puntí, Mònica &#8220;Premsa gratuïta, 1 model de comunicació local.&#8221; Comunicació 30 (2013): 79-99</p>



<p>&#8211; &#8220;Premsa i identitat nacional: La Llumanera de Nova York (1874-1881).&#8221; Annals de l&#8217;Institut d&#8217;Estudis Gironins (2013): 545-564</p>



<p>&#8211; &#8220;Comunicació i propaganda durant la dictadura de Primo de Rivera (1923-1930).&#8221; Història i comunicació social 18 (2013): 385-396</p>



<p>&#8211; Costa, Lluís &#8220;Apassionament heroic.&#8221; Bonart, Revista d&#8217;Art (2012): 24-25</p>



<p>&#8211; &#8220;The català migration to New York. A view from La Llumanera de Nova York (1874-1881).&#8221; New York History Review 6 (2012): 36-53</p>



<p>&#8211; &#8220;Evolució històrica de la premsa: Estudi de cas. Girona-Figueres (1800-1936).&#8221; Plecs d&#8217;història local (Suplement de l&#8217;Avenç) 147 (2012): 5-7</p>



<p>&#8211; &#8220;Un sòlid projecte de recerca entre Catalunya i Cuba.&#8221; Revolució i cultura (2011): 24-26</p>



<p>&#8211; Costa, Lluís &#8220;La participació catalana en el fenomen migratori a Cuba al segle XIX: balanç d&#8217;una història en construcció.&#8221; AECID. Cooperació Cultural Espanya-Cuba (2010): 1-18</p>



<p>&#8211; &#8220;Pròleg. Actes del III Congrés d&#8217;Història de Girona Guerra i Poder a Terres de frontera (1792-1823).&#8221; Annals de l&#8217;Institut d&#8217;Estudis Gironins (2010): 9-11-</p>



<p>&#8211; &#8220;Imatge i Comunicació a Cuba.&#8221; Bonart, Revista d&#8217;Art (2010): 16-18</p>



<h2 class="wp-block-heading"><strong>Altres</strong></h2>



<p>&#8211; Ponència &#8220;Els Reptes de la xarxa i el futur en paper&#8221;, durant la VI Trobada de Joves lectors / es de la Premsa Comarcal i Local. Dosrius / Canyamars (ESP) 2011</p>



<p>&#8211; Ponència &#8220;Estudi sobre Tendències actuals de comunicació en seguridad viària a l&#8217;Àmbit internacional&#8221;, durant IV Jornada de Publicitat i Seguretat Viària. Barcelona (ESP) 2011</p>



<p>&#8211; Ponència &#8220;Un model de comunicació entre Cuba i Catalunya via Estats Units d&#8217;Amèrica: La Llumanera de Nova York (1871-1884)&#8221;, durant el II Taller Internacional Cuba i els Països Catalans: trobada de pobles i cultures. L&#8217;Havana (CUB) 2011</p>

<p>Situació acadèmica i línies d&#8217;investigació &#8211; Professor titular de la Universitat de Girona en els graus de Publicitat i Relacions Públiques i Comunicació Cultural i en el Màster de Comunicació i Estudis Culturals &#8211; Les seves línies de recerca tenen com a eix principal la història de la comunicació i les relacions amb la societat, [&hellip;]</p>
