{"id":875,"date":"2016-12-15T14:22:47","date_gmt":"2016-12-15T12:22:47","guid":{"rendered":"https:\/\/webs.uab.cat\/laprec\/personal\/gabriel-lemkow-3\/"},"modified":"2024-01-24T17:21:37","modified_gmt":"2024-01-24T15:21:37","slug":"gabriel-lemkow-3","status":"publish","type":"personal","link":"https:\/\/webs.uab.cat\/laprec\/personal\/gabriel-lemkow-3\/","title":{"rendered":"Gabriel Lemkow"},"content":{"rendered":"\n<h2 class=\"wp-block-heading\"><strong>Situaci\u00f3 acad\u00e8mica i l\u00ednies d&#8217;investigaci\u00f3<\/strong><\/h2>\n\n\n\n<p>&#8211; Professor en UVic-UCC<\/p>\n\n\n\n<p>&#8211; Temes de Grau: Teories i Pr\u00e0ctiques Contempor\u00e0nies en Educaci\u00f3 i Educaci\u00f3 de les Arts Visuals I i II. T\u00e9 diverses publicacions relacionades amb la teoria de l&#8217;educaci\u00f3, l&#8217;art i la gesti\u00f3 espacial i les pr\u00e0ctiques<\/p>\n\n\n\n<p>&#8211; Actualment els seus interessos de recerca se centren en la cultura visual, l&#8217;exclusi\u00f3 social i cultural en l&#8217;art i l&#8217;aprenentatge a trav\u00e9s de m\u00e8todes de pr\u00e0ctica<\/p>\n\n\n\n<p>&#8211; Investigador convidat en el Laboratori de Prospectiva i Recerca en Comunicaci\u00f3, Cultura i Cooperaci\u00f3 (LAPREC), Departament de Periodisme i Ci\u00e8ncies de la Comunicaci\u00f3 (UAB)<\/p>\n\n\n\n<h2 class=\"wp-block-heading\"><strong>Publicacions recents<\/strong><\/h2>\n\n\n\n<p>&#8211; &#8220;Lab 0_6: espai de ci\u00e8ncia, espai neuroeducatiu&#8221;. Guix d&#8217;infantil. &#8220;Monogr\u00e0fic sobre neuroeducaci\u00f3&#8221;, num. 86 (en premsa). 2016<\/p>\n\n\n\n<p>&#8211; Lemkow-Tovias, G., Brugarolas, I., Cantons Palmitjavila, J. Carballo Marquez, A. I Mampel, S. (2016). &#8220;Lab 0_6: un espai de ci\u00e8ncia per a la primera inf\u00e0ncia&#8221;. Quaderns de Pedagogia. Monogr\u00e0fic Espais de ci\u00e8ncia &#8220;. (En premsa)<\/p>\n\n\n\n<p>&#8211; Brugarolas, I., Carballo-M\u00e1rquez, A. I Lemkow-Tovias, G. (2015). &#8220;No ho es fer&#8221;. Guix d&#8217;Infantil, 83<\/p>\n\n\n\n<p>&#8211; &#8220;Sobre la Funci\u00f3 pol\u00edtica del mestre: unes reflexions a partir de Voltaire, Dewey i Gramsci&#8221;. A: Garcia-Collado, F. &amp; Capdevila, P. (2014). L&#8217;aventura d&#8217;Europa -filosofia i Acci\u00f3. Berlin: Ed. Doble Sol, 2014<\/p>\n\n\n\n<p>&#8211; &#8220;The Philosophy of Art: the question of Definition by Tiziana Andina&#8221; (Ressenya de llibre). Notre Dame Philosophical Reviews (ISSN: 1538-1617). University of Notre Damme (USA), 2013 En: http: \/\/ndpr.nd.edu\/news\/45087-the-philosophy-of-art-the-question-of-defi &#8230;<\/p>\n\n\n\n<h2 class=\"wp-block-heading\"><strong>Altres<\/strong><\/h2>\n\n\n\n<p>&#8211; Ha publicat diversos cap\u00edtols de llibre sobre temes de Filosofia de l&#8217;art, Filosofia de l&#8217;Educaci\u00f3 i pr\u00e0ctica pedag\u00f2gica<\/p>\n\n\n\n<p>&#8211; Ha publicat en revistes cient\u00edfiques com Guix i Quaderns de Pedagogia<\/p>\n\n\n\n<p>&#8211; Membre de la comissi\u00f3 d&#8217;avaluaci\u00f3 del professorat del grau en Educaci\u00f3 Infantil de la Fundaci\u00f3 Universit\u00e0ria del Bages<\/p>\n","protected":false},"excerpt":{"rendered":"<p>Situaci\u00f3 acad\u00e8mica i l\u00ednies d&#8217;investigaci\u00f3 &#8211; Professor en UVic-UCC &#8211; Temes de Grau: Teories i Pr\u00e0ctiques Contempor\u00e0nies en Educaci\u00f3 i Educaci\u00f3 de les Arts Visuals I i II. T\u00e9 diverses publicacions relacionades amb la teoria de l&#8217;educaci\u00f3, l&#8217;art i la gesti\u00f3 espacial i les pr\u00e0ctiques &#8211; Actualment els seus interessos de recerca se centren en [&hellip;]<\/p>\n","protected":false},"author":20,"featured_media":0,"template":"","class_list":["post-875","personal","type-personal","status-publish","hentry"],"_links":{"self":[{"href":"https:\/\/webs.uab.cat\/laprec\/wp-json\/wp\/v2\/personal\/875","targetHints":{"allow":["GET"]}}],"collection":[{"href":"https:\/\/webs.uab.cat\/laprec\/wp-json\/wp\/v2\/personal"}],"about":[{"href":"https:\/\/webs.uab.cat\/laprec\/wp-json\/wp\/v2\/types\/personal"}],"author":[{"embeddable":true,"href":"https:\/\/webs.uab.cat\/laprec\/wp-json\/wp\/v2\/users\/20"}],"wp:attachment":[{"href":"https:\/\/webs.uab.cat\/laprec\/wp-json\/wp\/v2\/media?parent=875"}],"curies":[{"name":"wp","href":"https:\/\/api.w.org\/{rel}","templated":true}]}}

<h2 class="wp-block-heading"><strong>Situació acadèmica i línies d&#8217;investigació</strong></h2>



<p>&#8211; Professor en UVic-UCC</p>



<p>&#8211; Temes de Grau: Teories i Pràctiques Contemporànies en Educació i Educació de les Arts Visuals I i II. Té diverses publicacions relacionades amb la teoria de l&#8217;educació, l&#8217;art i la gestió espacial i les pràctiques</p>



<p>&#8211; Actualment els seus interessos de recerca se centren en la cultura visual, l&#8217;exclusió social i cultural en l&#8217;art i l&#8217;aprenentatge a través de mètodes de pràctica</p>



<p>&#8211; Investigador convidat en el Laboratori de Prospectiva i Recerca en Comunicació, Cultura i Cooperació (LAPREC), Departament de Periodisme i Ciències de la Comunicació (UAB)</p>



<h2 class="wp-block-heading"><strong>Publicacions recents</strong></h2>



<p>&#8211; &#8220;Lab 0_6: espai de ciència, espai neuroeducatiu&#8221;. Guix d&#8217;infantil. &#8220;Monogràfic sobre neuroeducació&#8221;, num. 86 (en premsa). 2016</p>



<p>&#8211; Lemkow-Tovias, G., Brugarolas, I., Cantons Palmitjavila, J. Carballo Marquez, A. I Mampel, S. (2016). &#8220;Lab 0_6: un espai de ciència per a la primera infància&#8221;. Quaderns de Pedagogia. Monogràfic Espais de ciència &#8220;. (En premsa)</p>



<p>&#8211; Brugarolas, I., Carballo-Márquez, A. I Lemkow-Tovias, G. (2015). &#8220;No ho es fer&#8221;. Guix d&#8217;Infantil, 83</p>



<p>&#8211; &#8220;Sobre la Funció política del mestre: unes reflexions a partir de Voltaire, Dewey i Gramsci&#8221;. A: Garcia-Collado, F. &amp; Capdevila, P. (2014). L&#8217;aventura d&#8217;Europa -filosofia i Acció. Berlin: Ed. Doble Sol, 2014</p>



<p>&#8211; &#8220;The Philosophy of Art: the question of Definition by Tiziana Andina&#8221; (Ressenya de llibre). Notre Dame Philosophical Reviews (ISSN: 1538-1617). University of Notre Damme (USA), 2013 En: http: //ndpr.nd.edu/news/45087-the-philosophy-of-art-the-question-of-defi &#8230;</p>



<h2 class="wp-block-heading"><strong>Altres</strong></h2>



<p>&#8211; Ha publicat diversos capítols de llibre sobre temes de Filosofia de l&#8217;art, Filosofia de l&#8217;Educació i pràctica pedagògica</p>



<p>&#8211; Ha publicat en revistes científiques com Guix i Quaderns de Pedagogia</p>



<p>&#8211; Membre de la comissió d&#8217;avaluació del professorat del grau en Educació Infantil de la Fundació Universitària del Bages</p>

<p>Situació acadèmica i línies d&#8217;investigació &#8211; Professor en UVic-UCC &#8211; Temes de Grau: Teories i Pràctiques Contemporànies en Educació i Educació de les Arts Visuals I i II. Té diverses publicacions relacionades amb la teoria de l&#8217;educació, l&#8217;art i la gestió espacial i les pràctiques &#8211; Actualment els seus interessos de recerca se centren en [&hellip;]</p>
