{"id":905,"date":"2017-06-10T13:35:21","date_gmt":"2017-06-10T11:35:21","guid":{"rendered":"https:\/\/webs.uab.cat\/laprec\/personal\/claudio-andres-maldonado-rivera-3\/"},"modified":"2024-01-24T02:18:56","modified_gmt":"2024-01-24T00:18:56","slug":"claudio-andres-maldonado-rivera-3","status":"publish","type":"personal","link":"https:\/\/webs.uab.cat\/laprec\/personal\/claudio-andres-maldonado-rivera-3\/","title":{"rendered":"Claudio Andr\u00e9s Maldonado Rivera"},"content":{"rendered":"\n<h2 class=\"wp-block-heading\"><strong>Situaci\u00f3 acad\u00e8mica i l\u00ednies de recerca<\/strong><\/h2>\n\n\n\n<p>&#8211; Doctor en Comunicaci\u00f3 i Periodisme per la Universitat Aut\u00f2noma de Barcelona, \u200b\u200bEspanya<br>&#8211; Mag\u00edster en Ci\u00e8ncies de la Comunicaci\u00f3, i Llicenciat en Educaci\u00f3 per la Universitat de la Frontera, Temuco, Xile<br>&#8211; Investigador Responsable del projecte FONDECYT d&#8217;Iniciaci\u00f3 n \u00b0 11140180, titulat &#8220;Apropiaci\u00f3 tecnol\u00f2gica, discurs i decolonialidad: la producci\u00f3 informativa digital maputxe en el marc del conflicte Estat-naci\u00f3 i Poble Mapuche a la regi\u00f3 de l&#8217;Araucan\u00eda&#8221;; i del Projecte &#8220;Llibres de la pluja: estat actual de les editorials independents i universit\u00e0ries del Sud de Xile&#8221; Fons del Llibre i la Lectura &#8211; Consell Nacional de la Cultura i les Arts, Xile<br>&#8211; Investigador en el Laboratori de Prospectiva i Recerca en Comunicaci\u00f3, Cultura i Cooperaci\u00f3 (LAPREC), Departament de Periodisme i Ci\u00e8ncies de la Comunicaci\u00f3 (UAB)<br>&#8211; Les seves l\u00ednies de recerca s\u00f3n: comunicaci\u00f3 i discurs &#8211; comunicaci\u00f3 en contextos interculturals &#8211; apropiaci\u00f3 social de les tecnologies &#8211; gir decolonial<\/p>\n\n\n\n<h2 class=\"wp-block-heading\"><strong>Publicacions recents<\/strong><\/h2>\n\n\n\n<p>&#8211; Maldonado, Claudi. 2015. Decolonialidad a les xarxes virtuals. El cas de Azkintuwe. FELAFACS, Col\u00f2mbia<br>&#8211; Maldonado, Claudi. De-Colonialitat, Tecnologies i Comunicaci\u00f3. Discussions te\u00f2riques. CIESPAL, Equador. (En edici\u00f3)<br>&#8211; Maldonado, Claudi. 2015. &#8220;Decolonialidad, tecnologies i comunicaci\u00f3. Un estudi de cas &#8220;, en Revista Di\u00e0legs de la Comunicaci\u00f3, edici\u00f3 especial. http:\/\/dialogosfelafacs.net\/decolonialidad-tecnologias-y-comunicacion-un-estudio-de-caso\/<br>&#8211; Maldonado, Claudio; REIS, Carlos; DE LA VALL, Carlos. 2015. &#8220;Emerg\u00e8ncia Ind\u00edgena, Comunicaci\u00f3-altra i Bon Viure: pensar la soci-praxi comunicativa dels pobles ind\u00edgenes&#8221; en Chasqui n \u00b0 128, pp. 166-183<br>&#8211; Maldonado, Claudio i DE LA VALL, Carlos. 2016. &#8220;Episteme decolonial en dues obres del pensament maputxe. Re-escrivint la Interculturalitat &#8220;, en Chungara, Revista d&#8217;Antropologia, Vol. 48, n\u00ba 2, pp. 319-329<br>&#8211; Maldonado, Claudi. 2016. &#8220;Apunts sobre descolonitzaci\u00f3 epist\u00e8mica en el pensament comunic\u00f2leg regional&#8221;, en Chasqui n\u00ba 131, pp. 39-46<\/p>\n\n\n\n<h2 class=\"wp-block-heading\"><strong>Altres<\/strong><\/h2>\n\n\n\n<p>&#8211; L&#8217;any 2015 va ser premiat per la Federaci\u00f3 Llatinoamericana de Facultats de Comunicaci\u00f3 Social (FELAFACS) per les contribucions que la seva tesi doctoral ofereix al camp de la comunicaci\u00f3 llatinoamericana; i l&#8217;any 2016 va rebre el Premi Extraordinari de Doctorat atorgat per la Universitat Aut\u00f2noma de Barcelona<br>&#8211; Es va exercir en el per\u00edode 2015 &#8211; 2016 com a Director de Recerca del Centre Internacional d&#8217;Estudis Superiors de Comunicaci\u00f3 per a Am\u00e8rica Llatina (CIESPAL), Quito, Equador<br>&#8211; Coordinador del Monogr\u00e0fic &#8220;Di\u00e0leg de sabers: gir decolonial i comunicologia llatinoamericana&#8221;, Chasqui, Revista Llatinoamericana de Comunicaci\u00f3, n \u00b0 131, any 2016<br>&#8211; Expositor a la IX Trobada Nacional d&#8217;Estudis del Discurs, Universitat Cat\u00f2lica de Temuco, novembre de 2016. Pon\u00e8ncia: An\u00e0lisi cr\u00edtica i complex del discurs a mitjans informatius digitals maputxe. Heteronom\u00edas decoloniales<br>&#8211; Expositor convidat al Cooquio &#8220;Racisme i Cultura&#8221;, Facultat de Filosofia i Humanitats, Universitat de Xile, octubre de 2016. Pon\u00e8ncia: L&#8217;espectacularitzaci\u00f3 del racisme en contextos de conflicte. Una lectura de cas<br>&#8211; Expositor al XIII Congr\u00e9s de l&#8217;Associaci\u00f3 Llatinoamericana d&#8217;Investigadors de la Comunicaci\u00f3 (ALAIC), Universitat Aut\u00f2noma Metropolitana de M\u00e8xic, Ciutat de M\u00e8xic. 5 al 7 d&#8217;octubre. Pon\u00e8ncia: Comunicaci\u00f3 i decolonialidad en mitjans informatius maputxe<br>&#8211; Panelista convidat al Congr\u00e9s Internacional &#8220;Els territoris discursius a Am\u00e8rica Llatina: interculturalitat, comunicaci\u00f3 i identitat&#8221;. CIESPAL, Quito, Equador. 12 al 15 de setembre. Pon\u00e8ncia: Interculturalitat, poder i heteronom\u00edas<br>&#8211; Panelista convidat al Col\u00b7loqui Llatinoameric\u00e0 de Ci\u00e8ncies de la Comunicaci\u00f3: Metodologies d&#8217;investigaci\u00f3 en comunicaci\u00f3 a l&#8217;Am\u00e8rica Llatina &#8220;Universitat de Sao Paulo, Brasil. Del 2 al 5 de setembre. Pon\u00e8ncia: Episteme de la dominaci\u00f3 i investigaci\u00f3 en comunicaci\u00f3<br>&#8211; Organitzador i expositor del Seminari &#8220;Comunicaci\u00f3 i intercultiuralidad: lectures davant de la crisi civilitzat\u00f2ria&#8221;. Universitat Cat\u00f2lica de Temuco, Xile. 14 i 15 de juny. Pon\u00e8ncia: interculturalitat (\u00e9s) i comunicacions des de la dissid\u00e8ncia<br>&#8211; Va dictar el Seminari &#8220;Pensar 1 Comunicologia del Sud. Aportacions des del pensament decolonial llatinoameric\u00e0 &#8220;. Universitat Aut\u00f2noma de Barcelona, \u200b\u200b6 al 8 d&#8217;abril de 2016<\/p>\n","protected":false},"excerpt":{"rendered":"<p>Situaci\u00f3 acad\u00e8mica i l\u00ednies de recerca &#8211; Doctor en Comunicaci\u00f3 i Periodisme per la Universitat Aut\u00f2noma de Barcelona, \u200b\u200bEspanya&#8211; Mag\u00edster en Ci\u00e8ncies de la Comunicaci\u00f3, i Llicenciat en Educaci\u00f3 per la Universitat de la Frontera, Temuco, Xile&#8211; Investigador Responsable del projecte FONDECYT d&#8217;Iniciaci\u00f3 n \u00b0 11140180, titulat &#8220;Apropiaci\u00f3 tecnol\u00f2gica, discurs i decolonialidad: la producci\u00f3 informativa [&hellip;]<\/p>\n","protected":false},"author":20,"featured_media":0,"template":"","class_list":["post-905","personal","type-personal","status-publish","hentry"],"_links":{"self":[{"href":"https:\/\/webs.uab.cat\/laprec\/wp-json\/wp\/v2\/personal\/905","targetHints":{"allow":["GET"]}}],"collection":[{"href":"https:\/\/webs.uab.cat\/laprec\/wp-json\/wp\/v2\/personal"}],"about":[{"href":"https:\/\/webs.uab.cat\/laprec\/wp-json\/wp\/v2\/types\/personal"}],"author":[{"embeddable":true,"href":"https:\/\/webs.uab.cat\/laprec\/wp-json\/wp\/v2\/users\/20"}],"wp:attachment":[{"href":"https:\/\/webs.uab.cat\/laprec\/wp-json\/wp\/v2\/media?parent=905"}],"curies":[{"name":"wp","href":"https:\/\/api.w.org\/{rel}","templated":true}]}}

Claudio Andrés Maldonado Rivera

<h2 class="wp-block-heading"><strong>Situació acadèmica i línies de recerca</strong></h2>



<p>&#8211; Doctor en Comunicació i Periodisme per la Universitat Autònoma de Barcelona, ​​Espanya<br>&#8211; Magíster en Ciències de la Comunicació, i Llicenciat en Educació per la Universitat de la Frontera, Temuco, Xile<br>&#8211; Investigador Responsable del projecte FONDECYT d&#8217;Iniciació n ° 11140180, titulat &#8220;Apropiació tecnològica, discurs i decolonialidad: la producció informativa digital maputxe en el marc del conflicte Estat-nació i Poble Mapuche a la regió de l&#8217;Araucanía&#8221;; i del Projecte &#8220;Llibres de la pluja: estat actual de les editorials independents i universitàries del Sud de Xile&#8221; Fons del Llibre i la Lectura &#8211; Consell Nacional de la Cultura i les Arts, Xile<br>&#8211; Investigador en el Laboratori de Prospectiva i Recerca en Comunicació, Cultura i Cooperació (LAPREC), Departament de Periodisme i Ciències de la Comunicació (UAB)<br>&#8211; Les seves línies de recerca són: comunicació i discurs &#8211; comunicació en contextos interculturals &#8211; apropiació social de les tecnologies &#8211; gir decolonial</p>



<h2 class="wp-block-heading"><strong>Publicacions recents</strong></h2>



<p>&#8211; Maldonado, Claudi. 2015. Decolonialidad a les xarxes virtuals. El cas de Azkintuwe. FELAFACS, Colòmbia<br>&#8211; Maldonado, Claudi. De-Colonialitat, Tecnologies i Comunicació. Discussions teòriques. CIESPAL, Equador. (En edició)<br>&#8211; Maldonado, Claudi. 2015. &#8220;Decolonialidad, tecnologies i comunicació. Un estudi de cas &#8220;, en Revista Diàlegs de la Comunicació, edició especial. http://dialogosfelafacs.net/decolonialidad-tecnologias-y-comunicacion-un-estudio-de-caso/<br>&#8211; Maldonado, Claudio; REIS, Carlos; DE LA VALL, Carlos. 2015. &#8220;Emergència Indígena, Comunicació-altra i Bon Viure: pensar la soci-praxi comunicativa dels pobles indígenes&#8221; en Chasqui n ° 128, pp. 166-183<br>&#8211; Maldonado, Claudio i DE LA VALL, Carlos. 2016. &#8220;Episteme decolonial en dues obres del pensament maputxe. Re-escrivint la Interculturalitat &#8220;, en Chungara, Revista d&#8217;Antropologia, Vol. 48, nº 2, pp. 319-329<br>&#8211; Maldonado, Claudi. 2016. &#8220;Apunts sobre descolonització epistèmica en el pensament comunicòleg regional&#8221;, en Chasqui nº 131, pp. 39-46</p>



<h2 class="wp-block-heading"><strong>Altres</strong></h2>



<p>&#8211; L&#8217;any 2015 va ser premiat per la Federació Llatinoamericana de Facultats de Comunicació Social (FELAFACS) per les contribucions que la seva tesi doctoral ofereix al camp de la comunicació llatinoamericana; i l&#8217;any 2016 va rebre el Premi Extraordinari de Doctorat atorgat per la Universitat Autònoma de Barcelona<br>&#8211; Es va exercir en el període 2015 &#8211; 2016 com a Director de Recerca del Centre Internacional d&#8217;Estudis Superiors de Comunicació per a Amèrica Llatina (CIESPAL), Quito, Equador<br>&#8211; Coordinador del Monogràfic &#8220;Diàleg de sabers: gir decolonial i comunicologia llatinoamericana&#8221;, Chasqui, Revista Llatinoamericana de Comunicació, n ° 131, any 2016<br>&#8211; Expositor a la IX Trobada Nacional d&#8217;Estudis del Discurs, Universitat Catòlica de Temuco, novembre de 2016. Ponència: Anàlisi crítica i complex del discurs a mitjans informatius digitals maputxe. Heteronomías decoloniales<br>&#8211; Expositor convidat al Cooquio &#8220;Racisme i Cultura&#8221;, Facultat de Filosofia i Humanitats, Universitat de Xile, octubre de 2016. Ponència: L&#8217;espectacularització del racisme en contextos de conflicte. Una lectura de cas<br>&#8211; Expositor al XIII Congrés de l&#8217;Associació Llatinoamericana d&#8217;Investigadors de la Comunicació (ALAIC), Universitat Autònoma Metropolitana de Mèxic, Ciutat de Mèxic. 5 al 7 d&#8217;octubre. Ponència: Comunicació i decolonialidad en mitjans informatius maputxe<br>&#8211; Panelista convidat al Congrés Internacional &#8220;Els territoris discursius a Amèrica Llatina: interculturalitat, comunicació i identitat&#8221;. CIESPAL, Quito, Equador. 12 al 15 de setembre. Ponència: Interculturalitat, poder i heteronomías<br>&#8211; Panelista convidat al Col·loqui Llatinoamericà de Ciències de la Comunicació: Metodologies d&#8217;investigació en comunicació a l&#8217;Amèrica Llatina &#8220;Universitat de Sao Paulo, Brasil. Del 2 al 5 de setembre. Ponència: Episteme de la dominació i investigació en comunicació<br>&#8211; Organitzador i expositor del Seminari &#8220;Comunicació i intercultiuralidad: lectures davant de la crisi civilitzatòria&#8221;. Universitat Catòlica de Temuco, Xile. 14 i 15 de juny. Ponència: interculturalitat (és) i comunicacions des de la dissidència<br>&#8211; Va dictar el Seminari &#8220;Pensar 1 Comunicologia del Sud. Aportacions des del pensament decolonial llatinoamericà &#8220;. Universitat Autònoma de Barcelona, ​​6 al 8 d&#8217;abril de 2016</p>

<p>Situació acadèmica i línies de recerca &#8211; Doctor en Comunicació i Periodisme per la Universitat Autònoma de Barcelona, ​​Espanya&#8211; Magíster en Ciències de la Comunicació, i Llicenciat en Educació per la Universitat de la Frontera, Temuco, Xile&#8211; Investigador Responsable del projecte FONDECYT d&#8217;Iniciació n ° 11140180, titulat &#8220;Apropiació tecnològica, discurs i decolonialidad: la producció informativa [&hellip;]</p>
