{"id":98,"date":"2009-05-25T13:07:54","date_gmt":"2009-05-25T13:07:54","guid":{"rendered":"https:\/\/webs.uab.cat\/laqu\/inici\/"},"modified":"2009-05-25T13:07:54","modified_gmt":"2009-05-25T13:07:54","slug":"inici","status":"publish","type":"page","link":"https:\/\/webs.uab.cat\/laqu\/","title":{"rendered":"Inici"},"content":{"rendered":"<p><img loading=\"lazy\" decoding=\"async\" alt=\"\" height=\"100\" src=\"http:\/\/grupsderecerca.uab.cat\/laqu\/sites\/grupsderecerca.uab.cat.laqu\/files\/images\/700_100px-Mathematical_equa.jpg\" width=\"700\" \/><\/p>\n<p>Tot i que la majoria d\u2019arque\u00f2legs i d\u2019arque\u00f2logues no ho cregui, l\u2019arqueologia es una disciplina matem\u00e0tica (segons va dir en seu dia en David Clarke), en nivell d\u2019igualtat amb la qu\u00edmica, la f\u00edsica, etc. Es a dir, per resoldre problemes arqueol\u00f2gics hem d\u2019utilitzar els m\u00e8todes de raonament desenvolupats en el llenguatge matem\u00e0tic.<\/p>\n<p>Des de fa 20 anys, docents i personal de recerca de la Universitat Aut\u00f2noma de Barcelona treballa en m\u00e8todes quantitatius i aplicacions inform\u00e0tiques en l\u2019arqueologia. El nostre objectiu sempre ha estat descobrir:<\/p>\n<p><strong>Que tipus d\u2019acci\u00f3 social pot relacionar-se amb els conjunts espec\u00edfics de observables arqueol\u00f2gics. Es a dir, que l\u2019efecte material ha estat produ\u00eft pel acci\u00f3 social i de quina manera podem \u201creconstruir-la\u201d &nbsp;partint d\u2019aquests efectes<\/strong><\/p>\n<p><strong>Per qu\u00e8 l\u2019acci\u00f3 social en q\u00fcesti\u00f3 ha ocorregut en el passat, perqu\u00e8 va cambiar o perqu\u00e8 ha romes estable.<\/strong><\/p>\n<p>Les dades arqueol\u00f2giques per tant, no son les coses per atresorar, &nbsp;sin\u00f3 mesures de la realitat. La variabilitat \u00e9s una caracter\u00edstica fonamental que posseeix la mesura d\u2019una certa propietat en un conjunt d\u2019individus, i segons qu\u00e8 les mesures obtingudes son diferents a les d\u2019una altre individu.<\/p>\n<p>Hist\u00f2ria del grup<\/p>\n<p>Qui som<\/p>\n<p>Nostres aspiracions<\/p>\n<p>On trobar-nos<\/p>\n","protected":false},"excerpt":{"rendered":"<p>Tot i que la majoria d\u2019arque\u00f2legs i d\u2019arque\u00f2logues no ho cregui, l\u2019arqueologia es una disciplina matem\u00e0tica (segons va dir en seu dia en David Clarke), en nivell d\u2019igualtat amb la qu\u00edmica, la f\u00edsica, etc. Es a dir, per resoldre problemes arqueol\u00f2gics hem d\u2019utilitzar els m\u00e8todes de raonament desenvolupats en el llenguatge matem\u00e0tic. Des de fa [&hellip;]<\/p>\n","protected":false},"author":20,"featured_media":0,"parent":0,"menu_order":0,"comment_status":"closed","ping_status":"closed","template":"","meta":{"footnotes":""},"class_list":["post-98","page","type-page","status-publish","hentry"],"_links":{"self":[{"href":"https:\/\/webs.uab.cat\/laqu\/wp-json\/wp\/v2\/pages\/98","targetHints":{"allow":["GET"]}}],"collection":[{"href":"https:\/\/webs.uab.cat\/laqu\/wp-json\/wp\/v2\/pages"}],"about":[{"href":"https:\/\/webs.uab.cat\/laqu\/wp-json\/wp\/v2\/types\/page"}],"author":[{"embeddable":true,"href":"https:\/\/webs.uab.cat\/laqu\/wp-json\/wp\/v2\/users\/20"}],"replies":[{"embeddable":true,"href":"https:\/\/webs.uab.cat\/laqu\/wp-json\/wp\/v2\/comments?post=98"}],"version-history":[{"count":0,"href":"https:\/\/webs.uab.cat\/laqu\/wp-json\/wp\/v2\/pages\/98\/revisions"}],"wp:attachment":[{"href":"https:\/\/webs.uab.cat\/laqu\/wp-json\/wp\/v2\/media?parent=98"}],"curies":[{"name":"wp","href":"https:\/\/api.w.org\/{rel}","templated":true}]}}