{"id":2,"date":"2024-09-26T10:43:18","date_gmt":"2024-09-26T08:43:18","guid":{"rendered":"https:\/\/webs.uab.cat\/latpe\/?page_id=2"},"modified":"2026-01-13T16:33:39","modified_gmt":"2026-01-13T14:33:39","slug":"latpe","status":"publish","type":"page","link":"https:\/\/webs.uab.cat\/latpe\/","title":{"rendered":"LATPE"},"content":{"rendered":"\n<p><\/p>\n\n\n\n<figure class=\"wp-block-gallery has-nested-images columns-default is-cropped wp-block-gallery-1 is-layout-flex wp-block-gallery-is-layout-flex\">\n<figure class=\"wp-block-image size-large\"><img loading=\"lazy\" decoding=\"async\" width=\"1024\" height=\"446\" data-id=\"115\" src=\"https:\/\/webs.uab.cat\/latpe\/wp-content\/uploads\/sites\/592\/2025\/01\/LOOGO-LATPE-COLOR-02-1-1024x446.png\" alt=\"\" class=\"wp-image-115\" srcset=\"https:\/\/webs.uab.cat\/latpe\/wp-content\/uploads\/sites\/592\/2025\/01\/LOOGO-LATPE-COLOR-02-1-1024x446.png 1024w, https:\/\/webs.uab.cat\/latpe\/wp-content\/uploads\/sites\/592\/2025\/01\/LOOGO-LATPE-COLOR-02-1-300x131.png 300w, https:\/\/webs.uab.cat\/latpe\/wp-content\/uploads\/sites\/592\/2025\/01\/LOOGO-LATPE-COLOR-02-1-768x334.png 768w, https:\/\/webs.uab.cat\/latpe\/wp-content\/uploads\/sites\/592\/2025\/01\/LOOGO-LATPE-COLOR-02-1-1200x523.png 1200w, https:\/\/webs.uab.cat\/latpe\/wp-content\/uploads\/sites\/592\/2025\/01\/LOOGO-LATPE-COLOR-02-1.png 1534w\" sizes=\"auto, (max-width: 1024px) 100vw, 1024px\" \/><\/figure>\n<\/figure>\n\n\n\n<p class=\"has-text-align-left\">La creaci\u00f3 del <strong>LATPE<\/strong> \u00e9s el resultat de la recerca desenvolupada per un ampli equip d\u2019investigadors\/es de la Universitat Aut\u00f2noma de Barcelona i la cerca de noves metodologies d\u2019an\u00e0lisi per l\u2019estudi de la <strong>tecnologia prehist\u00f2rica<\/strong>. L\u2019<strong>aproximaci\u00f3 experimental<\/strong> ha estat per nosaltres una ferma aposta des de finals del segle XX per tal d\u2019enfrontar-nos a preguntes generades en el marc de l\u2019estudi de jaciments com La Draga (Banyoles, Pla de l\u2019Estany), la Costa de Can Martorell (Dosrius, Maresme), la Serra del Mas Bonet (Vilafant, Alt Empord\u00e0) o m\u00e9s recentment a la Cueva de los Murci\u00e9lagos (Albu\u00f1ol, Granada) o les Coves del Fem (Ulldemolins, Priorat) entre altres. <\/p>\n\n\n\n<p>El LATPE desenvolupa diverses l\u00ednies de recerca en relaci\u00f3 a prehist\u00f2ria recent a la Mediterr\u00e0nia i Am\u00e8rica, el desenvolupament interdisciplinari de la investigaci\u00f3 arqueol\u00f2gica i les estrat\u00e8gies de valoritzaci\u00f3, difusi\u00f3 i conservaci\u00f3 del patrimoni.&nbsp;&nbsp;Especialment treballem en l\u2019estudi dels processos de producci\u00f3 i \u00fas d\u2019instruments a la prehist\u00f2ria i emprem una aproximaci\u00f3 experimental en l\u2019abordatge de les an\u00e0lisis com eina fonamental de contrastaci\u00f3. Desenvolupem projectes experimentals sobre materials l\u00edtics tallats, estris macrol\u00edtics, ind\u00fastria \u00f2ssia, artefactes fet sobre fibres i fusta, entre altres.<\/p>\n\n\n\n<p class=\"has-text-align-left\">Els resultats d\u2019aquesta recerca es veuen reflectits en un ampli ventall de literatura cient\u00edfica i en la realitzaci\u00f3 de nombroses tesis doctorals, treballs de finals de m\u00e0ster i treballs de final de grau que sens dubte s\u00f3n una prova de la consolidaci\u00f3 de l\u2019<strong>arqueologia experimental<\/strong> a la Universitat Aut\u00f2noma de Barcelona.&nbsp;<\/p>\n\n\n\n<p class=\"has-text-align-left\">La nostra tasca tamb\u00e9 es mostra en l\u2019activitat docent en el <strong>Grau en Arqueologia<\/strong>, <strong>Grau en Hist\u00f2ria<\/strong> i en el <strong>M\u00e0ster Oficial en Arqueologia Prehist\u00f2rica<\/strong>. Tamb\u00e9 \u00e9s recurrent la nostra participaci\u00f3 en doc\u00e8ncia especialitzada en universitats de l\u2019estat i internacionals<em>.<\/em>&nbsp;<\/p>\n\n\n\n<p><a href=\"https:\/\/webs.uab.cat\/latpe\/latpe\/qui-som\/\" data-type=\"link\" data-id=\"https:\/\/webs.uab.cat\/latpe\/latpe\/qui-som\/\">Qui som?<\/a><\/p>\n\n\n\n<p><a href=\"https:\/\/webs.uab.cat\/latpe\/latpe\/on-som\/\" data-type=\"page\" data-id=\"82\">On som?<\/a><\/p>\n\n\n\n<p><\/p>\n\n\n\n<p><\/p>\n\n\n\n<p><\/p>\n","protected":false},"excerpt":{"rendered":"<p>La creaci\u00f3 del LATPE \u00e9s el resultat de la recerca desenvolupada per un ampli equip d\u2019investigadors\/es de la Universitat Aut\u00f2noma de Barcelona i la cerca de noves metodologies d\u2019an\u00e0lisi per l\u2019estudi de la tecnologia prehist\u00f2rica. L\u2019aproximaci\u00f3 experimental ha estat per nosaltres una ferma aposta des de finals del segle XX per tal d\u2019enfrontar-nos a preguntes [&hellip;]<\/p>\n","protected":false},"author":2789,"featured_media":0,"parent":0,"menu_order":1,"comment_status":"closed","ping_status":"open","template":"","meta":{"footnotes":""},"class_list":["post-2","page","type-page","status-publish","hentry"],"_links":{"self":[{"href":"https:\/\/webs.uab.cat\/latpe\/wp-json\/wp\/v2\/pages\/2","targetHints":{"allow":["GET"]}}],"collection":[{"href":"https:\/\/webs.uab.cat\/latpe\/wp-json\/wp\/v2\/pages"}],"about":[{"href":"https:\/\/webs.uab.cat\/latpe\/wp-json\/wp\/v2\/types\/page"}],"author":[{"embeddable":true,"href":"https:\/\/webs.uab.cat\/latpe\/wp-json\/wp\/v2\/users\/2789"}],"replies":[{"embeddable":true,"href":"https:\/\/webs.uab.cat\/latpe\/wp-json\/wp\/v2\/comments?post=2"}],"version-history":[{"count":25,"href":"https:\/\/webs.uab.cat\/latpe\/wp-json\/wp\/v2\/pages\/2\/revisions"}],"predecessor-version":[{"id":443,"href":"https:\/\/webs.uab.cat\/latpe\/wp-json\/wp\/v2\/pages\/2\/revisions\/443"}],"wp:attachment":[{"href":"https:\/\/webs.uab.cat\/latpe\/wp-json\/wp\/v2\/media?parent=2"}],"curies":[{"name":"wp","href":"https:\/\/api.w.org\/{rel}","templated":true}]}}