{"id":101,"date":"2015-10-15T22:12:30","date_gmt":"2015-10-15T20:12:30","guid":{"rendered":"https:\/\/webs.uab.cat\/lattal\/information-isaac-lampurlanes\/"},"modified":"2022-09-28T15:25:47","modified_gmt":"2022-09-28T13:25:47","slug":"information-isaac-lampurlanes","status":"publish","type":"page","link":"https:\/\/webs.uab.cat\/lattal\/information-isaac-lampurlanes\/","title":{"rendered":"Information-Isaac-Lampurlan\u00e9s"},"content":{"rendered":"\n<div class=\"wp-block-media-text is-stacked-on-mobile has-primary-background-color has-background\" style=\"grid-template-columns:30% auto\"><figure class=\"wp-block-media-text__media\"><img decoding=\"async\" src=\"http:\/\/pagines.uab.cat\/lattal\/sites\/pagines.uab.cat.lattal\/files\/images\/fotoisaac.jpg\" alt=\"\"\/><\/figure><div class=\"wp-block-media-text__content\">\n<p class=\"has-small-font-size\"><strong><strong><strong>Isaac Lampurlan\u00e9s Farr\u00e9<br><\/strong><\/strong><a href=\"mailto:isaac.lampurlanes@uab.cat\">isaac.lampurlanes@uab.cat<\/a><br><\/strong>Phone: +34 935868797<\/p>\n\n\n\n<p class=\"has-small-font-size\">Researcher<br>Latin Philology<br>Universitat Aut\u00f2noma de Barcelona<br>Dep. Ci\u00e8ncies de l&#8217;Antiguitat i de l&#8217;Edat Mitjana<br>08193 Bellaterra-Cerdanyola (Barcelona)<br>Spain<\/p>\n<\/div><\/div>\n\n\n\n<p><strong><span class=\"inline inline-none\"> <\/span><\/strong><\/p>\n\n\n\n<p>Isaac Lampurlan\u00e9s Farr\u00e9 was born in Lleida (1990). He studied Classical Philology (2008-2012) at the Universitat Aut\u00f2noma de Barcelona. In 2014 he obtained a Master&#8217;s degree on Medieval European Identity (Identidad Europea Medieval) at UdL, where he worked for the Consolidated Medieval Studies Research Group: Space, Power and Culture. Within this research group he collaborated in a local project funded by the town council on the study of the Jewish quarter of Lleida.<br>PhD Title: &#8220;<em>Excerptum de Talmud<\/em>: critical edition and study&#8221;. It consists of studying this epitome of the <em>Extractiones de Talmud<\/em>, which will provide us more information about the Disputation of Paris context and the Christian-Jewish controversy..<\/p>\n\n\n\n<p><a href=\"http:\/\/webs.uab.cat\/lattal\/team\">go to the Team<\/a> || <a href=\"http:\/\/webs.uab.cat\/lattal\/publications-Isaac-Lampurlanes\">go to Publications<\/a><\/p>\n\n\n\n<hr class=\"wp-block-separator has-alpha-channel-opacity\"\/>\n","protected":false},"excerpt":{"rendered":"<p>Isaac Lampurlan\u00e9s Farr\u00e9isaac.lampurlanes@uab.catPhone: +34 935868797 ResearcherLatin PhilologyUniversitat Aut\u00f2noma de BarcelonaDep. Ci\u00e8ncies de l&#8217;Antiguitat i de l&#8217;Edat Mitjana08193 Bellaterra-Cerdanyola (Barcelona)Spain Isaac Lampurlan\u00e9s Farr\u00e9 was born in Lleida (1990). He studied Classical Philology (2008-2012) at the Universitat Aut\u00f2noma de Barcelona. In 2014 he obtained a Master&#8217;s degree on Medieval European Identity (Identidad Europea Medieval) at UdL, where [&hellip;]<\/p>\n","protected":false},"author":20,"featured_media":0,"parent":0,"menu_order":0,"comment_status":"closed","ping_status":"closed","template":"","meta":{"footnotes":""},"class_list":["post-101","page","type-page","status-publish","hentry"],"_links":{"self":[{"href":"https:\/\/webs.uab.cat\/lattal\/wp-json\/wp\/v2\/pages\/101","targetHints":{"allow":["GET"]}}],"collection":[{"href":"https:\/\/webs.uab.cat\/lattal\/wp-json\/wp\/v2\/pages"}],"about":[{"href":"https:\/\/webs.uab.cat\/lattal\/wp-json\/wp\/v2\/types\/page"}],"author":[{"embeddable":true,"href":"https:\/\/webs.uab.cat\/lattal\/wp-json\/wp\/v2\/users\/20"}],"replies":[{"embeddable":true,"href":"https:\/\/webs.uab.cat\/lattal\/wp-json\/wp\/v2\/comments?post=101"}],"version-history":[{"count":1,"href":"https:\/\/webs.uab.cat\/lattal\/wp-json\/wp\/v2\/pages\/101\/revisions"}],"predecessor-version":[{"id":391,"href":"https:\/\/webs.uab.cat\/lattal\/wp-json\/wp\/v2\/pages\/101\/revisions\/391"}],"wp:attachment":[{"href":"https:\/\/webs.uab.cat\/lattal\/wp-json\/wp\/v2\/media?parent=101"}],"curies":[{"name":"wp","href":"https:\/\/api.w.org\/{rel}","templated":true}]}}