{"id":173,"date":"2023-07-04T12:38:19","date_gmt":"2023-07-04T10:38:19","guid":{"rendered":"https:\/\/webs.uab.cat\/lifelongmove\/?page_id=173"},"modified":"2026-04-14T15:54:19","modified_gmt":"2026-04-14T13:54:19","slug":"presentations","status":"publish","type":"page","link":"https:\/\/webs.uab.cat\/lifelongmove\/presentations\/","title":{"rendered":"Presentations"},"content":{"rendered":"\n<ul class=\"wp-block-list\">\n<li>Lekstyte, J. (Mar 2026) &#8216;Timing and Duration of Neighbourhood Disadvantage: A Life Course Perspective on Health Behaviours&#8217; ECSR Spring School, Turin, Italy.<\/li>\n<\/ul>\n\n\n\n<div class=\"wp-block-file\"><a id=\"wp-block-file--media-7707da6e-e86f-4d69-a229-70ec53e140e9\" href=\"https:\/\/webs.uab.cat\/lifelongmove\/wp-content\/uploads\/sites\/426\/2026\/04\/presentation_Juste.pdf\" target=\"_blank\" rel=\"noreferrer noopener\">Timing and Duration of Neighbourhood Disadvantage: A Life Course <br>Perspective on Health Behaviours<\/a><a href=\"https:\/\/webs.uab.cat\/lifelongmove\/wp-content\/uploads\/sites\/426\/2026\/04\/presentation_Juste.pdf\" class=\"wp-block-file__button wp-element-button\" download aria-describedby=\"wp-block-file--media-7707da6e-e86f-4d69-a229-70ec53e140e9\">Download<\/a><\/div>\n\n\n\n<hr class=\"wp-block-separator has-alpha-channel-opacity\" \/>\n\n\n\n<ul class=\"wp-block-list\">\n<li>Vidal, S. (Mar 2026) \u2018Neighborhood Disadvantage and Residential Mobility from Early Life into Adulthood Impacts on Socio-Economic Outcomes\u2019 ISER Seminar, University of Essex, Colchester, England<\/li>\n<\/ul>\n\n\n\n<div class=\"wp-block-file\"><a id=\"wp-block-file--media-24251ccf-f6cf-4b8e-a111-211fd689faf6\" href=\"https:\/\/webs.uab.cat\/lifelongmove\/wp-content\/uploads\/sites\/426\/2026\/03\/VIDAL-ISER-2026.pdf\" target=\"_blank\" rel=\"noreferrer noopener\">Neighborhood Disadvantage and Residential Mobility from Early Life into <br>Adulthood: Impacts on Socio Economic Outcomes<\/a><a href=\"https:\/\/webs.uab.cat\/lifelongmove\/wp-content\/uploads\/sites\/426\/2026\/03\/VIDAL-ISER-2026.pdf\" class=\"wp-block-file__button wp-element-button\" download aria-describedby=\"wp-block-file--media-24251ccf-f6cf-4b8e-a111-211fd689faf6\">Download<\/a><\/div>\n\n\n\n<hr class=\"wp-block-separator has-alpha-channel-opacity\" \/>\n\n\n\n<ul class=\"wp-block-list\">\n<li>Lekstyte, J. (Oct 2025). \u2018Heterogeneity in Childhood Residential Mobility Trajectories: Implications for Adult Preventative Healthcare Use\u2019 CEDAR Seminar, Umea, Sweden.<\/li>\n<\/ul>\n\n\n\n<div class=\"wp-block-file\"><a id=\"wp-block-file--media-ebfad357-99ea-4d95-86a2-cdf6723c26f8\" href=\"https:\/\/webs.uab.cat\/lifelongmove\/wp-content\/uploads\/sites\/426\/2025\/10\/presentation_Juste.pdf\" target=\"_blank\" rel=\"noreferrer noopener\">Heterogeneity in Childhood Residential Mobility Trajectories:<br>Implications for Adult Preventative Healthcare Use<\/a><a href=\"https:\/\/webs.uab.cat\/lifelongmove\/wp-content\/uploads\/sites\/426\/2025\/10\/presentation_Juste.pdf\" class=\"wp-block-file__button wp-element-button\" download aria-describedby=\"wp-block-file--media-ebfad357-99ea-4d95-86a2-cdf6723c26f8\">Download<\/a><\/div>\n\n\n\n<hr class=\"wp-block-separator has-alpha-channel-opacity\" \/>\n\n\n\n<ul class=\"wp-block-list\">\n<li>Sanz P\u00e9rez, C. (Sep 2025) &#8216;La expansi\u00f3n de la gentrificaci\u00f3n en Espa\u00f1a: Analizando la reconfiguraci\u00f3n socioespacial a trav\u00e9s de datos censales&#8217; Asociaci\u00f3n de Demograf\u00eda Hist\u00f3rica conference, Malaga, Spain.<\/li>\n<\/ul>\n\n\n\n<div class=\"wp-block-file\"><a id=\"wp-block-file--media-9e3fc89f-5a76-412a-90a7-e665f87f52be\" href=\"https:\/\/webs.uab.cat\/lifelongmove\/wp-content\/uploads\/sites\/426\/2025\/09\/ADEH_Carlos_Sanz.pdf\" target=\"_blank\" rel=\"noreferrer noopener\">La expansi\u00f3n de la gentrificaci\u00f3n en Espa\u00f1a: <br>Analizando la reconfiguraci\u00f3n socioespacial a trav\u00e9s de datos censales<\/a><a href=\"https:\/\/webs.uab.cat\/lifelongmove\/wp-content\/uploads\/sites\/426\/2025\/09\/ADEH_Carlos_Sanz.pdf\" class=\"wp-block-file__button wp-element-button\" download aria-describedby=\"wp-block-file--media-9e3fc89f-5a76-412a-90a7-e665f87f52be\">Download<\/a><\/div>\n\n\n\n<hr class=\"wp-block-separator has-alpha-channel-opacity\" \/>\n\n\n\n<ul class=\"wp-block-list\">\n<li>Vidal, S. (Sep 2025) \u2018Neighborhood Disadvantage and Residential Mobility from Early Life into Adulthood Impacts on Socio-Economic Outcomes\u2019 The Society for Longitudinal and Lifecourse Studies conference, Fribourg, Switzerland. <\/li>\n<\/ul>\n\n\n\n<div class=\"wp-block-file\"><a id=\"wp-block-file--media-5785abfe-0ecc-4b78-b510-3f6f597b3f82\" href=\"https:\/\/webs.uab.cat\/lifelongmove\/wp-content\/uploads\/sites\/426\/2025\/09\/Neighborhood-Disadvantage-and-Residential-Mobility-from-Early-Life-into-Adulthood-Impacts-on-Socio-Economic-Outcomes.pdf\" target=\"_blank\" rel=\"noreferrer noopener\">Neighborhood Disadvantage and Residential Mobility from<br>Early Life into Adulthood Impacts on Socio-Economic Outcomes<\/a><a href=\"https:\/\/webs.uab.cat\/lifelongmove\/wp-content\/uploads\/sites\/426\/2025\/09\/Neighborhood-Disadvantage-and-Residential-Mobility-from-Early-Life-into-Adulthood-Impacts-on-Socio-Economic-Outcomes.pdf\" class=\"wp-block-file__button wp-element-button\" download aria-describedby=\"wp-block-file--media-5785abfe-0ecc-4b78-b510-3f6f597b3f82\">Download<\/a><\/div>\n\n\n\n<hr class=\"wp-block-separator has-alpha-channel-opacity\" \/>\n\n\n\n<ul class=\"wp-block-list\">\n<li>Lekstyte, J. (Sep 2025). \u2018Heterogeneity in Childhood Residential Mobility Trajectories: Implications for Adult Preventative Healthcare Use\u2019 The Society for Longitudinal and Lifecourse Studies conference, Fribourg, Switzerland. <\/li>\n<\/ul>\n\n\n\n<div class=\"wp-block-file\"><a id=\"wp-block-file--media-3155fc2f-8805-4605-8c01-edb3f1099894\" href=\"https:\/\/webs.uab.cat\/lifelongmove\/wp-content\/uploads\/sites\/426\/2025\/09\/presentation_Juste.pdf\" target=\"_blank\" rel=\"noreferrer noopener\">Heterogeneity in Childhood Residential Mobility Trajectories: <br>Implications for Adult Preventative Healthcare Use<\/a><a href=\"https:\/\/webs.uab.cat\/lifelongmove\/wp-content\/uploads\/sites\/426\/2025\/09\/presentation_Juste.pdf\" class=\"wp-block-file__button wp-element-button\" download aria-describedby=\"wp-block-file--media-3155fc2f-8805-4605-8c01-edb3f1099894\">Download<\/a><\/div>\n\n\n\n<hr class=\"wp-block-separator has-alpha-channel-opacity\" \/>\n\n\n\n<ul class=\"wp-block-list\">\n<li>Vidal, S. (Jul 2025). &#8216;The Role of Repeated Moves and Heterogeneous Geographic Mobility Trajectories on Occupational Outcomes&#8217;  The International Population Conference, Brisbane, Australia.<\/li>\n<\/ul>\n\n\n\n<div class=\"wp-block-file\"><a id=\"wp-block-file--media-3cd9d65d-7744-4080-b164-97260bb472d4\" href=\"https:\/\/webs.uab.cat\/lifelongmove\/wp-content\/uploads\/sites\/426\/2025\/09\/The-Role-of-Repeated-Moves-and-Heterogeneous-Geographic-Mobility-Trajectories-on-Occupational-Outcomes.pdf\" target=\"_blank\" rel=\"noreferrer noopener\">The Role of Repeated Moves and Heterogeneous Geographic <br>Mobility Trajectories on Occupational Outcomes<\/a><a href=\"https:\/\/webs.uab.cat\/lifelongmove\/wp-content\/uploads\/sites\/426\/2025\/09\/The-Role-of-Repeated-Moves-and-Heterogeneous-Geographic-Mobility-Trajectories-on-Occupational-Outcomes.pdf\" class=\"wp-block-file__button wp-element-button\" download aria-describedby=\"wp-block-file--media-3cd9d65d-7744-4080-b164-97260bb472d4\">Download<\/a><\/div>\n\n\n\n<hr class=\"wp-block-separator has-alpha-channel-opacity\" \/>\n\n\n\n<ul class=\"wp-block-list\">\n<li>Lekstyte, J. (Jul 2025). &#8216;Age at Arrival and Healthcare Use among Migrants in France&#8217; The International Population Conference, Brisbane, Australia (poster presentation).<\/li>\n<\/ul>\n\n\n\n<div class=\"wp-block-file\"><a id=\"wp-block-file--media-8bea6aa4-4959-44f0-a8a0-a66d4b6188f6\" href=\"https:\/\/webs.uab.cat\/lifelongmove\/wp-content\/uploads\/sites\/426\/2025\/09\/IPC_poster_Juste-v2.pdf\" target=\"_blank\" rel=\"noreferrer noopener\">Age at Arrival and Healthcare Use among Migrants in France<\/a><a href=\"https:\/\/webs.uab.cat\/lifelongmove\/wp-content\/uploads\/sites\/426\/2025\/09\/IPC_poster_Juste-v2.pdf\" class=\"wp-block-file__button wp-element-button\" download aria-describedby=\"wp-block-file--media-8bea6aa4-4959-44f0-a8a0-a66d4b6188f6\">Download<\/a><\/div>\n\n\n\n<hr class=\"wp-block-separator has-alpha-channel-opacity\" \/>\n\n\n\n<ul class=\"wp-block-list\">\n<li>Valente, R. (Jun 2025) &#8216;Moving Homes, Changing Perspectives&#8217; LIFELONGMOVE Workshop, Barcelona, Spain.<\/li>\n<\/ul>\n\n\n\n<div class=\"wp-block-file\"><a id=\"wp-block-file--media-14b4ccf5-f2a3-4f5a-a070-a7e8dc053d76\" href=\"https:\/\/webs.uab.cat\/lifelongmove\/wp-content\/uploads\/sites\/426\/2025\/10\/LLM-CED_Valente_2025-06-18.pdf\" target=\"_blank\" rel=\"noreferrer noopener\">Moving Homes, Changing Perspectives<\/a><a href=\"https:\/\/webs.uab.cat\/lifelongmove\/wp-content\/uploads\/sites\/426\/2025\/10\/LLM-CED_Valente_2025-06-18.pdf\" class=\"wp-block-file__button wp-element-button\" download aria-describedby=\"wp-block-file--media-14b4ccf5-f2a3-4f5a-a070-a7e8dc053d76\">Download<\/a><\/div>\n\n\n\n<hr class=\"wp-block-separator has-alpha-channel-opacity\" \/>\n\n\n\n<ul class=\"wp-block-list\">\n<li>Lekstyte, J. (Jun 2025). \u2018Heterogeneity in Childhood Residential Mobility Trajectories: Implications for Adult Preventative Healthcare Use\u2019 LIFELONGMOVE Workshop, Barcelona, Spain.<\/li>\n<\/ul>\n\n\n\n<div class=\"wp-block-file\"><a id=\"wp-block-file--media-ac14c959-609e-4ccd-b10b-b99a28b23f56\" href=\"https:\/\/webs.uab.cat\/lifelongmove\/wp-content\/uploads\/sites\/426\/2025\/10\/presentation_Juste-1.pdf\" target=\"_blank\" rel=\"noreferrer noopener\">Heterogeneity in Childhood Residential Mobility Trajectories: <br>Implications for Adult Preventative Healthcare Use<\/a><a href=\"https:\/\/webs.uab.cat\/lifelongmove\/wp-content\/uploads\/sites\/426\/2025\/10\/presentation_Juste-1.pdf\" class=\"wp-block-file__button wp-element-button\" download aria-describedby=\"wp-block-file--media-ac14c959-609e-4ccd-b10b-b99a28b23f56\">Download<\/a><\/div>\n\n\n\n<hr class=\"wp-block-separator has-alpha-channel-opacity\" \/>\n\n\n\n<ul class=\"wp-block-list\">\n<li>Vidal, S. (Apr 2025) \u2018Neighborhood Disadvantage and Residential Mobility From Early Life Into Adulthood: Impacts on Socioeconomic Outcomes\u2019  The Population Association of America\u2019s annual meeting, Washington, DC, USA<\/li>\n<\/ul>\n\n\n\n<div class=\"wp-block-file\"><a id=\"wp-block-file--media-328a387e-386e-4e7b-8969-63193890b3f9\" href=\"https:\/\/webs.uab.cat\/lifelongmove\/wp-content\/uploads\/sites\/426\/2025\/09\/VIDAL-PAA-2025-2.pdf\" target=\"_blank\" rel=\"noreferrer noopener\">Neighborhood Disadvantage and Residential Mobility from <br>Early Life into Adulthood Impacts on Socio-Economic Outcomes<\/a><a href=\"https:\/\/webs.uab.cat\/lifelongmove\/wp-content\/uploads\/sites\/426\/2025\/09\/VIDAL-PAA-2025-2.pdf\" class=\"wp-block-file__button wp-element-button\" download aria-describedby=\"wp-block-file--media-328a387e-386e-4e7b-8969-63193890b3f9\">Download<\/a><\/div>\n\n\n\n<hr class=\"wp-block-separator has-alpha-channel-opacity\" \/>\n\n\n\n<ul class=\"wp-block-list\">\n<li>Valente, R. (Feb 2025). &#8216;Residential Mobility, Agency and Social Capital Over the Life Course&#8217; QUIT Seminar, Barcelona, Spain.<\/li>\n<\/ul>\n\n\n\n<div class=\"wp-block-file\"><a id=\"wp-block-file--media-fc23f20d-6eb3-432e-9cb7-a31117893c03\" href=\"https:\/\/webs.uab.cat\/lifelongmove\/wp-content\/uploads\/sites\/426\/2025\/10\/QUIT_2025-02-18.pdf\" target=\"_blank\" rel=\"noreferrer noopener\">Residential Mobility, Agency and Social Capital Over the Life Course<\/a><a href=\"https:\/\/webs.uab.cat\/lifelongmove\/wp-content\/uploads\/sites\/426\/2025\/10\/QUIT_2025-02-18.pdf\" class=\"wp-block-file__button wp-element-button\" download aria-describedby=\"wp-block-file--media-fc23f20d-6eb3-432e-9cb7-a31117893c03\">Download<\/a><\/div>\n\n\n\n<hr class=\"wp-block-separator has-alpha-channel-opacity\" \/>\n\n\n\n<ul class=\"wp-block-list\">\n<li>Lekstyte, J. (Feb 2025). \u2018Heterogeneity in Childhood Residential Mobility Trajectories: Implications for Adult Preventative Healthcare Use\u2019 Young Demographers conference, Prague, Czech Republic.<\/li>\n<\/ul>\n\n\n\n<div class=\"wp-block-file\"><a id=\"wp-block-file--media-e24fe9c2-5fe0-4d0b-a6a3-189d2fd1950f\" href=\"https:\/\/webs.uab.cat\/lifelongmove\/wp-content\/uploads\/sites\/426\/2025\/09\/Lekstyte.pdf\" target=\"_blank\" rel=\"noreferrer noopener\">Heterogeneity in Childhood Residential Mobility Trajectories: <br>Implications for Adult Preventative Healthcare Use<\/a><a href=\"https:\/\/webs.uab.cat\/lifelongmove\/wp-content\/uploads\/sites\/426\/2025\/09\/Lekstyte.pdf\" class=\"wp-block-file__button wp-element-button\" download aria-describedby=\"wp-block-file--media-e24fe9c2-5fe0-4d0b-a6a3-189d2fd1950f\">Download<\/a><\/div>\n\n\n\n<hr class=\"wp-block-separator has-alpha-channel-opacity\" \/>\n\n\n\n<ul class=\"wp-block-list\">\n<li>Brunori, Cl. (2024). &#8216;A scarring effect of transnational separation from parents&#8217; MEI Conference, Milan, Italy.<\/li>\n<\/ul>\n\n\n\n<div class=\"wp-block-file\"><a id=\"wp-block-file--media-ef2b0738-66d6-415f-8106-7ae2a275a23f\" href=\"https:\/\/webs.uab.cat\/lifelongmove\/wp-content\/uploads\/sites\/426\/2025\/10\/Brunori_MEI_2024.pdf\" target=\"_blank\" rel=\"noreferrer noopener\">A scarring effect of transnational separation from parents<\/a><a href=\"https:\/\/webs.uab.cat\/lifelongmove\/wp-content\/uploads\/sites\/426\/2025\/10\/Brunori_MEI_2024.pdf\" class=\"wp-block-file__button wp-element-button\" download aria-describedby=\"wp-block-file--media-ef2b0738-66d6-415f-8106-7ae2a275a23f\">Download<\/a><\/div>\n\n\n\n<hr class=\"wp-block-separator has-alpha-channel-opacity\" \/>\n\n\n\n<ul class=\"wp-block-list\">\n<li>Valente, R. (Oct 2024) &#8216;Downward housing trajectories during childhood and its implications for youth exposure to police contact&#8217; LIVES-IDESO Seminar, Geneva, Switzerland.<\/li>\n<\/ul>\n\n\n\n<div class=\"wp-block-file\"><a id=\"wp-block-file--media-2d0b16e2-c2f5-4cbd-95a0-3d5248b51a65\" href=\"https:\/\/webs.uab.cat\/lifelongmove\/wp-content\/uploads\/sites\/426\/2025\/10\/LIVES-IDESO_2024-10-08.pdf\" target=\"_blank\" rel=\"noreferrer noopener\">Downward housing trajectories during childhood and its implications <br>for youth exposure to police contact<\/a><a href=\"https:\/\/webs.uab.cat\/lifelongmove\/wp-content\/uploads\/sites\/426\/2025\/10\/LIVES-IDESO_2024-10-08.pdf\" class=\"wp-block-file__button wp-element-button\" download aria-describedby=\"wp-block-file--media-2d0b16e2-c2f5-4cbd-95a0-3d5248b51a65\">Download<\/a><\/div>\n\n\n\n<hr class=\"wp-block-separator has-alpha-channel-opacity\" \/>\n\n\n\n<ul class=\"wp-block-list\">\n<li>Brunori, C. (Sep 2024) &#8216;Where to (next)? Experiences of family and childhood migration and migration intentions in adulthood&#8217; European Countries&#8217; European Consortium for Sociological Research, Barcelona, Spain.<\/li>\n<\/ul>\n\n\n\n<div class=\"wp-block-file\"><a id=\"wp-block-file--media-d7858224-d96d-4c54-8393-477b073122a1\" href=\"https:\/\/webs.uab.cat\/lifelongmove\/wp-content\/uploads\/sites\/426\/2025\/10\/SISEC2024_Brunori_WhereToNext-2.pdf\" target=\"_blank\" rel=\"noreferrer noopener\">Where to next?<\/a><a href=\"https:\/\/webs.uab.cat\/lifelongmove\/wp-content\/uploads\/sites\/426\/2025\/10\/SISEC2024_Brunori_WhereToNext-2.pdf\" class=\"wp-block-file__button wp-element-button\" download aria-describedby=\"wp-block-file--media-d7858224-d96d-4c54-8393-477b073122a1\">Download<\/a><\/div>\n\n\n\n<hr class=\"wp-block-separator has-alpha-channel-opacity\" \/>\n\n\n\n<ul class=\"wp-block-list\">\n<li>Valente, R. (Sep 2024) &#8216;Childhood Residential Instability and Exposure to Police-Initiated Contacts in Adolescence A Longitudinal Analysis from Birth to Age 14&#8217; The Society for Longitudinal and Lifecourse Studies conference, Colchester, UK.<\/li>\n<\/ul>\n\n\n\n<div class=\"wp-block-file\"><a id=\"wp-block-file--media-43c0a856-66c4-4c90-bc2f-f0880e86bcdc\" href=\"https:\/\/webs.uab.cat\/lifelongmove\/wp-content\/uploads\/sites\/426\/2025\/10\/SLLS_Valente_2024-09-26.pdf\" target=\"_blank\" rel=\"noreferrer noopener\">Childhood Residential Instability and Exposure to Police-Initiated <br>Contacts in Adolescence A Longitudinal Analysis from Birth to Age 14<\/a><a href=\"https:\/\/webs.uab.cat\/lifelongmove\/wp-content\/uploads\/sites\/426\/2025\/10\/SLLS_Valente_2024-09-26.pdf\" class=\"wp-block-file__button wp-element-button\" download aria-describedby=\"wp-block-file--media-43c0a856-66c4-4c90-bc2f-f0880e86bcdc\">Download<\/a><\/div>\n\n\n\n<hr class=\"wp-block-separator has-alpha-channel-opacity\" \/>\n\n\n\n<ul class=\"wp-block-list\">\n<li>Valente, R. (Aug 2024) &#8216;Repeated Mobility and Social Capital A Longitudinal Model from Childhood to Adult Life&#8217; American Sociological Association, Montreal, Canada. <\/li>\n<\/ul>\n\n\n\n<div class=\"wp-block-file\"><a id=\"wp-block-file--media-64315f3c-610b-4f12-abe5-f05f16703bbd\" href=\"https:\/\/webs.uab.cat\/lifelongmove\/wp-content\/uploads\/sites\/426\/2025\/10\/ASA_Valente_2024-08-12.pdf\" target=\"_blank\" rel=\"noreferrer noopener\">Repeated Mobility and Social Capital<br>A Longitudinal Model from Childhood to Adult Life<\/a><a href=\"https:\/\/webs.uab.cat\/lifelongmove\/wp-content\/uploads\/sites\/426\/2025\/10\/ASA_Valente_2024-08-12.pdf\" class=\"wp-block-file__button wp-element-button\" download aria-describedby=\"wp-block-file--media-64315f3c-610b-4f12-abe5-f05f16703bbd\">Download<\/a><\/div>\n\n\n\n<hr class=\"wp-block-separator has-alpha-channel-opacity\" \/>\n\n\n\n<ul class=\"wp-block-list\">\n<li>Brunori, C. (Jun 2024) &#8216;Where to (next)? Experiences of family and childhood migration and migration intentions in adulthood&#8217; European Countries&#8217; European Population Conference, Edinburgh, Scotland.<\/li>\n<\/ul>\n\n\n\n<div class=\"wp-block-file\"><a id=\"wp-block-file--media-dbf18e6d-8e26-42de-9cd9-a4ddc7899b16\" href=\"https:\/\/webs.uab.cat\/lifelongmove\/wp-content\/uploads\/sites\/426\/2025\/10\/SISEC2024_Brunori_WhereToNext-1.pdf\" target=\"_blank\" rel=\"noreferrer noopener\">Where to next?<\/a><a href=\"https:\/\/webs.uab.cat\/lifelongmove\/wp-content\/uploads\/sites\/426\/2025\/10\/SISEC2024_Brunori_WhereToNext-1.pdf\" class=\"wp-block-file__button wp-element-button\" download aria-describedby=\"wp-block-file--media-dbf18e6d-8e26-42de-9cd9-a4ddc7899b16\">Download<\/a><\/div>\n\n\n\n<hr class=\"wp-block-separator has-alpha-channel-opacity\" \/>\n\n\n\n<ul class=\"wp-block-list\">\n<li>Lekstyte, J. (Jun 2024) &#8216;Gender, Socioeconomic Status, and Health in Later Life: A Multilevel Analysis of the Frailty Index across 17&#8242; European Countries&#8217; European Population Conference, Edinburgh, Scotland.<\/li>\n<\/ul>\n\n\n\n<hr class=\"wp-block-separator has-alpha-channel-opacity\" \/>\n\n\n\n<ul class=\"wp-block-list\">\n<li>Valente, R. (Jun 2024) &#8216;Relocation and the Uproot of Social Capital: Insights from a Swiss Panel&#8217; European Population Conference, Edinburgh, Scotland.<\/li>\n<\/ul>\n\n\n\n<div class=\"wp-block-file\"><a id=\"wp-block-file--media-c5583ba8-b768-4af2-bb4d-81a332edbe13\" href=\"https:\/\/webs.uab.cat\/lifelongmove\/wp-content\/uploads\/sites\/426\/2025\/10\/EPC_Valente_2024-06-14.pdf\" target=\"_blank\" rel=\"noreferrer noopener\">Relocation and the Uproot of Social Capital: Insights from a Swiss Panel<\/a><a href=\"https:\/\/webs.uab.cat\/lifelongmove\/wp-content\/uploads\/sites\/426\/2025\/10\/EPC_Valente_2024-06-14.pdf\" class=\"wp-block-file__button wp-element-button\" download aria-describedby=\"wp-block-file--media-c5583ba8-b768-4af2-bb4d-81a332edbe13\">Download<\/a><\/div>\n\n\n\n<hr class=\"wp-block-separator has-alpha-channel-opacity\" \/>\n\n\n\n<ul class=\"wp-block-list\">\n<li>Brunori, C. (Apr 2024). &#8216;Parenting from abroad: transnational separation from a child and mental health among immigrants in France&#8217; Migration as a multi-sited phenomenon: migrant selection and the outcomes of migration, Madrid, Spain. <\/li>\n<\/ul>\n\n\n\n<hr class=\"wp-block-separator has-alpha-channel-opacity\" \/>\n\n\n\n<ul class=\"wp-block-list\">\n<li>Brunori, C. (Jan 2024) &#8216;Where to (next)? Experiences of family and childhood migration and migration intentions in adulthood&#8217; SISEC, Cagliari, Italy. <\/li>\n<\/ul>\n\n\n\n<div class=\"wp-block-file\"><a id=\"wp-block-file--media-d94be3dd-a3a5-4930-a40d-9955ec10dc9e\" href=\"https:\/\/webs.uab.cat\/lifelongmove\/wp-content\/uploads\/sites\/426\/2025\/10\/SISEC2024_Brunori_WhereToNext.pdf\" target=\"_blank\" rel=\"noreferrer noopener\">Where to (next)?<\/a><a href=\"https:\/\/webs.uab.cat\/lifelongmove\/wp-content\/uploads\/sites\/426\/2025\/10\/SISEC2024_Brunori_WhereToNext.pdf\" class=\"wp-block-file__button wp-element-button\" download aria-describedby=\"wp-block-file--media-d94be3dd-a3a5-4930-a40d-9955ec10dc9e\">Download<\/a><\/div>\n\n\n\n<hr class=\"wp-block-separator has-alpha-channel-opacity\" \/>\n\n\n\n<ul class=\"wp-block-list\">\n<li>Vidal, S. (Jul 2023) \u2018Linking internal and international migration over the life course\u2019 BiB50-Turning Gold: Frontiers in Policy Relevant Population Research, Federal Institute for Population Research, Wiesbaden, DE (keynote speech) <\/li>\n<\/ul>\n\n\n\n<div class=\"wp-block-file\"><a id=\"wp-block-file--media-5b408a96-9296-4e1b-b33f-3ce79f575bfb\" href=\"https:\/\/webs.uab.cat\/lifelongmove\/wp-content\/uploads\/sites\/426\/2023\/07\/BiB-Wiesbaden-talk-VIDAL.pdf\" target=\"_blank\" rel=\"noreferrer noopener\">Linking internal and international migration over the life course<\/a><a href=\"https:\/\/webs.uab.cat\/lifelongmove\/wp-content\/uploads\/sites\/426\/2023\/07\/BiB-Wiesbaden-talk-VIDAL.pdf\" class=\"wp-block-file__button wp-element-button\" download aria-describedby=\"wp-block-file--media-5b408a96-9296-4e1b-b33f-3ce79f575bfb\">Download<\/a><\/div>\n\n\n\n<hr class=\"wp-block-separator has-alpha-channel-opacity\" \/>\n\n\n\n<ul class=\"wp-block-list\">\n<li>Vidal, S. (Mar 2023) \u2018Longitudinal approaches in spatial mobility research\u2019 Current Perspective on Spatial mobilities workshop, Spatial Mobility Working Group of the Urban and Regional Sociology Section of the German Sociological Association (DGS), Nurnberg, DE (keynote speech)<\/li>\n<\/ul>\n\n\n\n<div class=\"wp-block-file\"><a id=\"wp-block-file--media-6afed1e2-f05d-443c-8e99-a4020f60f2d5\" href=\"https:\/\/webs.uab.cat\/lifelongmove\/wp-content\/uploads\/sites\/426\/2023\/07\/IAB-Nuremberg-talk-VIDAL.pdf\" target=\"_blank\" rel=\"noreferrer noopener\">Longitudinal approaches in spatial mobility research<\/a><a href=\"https:\/\/webs.uab.cat\/lifelongmove\/wp-content\/uploads\/sites\/426\/2023\/07\/IAB-Nuremberg-talk-VIDAL.pdf\" class=\"wp-block-file__button wp-element-button\" download aria-describedby=\"wp-block-file--media-6afed1e2-f05d-443c-8e99-a4020f60f2d5\">Download<\/a><\/div>\n\n\n\n<hr class=\"wp-block-separator has-alpha-channel-opacity\" \/>\n\n\n\n<ul class=\"wp-block-list\">\n<li>Vidal, S. (Feb 2023) \u2018Childhood residential biographies in Andalusia\u2019 Netherlands Interdisciplinary Demographic Institute, The Hague, NL (Invited talk)<\/li>\n<\/ul>\n\n\n\n<div class=\"wp-block-file\"><a id=\"wp-block-file--media-1d4f13af-9471-406c-9240-10ca5ac9df35\" href=\"https:\/\/webs.uab.cat\/lifelongmove\/wp-content\/uploads\/sites\/426\/2023\/07\/VIDAL-VICIANA-Childhood-residential-biographies-in-Andalusia.pdf\" target=\"_blank\" rel=\"noreferrer noopener\">Childhood residential biographies in Andalusia &#8211; VIDAL, VICIANA<\/a><a href=\"https:\/\/webs.uab.cat\/lifelongmove\/wp-content\/uploads\/sites\/426\/2023\/07\/VIDAL-VICIANA-Childhood-residential-biographies-in-Andalusia.pdf\" class=\"wp-block-file__button wp-element-button\" download aria-describedby=\"wp-block-file--media-1d4f13af-9471-406c-9240-10ca5ac9df35\">Download<\/a><\/div>\n","protected":false},"excerpt":{"rendered":"","protected":false},"author":2067,"featured_media":0,"parent":0,"menu_order":0,"comment_status":"closed","ping_status":"closed","template":"","meta":{"footnotes":""},"class_list":["post-173","page","type-page","status-publish","hentry"],"_links":{"self":[{"href":"https:\/\/webs.uab.cat\/lifelongmove\/wp-json\/wp\/v2\/pages\/173","targetHints":{"allow":["GET"]}}],"collection":[{"href":"https:\/\/webs.uab.cat\/lifelongmove\/wp-json\/wp\/v2\/pages"}],"about":[{"href":"https:\/\/webs.uab.cat\/lifelongmove\/wp-json\/wp\/v2\/types\/page"}],"author":[{"embeddable":true,"href":"https:\/\/webs.uab.cat\/lifelongmove\/wp-json\/wp\/v2\/users\/2067"}],"replies":[{"embeddable":true,"href":"https:\/\/webs.uab.cat\/lifelongmove\/wp-json\/wp\/v2\/comments?post=173"}],"version-history":[{"count":25,"href":"https:\/\/webs.uab.cat\/lifelongmove\/wp-json\/wp\/v2\/pages\/173\/revisions"}],"predecessor-version":[{"id":830,"href":"https:\/\/webs.uab.cat\/lifelongmove\/wp-json\/wp\/v2\/pages\/173\/revisions\/830"}],"wp:attachment":[{"href":"https:\/\/webs.uab.cat\/lifelongmove\/wp-json\/wp\/v2\/media?parent=173"}],"curies":[{"name":"wp","href":"https:\/\/api.w.org\/{rel}","templated":true}]}}