{"id":35,"date":"2022-07-19T17:13:50","date_gmt":"2022-07-19T15:13:50","guid":{"rendered":"https:\/\/webs.uab.cat\/lis\/?page_id=35"},"modified":"2022-07-19T17:13:51","modified_gmt":"2022-07-19T15:13:51","slug":"investidures-autonomes","status":"publish","type":"page","link":"https:\/\/webs.uab.cat\/lis\/investidures-autonomes\/","title":{"rendered":"Investidures aut\u00f2nomes"},"content":{"rendered":"\n<div class=\"wp-block-media-text alignwide is-stacked-on-mobile is-vertically-aligned-top\" style=\"grid-template-columns:25% auto\"><figure class=\"wp-block-media-text__media\"><img loading=\"lazy\" decoding=\"async\" width=\"160\" height=\"160\" src=\"https:\/\/webs.uab.cat\/lis\/wp-content\/uploads\/sites\/55\/2022\/07\/Lis_SelCercle160_09.png\" alt=\"\" class=\"wp-image-36 size-full\" srcset=\"https:\/\/webs.uab.cat\/lis\/wp-content\/uploads\/sites\/55\/2022\/07\/Lis_SelCercle160_09.png 160w, https:\/\/webs.uab.cat\/lis\/wp-content\/uploads\/sites\/55\/2022\/07\/Lis_SelCercle160_09-150x150.png 150w\" sizes=\"auto, (max-width: 160px) 100vw, 160px\" \/><\/figure><div class=\"wp-block-media-text__content\">\n<p><em>Lis<\/em> s&#8217;articula en diversos formats de trobades i espais, f\u00edsics i virtuals, d&#8217;estudi i d\u2019investigaci\u00f3. Segons l&#8217;inter\u00e8s de les persones participants, les trobades tenen com a objectiu l&#8217;estudi i discussi\u00f3 de les elaboracions te\u00f2riques i emp\u00edriques d\u2019investigadores i investigadors aix\u00ed com el seguiment i desenvolupament de projectes i d&#8217;investigacions. Establim trobades estables d&#8217;estudi de l&#8217;aproximaci\u00f3 i articulaci\u00f3 entre la sociologia, el feminisme i la psicoan\u00e0lisi, per a l&#8217;an\u00e0lisi de la corporalitat. Els principals eixos s\u00f3n:<\/p>\n\n\n\n<p>&nbsp;a) Seminari de Teoria Cr\u00edtica de la Corporalitat<\/p>\n\n\n\n<p>&nbsp;b) Interseccions psicoanal\u00edtiques i feministes<\/p>\n\n\n\n<p>&nbsp;c) Projeccions comunals<\/p>\n<\/div><\/div>\n","protected":false},"excerpt":{"rendered":"<p>Lis s&#8217;articula en diversos formats de trobades i espais, f\u00edsics i virtuals, d&#8217;estudi i d\u2019investigaci\u00f3. Segons l&#8217;inter\u00e8s de les persones participants, les trobades tenen com a objectiu l&#8217;estudi i discussi\u00f3 de les elaboracions te\u00f2riques i emp\u00edriques d\u2019investigadores i investigadors aix\u00ed com el seguiment i desenvolupament de projectes i d&#8217;investigacions. Establim trobades estables d&#8217;estudi de l&#8217;aproximaci\u00f3 [&hellip;]<\/p>\n","protected":false},"author":20,"featured_media":0,"parent":0,"menu_order":0,"comment_status":"closed","ping_status":"closed","template":"","meta":{"footnotes":""},"class_list":["post-35","page","type-page","status-publish","hentry"],"_links":{"self":[{"href":"https:\/\/webs.uab.cat\/lis\/wp-json\/wp\/v2\/pages\/35","targetHints":{"allow":["GET"]}}],"collection":[{"href":"https:\/\/webs.uab.cat\/lis\/wp-json\/wp\/v2\/pages"}],"about":[{"href":"https:\/\/webs.uab.cat\/lis\/wp-json\/wp\/v2\/types\/page"}],"author":[{"embeddable":true,"href":"https:\/\/webs.uab.cat\/lis\/wp-json\/wp\/v2\/users\/20"}],"replies":[{"embeddable":true,"href":"https:\/\/webs.uab.cat\/lis\/wp-json\/wp\/v2\/comments?post=35"}],"version-history":[{"count":1,"href":"https:\/\/webs.uab.cat\/lis\/wp-json\/wp\/v2\/pages\/35\/revisions"}],"predecessor-version":[{"id":38,"href":"https:\/\/webs.uab.cat\/lis\/wp-json\/wp\/v2\/pages\/35\/revisions\/38"}],"wp:attachment":[{"href":"https:\/\/webs.uab.cat\/lis\/wp-json\/wp\/v2\/media?parent=35"}],"curies":[{"name":"wp","href":"https:\/\/api.w.org\/{rel}","templated":true}]}}