{"id":196,"date":"2009-05-25T13:07:54","date_gmt":"2009-05-25T11:07:54","guid":{"rendered":"https:\/\/webs.uab.cat\/llibersegur\/inici-2\/"},"modified":"2010-01-21T13:43:49","modified_gmt":"2010-01-21T11:43:49","slug":"inici-2","status":"publish","type":"page","link":"https:\/\/webs.uab.cat\/llibersegur\/es\/","title":{"rendered":"Inicio"},"content":{"rendered":"<blockquote>\n<p><strong>La tensi\u00f3n entre libertad y seguridad constituye uno de los retos jur\u00eddicos que hay que afrontar en el Estado de Derecho de nuestros d\u00edas. En el conjunto de los Estados occidentales, y tambi\u00e9n a la Uni\u00f3n Europea, se puede observar un reforzamiento de la seguridad a partir de los hechos de la 11-S, con los correspondientes riesgos a los que se afrontan los derechos fundamentales y la misma idea de libertad.<\/strong><\/p>\n<p><strong>Cuando se toman medidas para luchar contra la criminalidad organizada es una exigencia del Estado de Derecho el establecimiento de controles democr\u00e1ticos y jurisdiccionales adecuados. Los poderes p\u00fablicos tienen que ser conscientes que las medidas que se tomen, las cuales tienen que tener una eficacia indiscutible, no pueden presentar problemas de legitimidad democr\u00e1tica ni pueden comportar violaciones de los derechos fundamentales. Las organizaciones internacionales, especialmente las Naciones Unidas, el Consejo de Europa y la Uni\u00f3n Europea, adoptan medidas de varios tipos que los Estados miembros tienen que tener como marco para definir sus pol\u00edticas.<\/strong><\/p>\n<p><strong>En este contexto, hay que estudiar y analizar con rigor, los efectos de la nueva legislaci\u00f3n y su compatibilidad con las estructuras del Estado de Derecho, la democracia y la protecci\u00f3n de los derechos humanos fundamentales.<\/strong><\/p>\n<p><strong>Se pretende analizar las transformaciones que ha sufrido la configuraci\u00f3n del Estado de Derecho, en especial la garant\u00eda de la libertad como gran valor inspirador de los derechos fundamentales mediante la nueva preocupaci\u00f3n por la seguridad que se ha implantado a partir de los hechos de 11-S del 2001. Desde entonces el reforzamiento de la seguridad ha provocado no pocas tensiones con la libertad (uno de los fen\u00f3menos mas penetrantes sue\u00f1o los prisioneros de Guant\u00e1namo, por ejemplo).<\/strong><\/p>\n<p><strong>Queremos estudiar y formular el derecho en la seguridad en el contexto del Estado de Derecho actual.<\/strong><\/p>\n<p><strong>Tambi\u00e9n nos planteamos sistematizar la normativa de los diferentes Estados occidentales europeos y americanos (en especial los USA) para determinar c\u00f3mo ha afectado al dise\u00f1o institucional del Estado de Derecho configurado hasta entonces.<\/strong><\/p>\n<p><strong>El papel de los organismos internacionales o supraestatales tiene que ser estudiado en la medida en que condiciona la actividad y las mismas estructuras de los Estados. En especial nos proponemos estudiar la normativa derivada de la Uni\u00f3n Europea y su incidencia en el conjunto de los Estados miembros.<\/strong><\/p>\n<p><strong>El objetivo \u00faltimo es analizar las transformaciones del Estado desde la perspectiva del Derecho Constitucional, y de una manera prioritaria c\u00f3mo las tensiones actuales entre libertad y seguridad est\u00e1n planteando nuevas maneras de entender el papel del Derecho P\u00fablico en el seno del Estado.<\/strong><\/p>\n<p>&nbsp;<\/p>\n<\/blockquote>\n<p>&nbsp;<\/p>\n<p><img loading=\"lazy\" decoding=\"async\" src=\"http:\/\/grupsderecerca.uab.cat\/llibersegur\/sites\/grupsderecerca.uab.cat.llibersegur\/files\/images\/LOGO%205%20BIS_0.img_assist_properties.jpg\" alt=\"\" width=\"200\" height=\"67\" \/><\/p>\n","protected":false},"excerpt":{"rendered":"<p>La tensi\u00f3n entre libertad y seguridad constituye uno de los retos jur\u00eddicos que hay que afrontar en el Estado de Derecho de nuestros d\u00edas. En el conjunto de los Estados occidentales, y tambi\u00e9n a la Uni\u00f3n Europea, se puede observar un reforzamiento de la seguridad a partir de los hechos de la 11-S, con los [&hellip;]<\/p>\n","protected":false},"author":20,"featured_media":197,"parent":0,"menu_order":0,"comment_status":"closed","ping_status":"closed","template":"","meta":{"footnotes":""},"class_list":["post-196","page","type-page","status-publish","has-post-thumbnail","hentry"],"_links":{"self":[{"href":"https:\/\/webs.uab.cat\/llibersegur\/es\/wp-json\/wp\/v2\/pages\/196","targetHints":{"allow":["GET"]}}],"collection":[{"href":"https:\/\/webs.uab.cat\/llibersegur\/es\/wp-json\/wp\/v2\/pages"}],"about":[{"href":"https:\/\/webs.uab.cat\/llibersegur\/es\/wp-json\/wp\/v2\/types\/page"}],"author":[{"embeddable":true,"href":"https:\/\/webs.uab.cat\/llibersegur\/es\/wp-json\/wp\/v2\/users\/20"}],"replies":[{"embeddable":true,"href":"https:\/\/webs.uab.cat\/llibersegur\/es\/wp-json\/wp\/v2\/comments?post=196"}],"version-history":[{"count":0,"href":"https:\/\/webs.uab.cat\/llibersegur\/es\/wp-json\/wp\/v2\/pages\/196\/revisions"}],"wp:featuredmedia":[{"embeddable":true,"href":"https:\/\/webs.uab.cat\/llibersegur\/es\/wp-json\/wp\/v2\/media\/197"}],"wp:attachment":[{"href":"https:\/\/webs.uab.cat\/llibersegur\/es\/wp-json\/wp\/v2\/media?parent=196"}],"curies":[{"name":"wp","href":"https:\/\/api.w.org\/{rel}","templated":true}]}}

<blockquote>
<p><strong>La tensión entre libertad y seguridad constituye uno de los retos jurídicos que hay que afrontar en el Estado de Derecho de nuestros días. En el conjunto de los Estados occidentales, y también a la Unión Europea, se puede observar un reforzamiento de la seguridad a partir de los hechos de la 11-S, con los correspondientes riesgos a los que se afrontan los derechos fundamentales y la misma idea de libertad.</strong></p>
<p><strong>Cuando se toman medidas para luchar contra la criminalidad organizada es una exigencia del Estado de Derecho el establecimiento de controles democráticos y jurisdiccionales adecuados. Los poderes públicos tienen que ser conscientes que las medidas que se tomen, las cuales tienen que tener una eficacia indiscutible, no pueden presentar problemas de legitimidad democrática ni pueden comportar violaciones de los derechos fundamentales. Las organizaciones internacionales, especialmente las Naciones Unidas, el Consejo de Europa y la Unión Europea, adoptan medidas de varios tipos que los Estados miembros tienen que tener como marco para definir sus políticas.</strong></p>
<p><strong>En este contexto, hay que estudiar y analizar con rigor, los efectos de la nueva legislación y su compatibilidad con las estructuras del Estado de Derecho, la democracia y la protección de los derechos humanos fundamentales.</strong></p>
<p><strong>Se pretende analizar las transformaciones que ha sufrido la configuración del Estado de Derecho, en especial la garantía de la libertad como gran valor inspirador de los derechos fundamentales mediante la nueva preocupación por la seguridad que se ha implantado a partir de los hechos de 11-S del 2001. Desde entonces el reforzamiento de la seguridad ha provocado no pocas tensiones con la libertad (uno de los fenómenos mas penetrantes sueño los prisioneros de Guantánamo, por ejemplo).</strong></p>
<p><strong>Queremos estudiar y formular el derecho en la seguridad en el contexto del Estado de Derecho actual.</strong></p>
<p><strong>También nos planteamos sistematizar la normativa de los diferentes Estados occidentales europeos y americanos (en especial los USA) para determinar cómo ha afectado al diseño institucional del Estado de Derecho configurado hasta entonces.</strong></p>
<p><strong>El papel de los organismos internacionales o supraestatales tiene que ser estudiado en la medida en que condiciona la actividad y las mismas estructuras de los Estados. En especial nos proponemos estudiar la normativa derivada de la Unión Europea y su incidencia en el conjunto de los Estados miembros.</strong></p>
<p><strong>El objetivo último es analizar las transformaciones del Estado desde la perspectiva del Derecho Constitucional, y de una manera prioritaria cómo las tensiones actuales entre libertad y seguridad están planteando nuevas maneras de entender el papel del Derecho Público en el seno del Estado.</strong></p>
<p>&nbsp;</p>
</blockquote>
<p>&nbsp;</p>
<p><img loading="lazy" decoding="async" src="http://grupsderecerca.uab.cat/llibersegur/sites/grupsderecerca.uab.cat.llibersegur/files/images/LOGO%205%20BIS_0.img_assist_properties.jpg" alt="" width="200" height="67" /></p>

<p>La tensión entre libertad y seguridad constituye uno de los retos jurídicos que hay que afrontar en el Estado de Derecho de nuestros días. En el conjunto de los Estados occidentales, y también a la Unión Europea, se puede observar un reforzamiento de la seguridad a partir de los hechos de la 11-S, con los [&hellip;]</p>
