{"id":165,"date":"2009-05-25T13:07:54","date_gmt":"2009-05-25T11:07:54","guid":{"rendered":"https:\/\/webs.uab.cat\/llibersegur\/inici\/"},"modified":"2022-11-21T16:56:02","modified_gmt":"2022-11-21T14:56:02","slug":"inici","status":"publish","type":"page","link":"https:\/\/webs.uab.cat\/llibersegur\/","title":{"rendered":"Inici"},"content":{"rendered":"\n<p>La tensi\u00f3 entre llibertat i seguretat constitueix un dels reptes jur\u00eddics que cal afrontar a l\u2019Estat de Dret dels nostres dies. En el conjunt dels Estats occidentals, i tamb\u00e9 a la Uni\u00f3 Europea, es pot observar un refor\u00e7ament de la seguretat -en especial a partir dels fets de l\u201911-S-, amb els corresponents riscs per \u00a0a la garantia dels drets fonamentals i per a la mateixa idea de Llibertat, nucli de qualsevol societat civilitzada.<\/p>\n\n\n\n<p>Avui es donen fen\u00f2mens molt preocupants com ara la criminalitat organitzada transnacional o no, el terrorisme global, atemptats brutals contra elements fonamentals de la vida democr\u00e0tica, i l&#8217;Estat ha de reaccionar , per\u00f2 ho ha de fer segons uns par\u00e0metres tereminats. Aix\u00ed, \u00e9s una exig\u00e8ncia de l\u2019Estat de Dret l\u2019establiment de controls democr\u00e0tics i jurisdiccionals adients, per a poder propiciar una conviv\u00e8ncia justa i en llibertat. Els poders p\u00fablics han de ser conscients que les mesures que es prenguin han de tenir una efic\u00e0cia indiscutible, per\u00f2 no poden presentar problemes de legitimitat democr\u00e0tica ni comportar violacions dels\u00a0 drets fonamentals.<\/p>\n\n\n\n<p>Les organitzacions internacionals, especialment les Nacions Unides, el Consell d\u2019Europa i la Uni\u00f3 Europea, adopten mesures de diversos tipus en aquesta lluita contra els malfactors, que els Estats han de tenir com a marc, acolllir i desenvolupar per tal de definir les seves pol\u00edtiques.\u00a0En aquest context, cal estudiar i analitzar amb rigor, els efectes de la legislaci\u00f3 estatal o supraestatal \u00a0i la seva compatibilitat amb les estructures de l\u2019Estat de Dret, la democr\u00e0cia i la protecci\u00f3 dels drets humans fonamentals.<\/p>\n\n\n\n<p>Volem estudiar les transformacions que pateix l&#8217;Estat de Dret, en especial la garantia de la llibertat com gran valor inspirador dels drets fonamentals \u00a0 Des d\u2019aleshores el refor\u00e7ament de la seguretat ha provocat no poques tensions amb la llibertat (un dels fen\u00f2mens mes punyents son els presoners de Guant\u00e1namo, per exemple). Entenem que la llibertat i la seguretat no es troben al mateix pla. La seguretat est\u00e0 al servei de la llibertat, i \u00e9s una de les condicions per al seu exercici ordenat.\u00a0Volem estudiar i formular el dret a la seguretat en el context de l\u2019Estat de Dret actual, que afecta a fen\u00f2menos diversos, com ara el civisme a les nostres ciutats, la regulaci\u00f3 de l&#8217;espai p\u00fablic com a espai veritablement democr\u00e0tic, per\u00f2 tamb\u00e9 les condicions amb les que el mateix Estat respon a les amenaces a la seguretat col.lectiva, les quals entenem que sempre han de ser proporcionals, delimitades jurisdiccionalment, i al servei de la garantia dels drets fonamentals.<\/p>\n\n\n\n<figure class=\"wp-block-table\"><table><tbody><tr><td><\/td><td><\/td><\/tr><tr><td><\/td><td>&nbsp;<\/td><\/tr><\/tbody><\/table><\/figure>\n\n\n\n<p>L\u2019objectiu darrer \u00e9s analitzar les transformacions de l\u2019Estat des de la perspectiva del Dret Constitucional, i d\u2019una manera priorit\u00e0ria c\u00f3m les tensions actuals entre llibertat i seguretat\u00a0 estan plantejant noves maneres d\u2019entendre el paper del Dret\u00a0P\u00fablic en el si de l\u2019Estat.<\/p>\n","protected":false},"excerpt":{"rendered":"<p>La tensi\u00f3 entre llibertat i seguretat constitueix un dels reptes jur\u00eddics que cal afrontar a l\u2019Estat de Dret dels nostres dies. En el conjunt dels Estats occidentals, i tamb\u00e9 a la Uni\u00f3 Europea, es pot observar un refor\u00e7ament de la seguretat -en especial a partir dels fets de l\u201911-S-, amb els corresponents riscs per \u00a0a [&hellip;]<\/p>\n","protected":false},"author":20,"featured_media":0,"parent":0,"menu_order":0,"comment_status":"closed","ping_status":"closed","template":"","meta":{"footnotes":""},"class_list":["post-165","page","type-page","status-publish","hentry"],"_links":{"self":[{"href":"https:\/\/webs.uab.cat\/llibersegur\/wp-json\/wp\/v2\/pages\/165","targetHints":{"allow":["GET"]}}],"collection":[{"href":"https:\/\/webs.uab.cat\/llibersegur\/wp-json\/wp\/v2\/pages"}],"about":[{"href":"https:\/\/webs.uab.cat\/llibersegur\/wp-json\/wp\/v2\/types\/page"}],"author":[{"embeddable":true,"href":"https:\/\/webs.uab.cat\/llibersegur\/wp-json\/wp\/v2\/users\/20"}],"replies":[{"embeddable":true,"href":"https:\/\/webs.uab.cat\/llibersegur\/wp-json\/wp\/v2\/comments?post=165"}],"version-history":[{"count":2,"href":"https:\/\/webs.uab.cat\/llibersegur\/wp-json\/wp\/v2\/pages\/165\/revisions"}],"predecessor-version":[{"id":502,"href":"https:\/\/webs.uab.cat\/llibersegur\/wp-json\/wp\/v2\/pages\/165\/revisions\/502"}],"wp:attachment":[{"href":"https:\/\/webs.uab.cat\/llibersegur\/wp-json\/wp\/v2\/media?parent=165"}],"curies":[{"name":"wp","href":"https:\/\/api.w.org\/{rel}","templated":true}]}}