{"id":172,"date":"2009-05-25T13:30:47","date_gmt":"2009-05-25T11:30:47","guid":{"rendered":"https:\/\/webs.uab.cat\/llibersegur\/qui-som\/"},"modified":"2022-11-21T16:27:58","modified_gmt":"2022-11-21T14:27:58","slug":"qui-som","status":"publish","type":"page","link":"https:\/\/webs.uab.cat\/llibersegur\/qui-som\/","title":{"rendered":"Qui som?"},"content":{"rendered":"\n<div class=\"wp-block-columns is-layout-flex wp-container-core-columns-is-layout-9d6595d7 wp-block-columns-is-layout-flex\">\n<div class=\"wp-block-column is-layout-flow wp-block-column-is-layout-flow\">\n<p><strong>Dr. Joan LLu\u00eds P\u00e9rez Francesch \u00a0 \u00a0 \u00a0 \u00a0 \u00a0 \u00a0 \u00a0 \u00a0 <\/strong>Universitat Aut\u00f2noma de Barcelona<\/p>\n\n\n\n<p><strong>Dr. Joan LLu\u00eds P\u00e9rez Francesch<\/strong><br>Universitat Aut\u00f2noma de Barcelona<\/p>\n\n\n\n<p><strong>Dr. Michele Caerducci S\u00e1nchez<\/strong><br>Univeritat del Salento-Lecce<\/p>\n\n\n\n<p><strong>Dr. Josep Ca\u00f1abate P\u00e9rez<br><\/strong>Universitat Aut\u00f2noma de Barcelona<\/p>\n\n\n\n<p><strong>Dra. Viridiana Molinares Hassan<br><\/strong>Universidad del Norte-Colombia<\/p>\n\n\n\n<p><strong>Sr. Ricard Brotat Jubery<br><\/strong>Universitat Aut\u00f2noma de Barcelona<\/p>\n\n\n\n<p><strong>Sra. Cristina Dietrich Plaza<br><\/strong>Universitat Aut\u00f2noma de Barcelona<\/p>\n\n\n\n<p><strong>Sra. Paula Esther Ru\u00edz Alfaro<br><\/strong>Universitat Aut\u00f2noma de Barcelona<\/p>\n<\/div>\n\n\n\n<div class=\"wp-block-column is-layout-flow wp-block-column-is-layout-flow\">\n<p><strong>Dr. Tom\u00e1s Gil M\u00e1rquez <\/strong><br>Universitat Aut\u00f2noma de Barcelona<\/p>\n\n\n\n<p><strong>Dr. Tom\u00e1s Gil M\u00e1rquez<\/strong><br>Universitat Aut\u00f2noma de Barcelona<\/p>\n\n\n\n<p><strong>Dr. carlos Miguel Revenga<br><\/strong>Universitat de C\u00e1diz<\/p>\n\n\n\n<p><strong>Dr. Jos\u00e9 Carlos Remotti<br><\/strong>Universitat Aut\u00f2noma de Barcelona<\/p>\n\n\n\n<p><strong>Dr. Endrius Cocciolo<br><\/strong>Universitat Rovira Virgili<\/p>\n\n\n\n<p><strong>Sra. Lela Janashvili<br><\/strong>Tbilisi State Universityt- Georgia<\/p>\n\n\n\n<p><strong>Sr. Francesc Guill\u00e9n Lasierra<br><\/strong>Universitat Aut\u00f2noma de Barcelona<\/p>\n<\/div>\n<\/div>\n\n\n\n<p><strong> \u00a0 \u00a0 \u00a0 \u00a0 \u00a0 \u00a0 \u00a0 \u00a0 \u00a0 \u00a0 \u00a0 \u00a0 \u00a0 \u00a0 \u00a0 \u00a0 \u00a0 \u00a0 \u00a0 \u00a0 \u00a0 \u00a0 \u00a0 \u00a0 \u00a0 \u00a0 \u00a0 \u00a0 \u00a0 \u00a0 \u00a0  \u00a0 \u00a0 \u00a0 \u00a0 \u00a0 \u00a0<\/strong><\/p>\n\n\n\n<p><strong>&nbsp; &nbsp; &nbsp; &nbsp; &nbsp; &nbsp; &nbsp; &nbsp; &nbsp; &nbsp; &nbsp; &nbsp; &nbsp; &nbsp; &nbsp; &nbsp; &nbsp; &nbsp; &nbsp; &nbsp; &nbsp; &nbsp; &nbsp; &nbsp; &nbsp; &nbsp; &nbsp; &nbsp; &nbsp; &nbsp; &nbsp; &nbsp; &nbsp; &nbsp; &nbsp; &nbsp; &nbsp; &nbsp; &nbsp; &nbsp; &nbsp; &nbsp; &nbsp; &nbsp; &nbsp; &nbsp; &nbsp; &nbsp; &nbsp; &nbsp; &nbsp; &nbsp; &nbsp; &nbsp; &nbsp; &nbsp; &nbsp; &nbsp; &nbsp; &nbsp; &nbsp; &nbsp; &nbsp; &nbsp; &nbsp; &nbsp; &nbsp; &nbsp; <\/strong><span style=\"text-align: justify;\">&nbsp;&nbsp;<\/span><\/p>\n","protected":false},"excerpt":{"rendered":"<p>Dr. Joan LLu\u00eds P\u00e9rez Francesch \u00a0 \u00a0 \u00a0 \u00a0 \u00a0 \u00a0 \u00a0 \u00a0 Universitat Aut\u00f2noma de Barcelona Dr. Joan LLu\u00eds P\u00e9rez FranceschUniversitat Aut\u00f2noma de Barcelona Dr. Michele Caerducci S\u00e1nchezUniveritat del Salento-Lecce Dr. Josep Ca\u00f1abate P\u00e9rezUniversitat Aut\u00f2noma de Barcelona Dra. Viridiana Molinares HassanUniversidad del Norte-Colombia Sr. Ricard Brotat JuberyUniversitat Aut\u00f2noma de Barcelona Sra. Cristina Dietrich PlazaUniversitat [&hellip;]<\/p>\n","protected":false},"author":20,"featured_media":0,"parent":0,"menu_order":0,"comment_status":"closed","ping_status":"closed","template":"","meta":{"footnotes":""},"class_list":["post-172","page","type-page","status-publish","hentry"],"_links":{"self":[{"href":"https:\/\/webs.uab.cat\/llibersegur\/wp-json\/wp\/v2\/pages\/172","targetHints":{"allow":["GET"]}}],"collection":[{"href":"https:\/\/webs.uab.cat\/llibersegur\/wp-json\/wp\/v2\/pages"}],"about":[{"href":"https:\/\/webs.uab.cat\/llibersegur\/wp-json\/wp\/v2\/types\/page"}],"author":[{"embeddable":true,"href":"https:\/\/webs.uab.cat\/llibersegur\/wp-json\/wp\/v2\/users\/20"}],"replies":[{"embeddable":true,"href":"https:\/\/webs.uab.cat\/llibersegur\/wp-json\/wp\/v2\/comments?post=172"}],"version-history":[{"count":3,"href":"https:\/\/webs.uab.cat\/llibersegur\/wp-json\/wp\/v2\/pages\/172\/revisions"}],"predecessor-version":[{"id":463,"href":"https:\/\/webs.uab.cat\/llibersegur\/wp-json\/wp\/v2\/pages\/172\/revisions\/463"}],"wp:attachment":[{"href":"https:\/\/webs.uab.cat\/llibersegur\/wp-json\/wp\/v2\/media?parent=172"}],"curies":[{"name":"wp","href":"https:\/\/api.w.org\/{rel}","templated":true}]}}