{"id":1843,"date":"2025-12-18T16:21:00","date_gmt":"2025-12-18T15:21:00","guid":{"rendered":"https:\/\/webs.uab.cat\/lligadedebat\/?page_id=1843"},"modified":"2026-02-27T14:31:05","modified_gmt":"2026-02-27T13:31:05","slug":"sistema-de-competicio","status":"publish","type":"page","link":"https:\/\/webs.uab.cat\/lligadedebat\/sistema-de-competicio\/","title":{"rendered":"Sistema de competici\u00f3"},"content":{"rendered":"\n<p>Vint-i-quatre equips, en representaci\u00f3 dels seus instituts, han estat distribu\u00efts per sorteig en quatre grups, cada un, format per sis membres, que competiran en aquesta primera fase eliminat\u00f2ria durant quatre dies consecutius, un grup per dia. De cada agrupaci\u00f3, doncs, en sortir\u00e0 un de classificat.<\/p>\n\n\n\n<p>Els quatre instituts amb la puntuaci\u00f3 m\u00e9s alta es classificaran per a la semifinal de divendres dia 27. D\u2019aquests quatre, els dos finalistes competiran per a ser l\u2019equip guanyador en un \u00faltim debat el mateix dia.<\/p>\n\n\n\n<p>L&#8217;Institut Antoni Cumella ha estat ell guanyador de la Lliga de Debat de Secund\u00e0ria i Batxillerat de la UAB de 2026.<\/p>\n\n\n\n<figure class=\"wp-block-image size-large\"><img loading=\"lazy\" decoding=\"async\" width=\"1024\" height=\"576\" src=\"https:\/\/webs.uab.cat\/lligadedebat\/wp-content\/uploads\/sites\/515\/2026\/02\/sistema-de-competico-3-1024x576.png\" alt=\"\" class=\"wp-image-2357\" srcset=\"https:\/\/webs.uab.cat\/lligadedebat\/wp-content\/uploads\/sites\/515\/2026\/02\/sistema-de-competico-3-1024x576.png 1024w, https:\/\/webs.uab.cat\/lligadedebat\/wp-content\/uploads\/sites\/515\/2026\/02\/sistema-de-competico-3-300x169.png 300w, https:\/\/webs.uab.cat\/lligadedebat\/wp-content\/uploads\/sites\/515\/2026\/02\/sistema-de-competico-3-768x432.png 768w, https:\/\/webs.uab.cat\/lligadedebat\/wp-content\/uploads\/sites\/515\/2026\/02\/sistema-de-competico-3-1536x864.png 1536w, https:\/\/webs.uab.cat\/lligadedebat\/wp-content\/uploads\/sites\/515\/2026\/02\/sistema-de-competico-3-1200x675.png 1200w, https:\/\/webs.uab.cat\/lligadedebat\/wp-content\/uploads\/sites\/515\/2026\/02\/sistema-de-competico-3.png 1600w\" sizes=\"auto, (max-width: 1024px) 100vw, 1024px\" \/><\/figure>\n","protected":false},"excerpt":{"rendered":"<p>Vint-i-quatre equips, en representaci\u00f3 dels seus instituts, han estat distribu\u00efts per sorteig en quatre grups, cada un, format per sis membres, que competiran en aquesta primera fase eliminat\u00f2ria durant quatre dies consecutius, un grup per dia. De cada agrupaci\u00f3, doncs, en sortir\u00e0 un de classificat. Els quatre instituts amb la puntuaci\u00f3 m\u00e9s alta es classificaran [&hellip;]<\/p>\n","protected":false},"author":36,"featured_media":0,"parent":0,"menu_order":0,"comment_status":"closed","ping_status":"closed","template":"","meta":{"footnotes":""},"class_list":["post-1843","page","type-page","status-publish","hentry"],"_links":{"self":[{"href":"https:\/\/webs.uab.cat\/lligadedebat\/wp-json\/wp\/v2\/pages\/1843","targetHints":{"allow":["GET"]}}],"collection":[{"href":"https:\/\/webs.uab.cat\/lligadedebat\/wp-json\/wp\/v2\/pages"}],"about":[{"href":"https:\/\/webs.uab.cat\/lligadedebat\/wp-json\/wp\/v2\/types\/page"}],"author":[{"embeddable":true,"href":"https:\/\/webs.uab.cat\/lligadedebat\/wp-json\/wp\/v2\/users\/36"}],"replies":[{"embeddable":true,"href":"https:\/\/webs.uab.cat\/lligadedebat\/wp-json\/wp\/v2\/comments?post=1843"}],"version-history":[{"count":18,"href":"https:\/\/webs.uab.cat\/lligadedebat\/wp-json\/wp\/v2\/pages\/1843\/revisions"}],"predecessor-version":[{"id":2358,"href":"https:\/\/webs.uab.cat\/lligadedebat\/wp-json\/wp\/v2\/pages\/1843\/revisions\/2358"}],"wp:attachment":[{"href":"https:\/\/webs.uab.cat\/lligadedebat\/wp-json\/wp\/v2\/media?parent=1843"}],"curies":[{"name":"wp","href":"https:\/\/api.w.org\/{rel}","templated":true}]}}