{"id":1872,"date":"2026-01-23T12:02:03","date_gmt":"2026-01-23T11:02:03","guid":{"rendered":"https:\/\/webs.uab.cat\/lligadedebat\/?page_id=1872"},"modified":"2026-02-17T16:16:24","modified_gmt":"2026-02-17T15:16:24","slug":"benvingudes-al-bloc-de-la-lliga-de-debat","status":"publish","type":"page","link":"https:\/\/webs.uab.cat\/lligadedebat\/","title":{"rendered":"La Lliga de Debat UAB"},"content":{"rendered":"\n<figure class=\"wp-block-gallery alignfull has-nested-images columns-default is-cropped wp-block-gallery-1 is-layout-flex wp-block-gallery-is-layout-flex\">\n<figure class=\"wp-block-image alignwide size-large\"><a href=\"https:\/\/webs.uab.cat\/lligadedebat\/universitaria\/\"><img loading=\"lazy\" decoding=\"async\" width=\"1024\" height=\"683\" data-id=\"1907\" src=\"https:\/\/webs.uab.cat\/lligadedebat\/wp-content\/uploads\/sites\/515\/2026\/01\/Sistema-de-competicio-5-1024x683.png\" alt=\"\" class=\"wp-image-1907\" srcset=\"https:\/\/webs.uab.cat\/lligadedebat\/wp-content\/uploads\/sites\/515\/2026\/01\/Sistema-de-competicio-5-1024x683.png 1024w, https:\/\/webs.uab.cat\/lligadedebat\/wp-content\/uploads\/sites\/515\/2026\/01\/Sistema-de-competicio-5-300x200.png 300w, https:\/\/webs.uab.cat\/lligadedebat\/wp-content\/uploads\/sites\/515\/2026\/01\/Sistema-de-competicio-5-768x512.png 768w, https:\/\/webs.uab.cat\/lligadedebat\/wp-content\/uploads\/sites\/515\/2026\/01\/Sistema-de-competicio-5-1536x1024.png 1536w, https:\/\/webs.uab.cat\/lligadedebat\/wp-content\/uploads\/sites\/515\/2026\/01\/Sistema-de-competicio-5-1200x800.png 1200w, https:\/\/webs.uab.cat\/lligadedebat\/wp-content\/uploads\/sites\/515\/2026\/01\/Sistema-de-competicio-5-1980x1320.png 1980w, https:\/\/webs.uab.cat\/lligadedebat\/wp-content\/uploads\/sites\/515\/2026\/01\/Sistema-de-competicio-5.png 2048w\" sizes=\"auto, (max-width: 1024px) 100vw, 1024px\" \/><\/a><\/figure>\n\n\n\n<figure class=\"wp-block-image size-large\"><a href=\"https:\/\/webs.uab.cat\/lligadedebat\/secundaria-i-batxillerat\/\"><img loading=\"lazy\" decoding=\"async\" width=\"1024\" height=\"683\" data-id=\"1908\" src=\"https:\/\/webs.uab.cat\/lligadedebat\/wp-content\/uploads\/sites\/515\/2026\/01\/Sistema-de-competicio-4-1024x683.png\" alt=\"\" class=\"wp-image-1908\" srcset=\"https:\/\/webs.uab.cat\/lligadedebat\/wp-content\/uploads\/sites\/515\/2026\/01\/Sistema-de-competicio-4-1024x683.png 1024w, https:\/\/webs.uab.cat\/lligadedebat\/wp-content\/uploads\/sites\/515\/2026\/01\/Sistema-de-competicio-4-300x200.png 300w, https:\/\/webs.uab.cat\/lligadedebat\/wp-content\/uploads\/sites\/515\/2026\/01\/Sistema-de-competicio-4-768x512.png 768w, https:\/\/webs.uab.cat\/lligadedebat\/wp-content\/uploads\/sites\/515\/2026\/01\/Sistema-de-competicio-4-1536x1024.png 1536w, https:\/\/webs.uab.cat\/lligadedebat\/wp-content\/uploads\/sites\/515\/2026\/01\/Sistema-de-competicio-4-1200x800.png 1200w, https:\/\/webs.uab.cat\/lligadedebat\/wp-content\/uploads\/sites\/515\/2026\/01\/Sistema-de-competicio-4-1980x1320.png 1980w, https:\/\/webs.uab.cat\/lligadedebat\/wp-content\/uploads\/sites\/515\/2026\/01\/Sistema-de-competicio-4.png 2048w\" sizes=\"auto, (max-width: 1024px) 100vw, 1024px\" \/><\/a><\/figure>\n<\/figure>\n\n\n\n<p><\/p>\n\n\n\n<div class=\"wp-block-group alignfull has-primary-background-color has-background\"><div class=\"wp-block-group__inner-container is-layout-flow wp-block-group-is-layout-flow\">\n<div class=\"wp-block-columns is-layout-flex wp-container-core-columns-is-layout-9d6595d7 wp-block-columns-is-layout-flex\">\n<div class=\"wp-block-column is-layout-flow wp-block-column-is-layout-flow\">\n<p class=\"has-text-align-center has-background-color has-text-color has-large-font-size\"><em>Universit\u00e0ria<\/em><br>18 de febrer &#8211; 20 de febrer<\/p>\n<\/div>\n\n\n\n<div class=\"wp-block-column is-layout-flow wp-block-column-is-layout-flow\">\n<p class=\"has-text-align-center has-background-color has-text-color has-large-font-size\"><em>Secund\u00e0ria i Batxillerat<\/em><br>23 de febrer &#8211; 27 de febrer<\/p>\n<\/div>\n<\/div>\n<\/div><\/div>\n\n\n\n<h2 class=\"wp-block-heading\">\u201cEstem davant d\u2019una joventut m\u00e9s masclista?\u201d<\/h2>\n\n\n\n<p data-wp-context---core-fit-text=\"core\/fit-text::{&quot;fontSize&quot;:&quot;&quot;}\" data-wp-init---core-fit-text=\"core\/fit-text::callbacks.init\" data-wp-interactive data-wp-style--font-size=\"core\/fit-text::context.fontSize\" class=\"has-fit-text\">\u00c9s el tema a debatre en aquesta nova edici\u00f3 2026 de la Lliga de Debat UAB de Secund\u00e0ria i Batxillerat.<\/p>\n\n\n\n<p class=\"has-text-align-left\">La Lliga de Debat UAB de Secund\u00e0ria i Batxillerat de la Xarxa Vives d\u2019Universitats torna a l\u2019Aut\u00f2noma la setmana del 23 al 27 de febrer. Vint-i-quatre instituts de l\u2019Alt Pened\u00e8s, el Baix Llobregat, el Vall\u00e8s Occidental, el Vall\u00e8s Oriental i el Barcelon\u00e8s s\u2019enfrontaran en un format eliminatori que duran a l\u2019equip guanyador a la gran final en representaci\u00f3 de la universitat.<\/p>\n\n\n\n<p class=\"has-text-align-left\">La UAB acollir\u00e0 la fase local de la Lliga de Debat de Secund\u00e0ria i Batxillerat en la qual m\u00e9s de cent alumnes debatran sota la seg\u00fcent q\u00fcesti\u00f3: \u00abEstem davant d\u2019una joventut m\u00e9s masclista?\u00bb. De dilluns a dijous es disputar\u00e0 la fase de grups formats, aleat\u00f2riament, per sis instituts, consolidant un total de quatre grups diferents preparats per a debatre tres vegades durant el dia que els toqui participar; cada dia correspondr\u00e0 a un grup diferent. El millor equip classificat de cada jornada aconseguir\u00e0 un passi per a la semifinal de divendres, que classificar\u00e0 als dos equips amb m\u00e9s puntuaci\u00f3 i que, per acabar, protagonitzaran la final de la fase local. L\u2019equip campi\u00f3 representar\u00e0 la UAB en la segona fase de la Lliga de Debat de Secund\u00e0ria i Batxillerat, organitzada per la Xarxa Vives d\u2019Universitats, que tindr\u00e0 lloc del 20 al 22 d\u2019abril a la Universitat d\u2019Alacant.<\/p>\n\n\n\n<p class=\"has-text-align-left\">L\u2019escenari per a aquesta primera fase de la lliga ser\u00e0 la Sala teatre UAB. Cada debat tindr\u00e0 un jurat format per quatre persones que valoraran capacitats com el treball en equip, les l\u00ednies argumentatives i la claredat a l\u2019hora d\u2019expressar-se. Els jurats, que consten de tres jutges i un cap de jutge, estan formats per docents, membres del PTGAS i estudiants que pertanyen a col\u00b7lectius centrats de debat (com Grup d\u2019Argumentaci\u00f3 i Debat i Unanimun), els quals atorgaran les puntuacions a cada equip durant les discussions; a m\u00e9s, escolliran la millor persona oradora de cada una, qui s\u2019endur\u00e0 un llibre electr\u00f2nic com a premi.<\/p>\n\n\n\n<p class=\"has-text-align-left\">D\u2019altra banda, del 18 al 20 de febrer, tamb\u00e9 es disputa la Lliga de Debat Universit\u00e0ria, en aquest cas, per\u00f2, el tema a debatre ser\u00e0 sobre si \u201cla democr\u00e0cia est\u00e0 en perill?\u201d. El plantejament es repetir\u00e0: hi haur\u00e0 premi al millor orador o oradora i l\u2019equip guanyador ser\u00e0 qui representi a la UAB a Alacant. Tanmateix, la competici\u00f3 enfrontar\u00e0 a 40 estudiants repartits entre 12 grups.<\/p>\n\n\n\n<p class=\"has-text-align-left\">Es poden consultar els centres i la classificaci\u00f3 dels equips de la lliga de secund\u00e0ria i batxillerat a temps real en aquest mateix bloc.<\/p>\n","protected":false},"excerpt":{"rendered":"<p>Universit\u00e0ria18 de febrer &#8211; 20 de febrer Secund\u00e0ria i Batxillerat23 de febrer &#8211; 27 de febrer \u201cEstem davant d\u2019una joventut m\u00e9s masclista?\u201d \u00c9s el tema a debatre en aquesta nova edici\u00f3 2026 de la Lliga de Debat UAB de Secund\u00e0ria i Batxillerat. La Lliga de Debat UAB de Secund\u00e0ria i Batxillerat de la Xarxa Vives [&hellip;]<\/p>\n","protected":false},"author":36,"featured_media":0,"parent":0,"menu_order":0,"comment_status":"closed","ping_status":"closed","template":"","meta":{"footnotes":""},"class_list":["post-1872","page","type-page","status-publish","hentry"],"_links":{"self":[{"href":"https:\/\/webs.uab.cat\/lligadedebat\/wp-json\/wp\/v2\/pages\/1872","targetHints":{"allow":["GET"]}}],"collection":[{"href":"https:\/\/webs.uab.cat\/lligadedebat\/wp-json\/wp\/v2\/pages"}],"about":[{"href":"https:\/\/webs.uab.cat\/lligadedebat\/wp-json\/wp\/v2\/types\/page"}],"author":[{"embeddable":true,"href":"https:\/\/webs.uab.cat\/lligadedebat\/wp-json\/wp\/v2\/users\/36"}],"replies":[{"embeddable":true,"href":"https:\/\/webs.uab.cat\/lligadedebat\/wp-json\/wp\/v2\/comments?post=1872"}],"version-history":[{"count":9,"href":"https:\/\/webs.uab.cat\/lligadedebat\/wp-json\/wp\/v2\/pages\/1872\/revisions"}],"predecessor-version":[{"id":2006,"href":"https:\/\/webs.uab.cat\/lligadedebat\/wp-json\/wp\/v2\/pages\/1872\/revisions\/2006"}],"wp:attachment":[{"href":"https:\/\/webs.uab.cat\/lligadedebat\/wp-json\/wp\/v2\/media?parent=1872"}],"curies":[{"name":"wp","href":"https:\/\/api.w.org\/{rel}","templated":true}]}}

<figure class="wp-block-gallery alignfull has-nested-images columns-default is-cropped wp-block-gallery-1 is-layout-flex wp-block-gallery-is-layout-flex">
<figure class="wp-block-image alignwide size-large"><a href="https://webs.uab.cat/lligadedebat/universitaria/"><img loading="lazy" decoding="async" width="1024" height="683" data-id="1907" src="https://webs.uab.cat/lligadedebat/wp-content/uploads/sites/515/2026/01/Sistema-de-competicio-5-1024x683.png" alt="" class="wp-image-1907" srcset="https://webs.uab.cat/lligadedebat/wp-content/uploads/sites/515/2026/01/Sistema-de-competicio-5-1024x683.png 1024w, https://webs.uab.cat/lligadedebat/wp-content/uploads/sites/515/2026/01/Sistema-de-competicio-5-300x200.png 300w, https://webs.uab.cat/lligadedebat/wp-content/uploads/sites/515/2026/01/Sistema-de-competicio-5-768x512.png 768w, https://webs.uab.cat/lligadedebat/wp-content/uploads/sites/515/2026/01/Sistema-de-competicio-5-1536x1024.png 1536w, https://webs.uab.cat/lligadedebat/wp-content/uploads/sites/515/2026/01/Sistema-de-competicio-5-1200x800.png 1200w, https://webs.uab.cat/lligadedebat/wp-content/uploads/sites/515/2026/01/Sistema-de-competicio-5-1980x1320.png 1980w, https://webs.uab.cat/lligadedebat/wp-content/uploads/sites/515/2026/01/Sistema-de-competicio-5.png 2048w" sizes="auto, (max-width: 1024px) 100vw, 1024px" /></a></figure>



<figure class="wp-block-image size-large"><a href="https://webs.uab.cat/lligadedebat/secundaria-i-batxillerat/"><img loading="lazy" decoding="async" width="1024" height="683" data-id="1908" src="https://webs.uab.cat/lligadedebat/wp-content/uploads/sites/515/2026/01/Sistema-de-competicio-4-1024x683.png" alt="" class="wp-image-1908" srcset="https://webs.uab.cat/lligadedebat/wp-content/uploads/sites/515/2026/01/Sistema-de-competicio-4-1024x683.png 1024w, https://webs.uab.cat/lligadedebat/wp-content/uploads/sites/515/2026/01/Sistema-de-competicio-4-300x200.png 300w, https://webs.uab.cat/lligadedebat/wp-content/uploads/sites/515/2026/01/Sistema-de-competicio-4-768x512.png 768w, https://webs.uab.cat/lligadedebat/wp-content/uploads/sites/515/2026/01/Sistema-de-competicio-4-1536x1024.png 1536w, https://webs.uab.cat/lligadedebat/wp-content/uploads/sites/515/2026/01/Sistema-de-competicio-4-1200x800.png 1200w, https://webs.uab.cat/lligadedebat/wp-content/uploads/sites/515/2026/01/Sistema-de-competicio-4-1980x1320.png 1980w, https://webs.uab.cat/lligadedebat/wp-content/uploads/sites/515/2026/01/Sistema-de-competicio-4.png 2048w" sizes="auto, (max-width: 1024px) 100vw, 1024px" /></a></figure>
</figure>



<p></p>



<div class="wp-block-group alignfull has-primary-background-color has-background"><div class="wp-block-group__inner-container is-layout-flow wp-block-group-is-layout-flow">
<div class="wp-block-columns is-layout-flex wp-container-core-columns-is-layout-9d6595d7 wp-block-columns-is-layout-flex">
<div class="wp-block-column is-layout-flow wp-block-column-is-layout-flow">
<p class="has-text-align-center has-background-color has-text-color has-large-font-size"><em>Universitària</em><br>18 de febrer &#8211; 20 de febrer</p>
</div>



<div class="wp-block-column is-layout-flow wp-block-column-is-layout-flow">
<p class="has-text-align-center has-background-color has-text-color has-large-font-size"><em>Secundària i Batxillerat</em><br>23 de febrer &#8211; 27 de febrer</p>
</div>
</div>
</div></div>



<h2 class="wp-block-heading">“Estem davant d’una joventut més masclista?”</h2>



<p data-wp-context---core-fit-text="core/fit-text::{&quot;fontSize&quot;:&quot;&quot;}" data-wp-init---core-fit-text="core/fit-text::callbacks.init" data-wp-interactive data-wp-style--font-size="core/fit-text::context.fontSize" class="has-fit-text">És el tema a debatre en aquesta nova edició 2026 de la Lliga de Debat UAB de Secundària i Batxillerat.</p>



<p class="has-text-align-left">La Lliga de Debat UAB de Secundària i Batxillerat de la Xarxa Vives d’Universitats torna a l’Autònoma la setmana del 23 al 27 de febrer. Vint-i-quatre instituts de l’Alt Penedès, el Baix Llobregat, el Vallès Occidental, el Vallès Oriental i el Barcelonès s’enfrontaran en un format eliminatori que duran a l’equip guanyador a la gran final en representació de la universitat.</p>



<p class="has-text-align-left">La UAB acollirà la fase local de la Lliga de Debat de Secundària i Batxillerat en la qual més de cent alumnes debatran sota la següent qüestió: «Estem davant d’una joventut més masclista?». De dilluns a dijous es disputarà la fase de grups formats, aleatòriament, per sis instituts, consolidant un total de quatre grups diferents preparats per a debatre tres vegades durant el dia que els toqui participar; cada dia correspondrà a un grup diferent. El millor equip classificat de cada jornada aconseguirà un passi per a la semifinal de divendres, que classificarà als dos equips amb més puntuació i que, per acabar, protagonitzaran la final de la fase local. L’equip campió representarà la UAB en la segona fase de la Lliga de Debat de Secundària i Batxillerat, organitzada per la Xarxa Vives d’Universitats, que tindrà lloc del 20 al 22 d’abril a la Universitat d’Alacant.</p>



<p class="has-text-align-left">L’escenari per a aquesta primera fase de la lliga serà la Sala teatre UAB. Cada debat tindrà un jurat format per quatre persones que valoraran capacitats com el treball en equip, les línies argumentatives i la claredat a l’hora d’expressar-se. Els jurats, que consten de tres jutges i un cap de jutge, estan formats per docents, membres del PTGAS i estudiants que pertanyen a col·lectius centrats de debat (com Grup d’Argumentació i Debat i Unanimun), els quals atorgaran les puntuacions a cada equip durant les discussions; a més, escolliran la millor persona oradora de cada una, qui s’endurà un llibre electrònic com a premi.</p>



<p class="has-text-align-left">D’altra banda, del 18 al 20 de febrer, també es disputa la Lliga de Debat Universitària, en aquest cas, però, el tema a debatre serà sobre si “la democràcia està en perill?”. El plantejament es repetirà: hi haurà premi al millor orador o oradora i l’equip guanyador serà qui representi a la UAB a Alacant. Tanmateix, la competició enfrontarà a 40 estudiants repartits entre 12 grups.</p>



<p class="has-text-align-left">Es poden consultar els centres i la classificació dels equips de la lliga de secundària i batxillerat a temps real en aquest mateix bloc.</p>

<p>Universitària18 de febrer &#8211; 20 de febrer Secundària i Batxillerat23 de febrer &#8211; 27 de febrer “Estem davant d’una joventut més masclista?” És el tema a debatre en aquesta nova edició 2026 de la Lliga de Debat UAB de Secundària i Batxillerat. La Lliga de Debat UAB de Secundària i Batxillerat de la Xarxa Vives [&hellip;]</p>
