{"id":56,"date":"2023-12-21T11:45:57","date_gmt":"2023-12-21T09:45:57","guid":{"rendered":"https:\/\/webs.uab.cat\/sumataldebat\/?page_id=56"},"modified":"2026-02-27T14:30:01","modified_gmt":"2026-02-27T13:30:01","slug":"classificacio-sib-2","status":"publish","type":"page","link":"https:\/\/webs.uab.cat\/lligadedebat\/classificacio-sib-2\/","title":{"rendered":"Classificaci\u00f3"},"content":{"rendered":"\n<p>L&#8217;Institut Antoni Cumella \u00e9s l&#8217;equip guanyador de la Lliga de Debat de Secund\u00e0ria i Batxillerat de la UAB, despr\u00e9s de posicionar-se per sobre de la resta de semifinalistes, l&#8217;Institut Matadepera i l&#8217;Institut Carles Rahola i Llorens, i l&#8217;altre institut finalista, el Torre de Malla.<\/p>\n\n\n\n<figure class=\"wp-block-image size-large\"><img loading=\"lazy\" decoding=\"async\" width=\"1024\" height=\"576\" src=\"https:\/\/webs.uab.cat\/lligadedebat\/wp-content\/uploads\/sites\/515\/2026\/02\/semi-i-final-2-1024x576.png\" alt=\"\" class=\"wp-image-2355\" srcset=\"https:\/\/webs.uab.cat\/lligadedebat\/wp-content\/uploads\/sites\/515\/2026\/02\/semi-i-final-2-1024x576.png 1024w, https:\/\/webs.uab.cat\/lligadedebat\/wp-content\/uploads\/sites\/515\/2026\/02\/semi-i-final-2-300x169.png 300w, https:\/\/webs.uab.cat\/lligadedebat\/wp-content\/uploads\/sites\/515\/2026\/02\/semi-i-final-2-768x432.png 768w, https:\/\/webs.uab.cat\/lligadedebat\/wp-content\/uploads\/sites\/515\/2026\/02\/semi-i-final-2-1536x864.png 1536w, https:\/\/webs.uab.cat\/lligadedebat\/wp-content\/uploads\/sites\/515\/2026\/02\/semi-i-final-2-1200x675.png 1200w, https:\/\/webs.uab.cat\/lligadedebat\/wp-content\/uploads\/sites\/515\/2026\/02\/semi-i-final-2.png 1600w\" sizes=\"auto, (max-width: 1024px) 100vw, 1024px\" \/><\/figure>\n\n\n\n<p>Actualitzaci\u00f3 en temps real de la puntuaci\u00f3 de cada equip despr\u00e9s de cada debat.<\/p>\n\n\n\n<figure class=\"wp-block-image size-large\"><img loading=\"lazy\" decoding=\"async\" width=\"1024\" height=\"576\" src=\"https:\/\/webs.uab.cat\/lligadedebat\/wp-content\/uploads\/sites\/515\/2026\/02\/SIB-tabla-4-1-1024x576.jpg\" alt=\"\" class=\"wp-image-2151\" srcset=\"https:\/\/webs.uab.cat\/lligadedebat\/wp-content\/uploads\/sites\/515\/2026\/02\/SIB-tabla-4-1-1024x576.jpg 1024w, https:\/\/webs.uab.cat\/lligadedebat\/wp-content\/uploads\/sites\/515\/2026\/02\/SIB-tabla-4-1-300x169.jpg 300w, https:\/\/webs.uab.cat\/lligadedebat\/wp-content\/uploads\/sites\/515\/2026\/02\/SIB-tabla-4-1-768x432.jpg 768w, https:\/\/webs.uab.cat\/lligadedebat\/wp-content\/uploads\/sites\/515\/2026\/02\/SIB-tabla-4-1-1536x864.jpg 1536w, https:\/\/webs.uab.cat\/lligadedebat\/wp-content\/uploads\/sites\/515\/2026\/02\/SIB-tabla-4-1-1200x675.jpg 1200w, https:\/\/webs.uab.cat\/lligadedebat\/wp-content\/uploads\/sites\/515\/2026\/02\/SIB-tabla-4-1.jpg 1600w\" sizes=\"auto, (max-width: 1024px) 100vw, 1024px\" \/><\/figure>\n\n\n\n<figure class=\"wp-block-image size-large\"><img loading=\"lazy\" decoding=\"async\" width=\"1024\" height=\"576\" src=\"https:\/\/webs.uab.cat\/lligadedebat\/wp-content\/uploads\/sites\/515\/2026\/02\/SIB-tabla-1024x576.png\" alt=\"\" class=\"wp-image-2187\" srcset=\"https:\/\/webs.uab.cat\/lligadedebat\/wp-content\/uploads\/sites\/515\/2026\/02\/SIB-tabla-1024x576.png 1024w, https:\/\/webs.uab.cat\/lligadedebat\/wp-content\/uploads\/sites\/515\/2026\/02\/SIB-tabla-300x169.png 300w, https:\/\/webs.uab.cat\/lligadedebat\/wp-content\/uploads\/sites\/515\/2026\/02\/SIB-tabla-768x432.png 768w, https:\/\/webs.uab.cat\/lligadedebat\/wp-content\/uploads\/sites\/515\/2026\/02\/SIB-tabla-1536x864.png 1536w, https:\/\/webs.uab.cat\/lligadedebat\/wp-content\/uploads\/sites\/515\/2026\/02\/SIB-tabla-1200x675.png 1200w, https:\/\/webs.uab.cat\/lligadedebat\/wp-content\/uploads\/sites\/515\/2026\/02\/SIB-tabla.png 1600w\" sizes=\"auto, (max-width: 1024px) 100vw, 1024px\" \/><\/figure>\n\n\n\n<figure class=\"wp-block-image size-large\"><img loading=\"lazy\" decoding=\"async\" width=\"1024\" height=\"576\" src=\"https:\/\/webs.uab.cat\/lligadedebat\/wp-content\/uploads\/sites\/515\/2026\/02\/SIB-tabla-9-1024x576.png\" alt=\"\" class=\"wp-image-2227\" srcset=\"https:\/\/webs.uab.cat\/lligadedebat\/wp-content\/uploads\/sites\/515\/2026\/02\/SIB-tabla-9-1024x576.png 1024w, https:\/\/webs.uab.cat\/lligadedebat\/wp-content\/uploads\/sites\/515\/2026\/02\/SIB-tabla-9-300x169.png 300w, https:\/\/webs.uab.cat\/lligadedebat\/wp-content\/uploads\/sites\/515\/2026\/02\/SIB-tabla-9-768x432.png 768w, https:\/\/webs.uab.cat\/lligadedebat\/wp-content\/uploads\/sites\/515\/2026\/02\/SIB-tabla-9-1536x864.png 1536w, https:\/\/webs.uab.cat\/lligadedebat\/wp-content\/uploads\/sites\/515\/2026\/02\/SIB-tabla-9-1200x675.png 1200w, https:\/\/webs.uab.cat\/lligadedebat\/wp-content\/uploads\/sites\/515\/2026\/02\/SIB-tabla-9.png 1600w\" sizes=\"auto, (max-width: 1024px) 100vw, 1024px\" \/><\/figure>\n\n\n\n<figure class=\"wp-block-image size-large\"><img loading=\"lazy\" decoding=\"async\" width=\"1024\" height=\"576\" src=\"https:\/\/webs.uab.cat\/lligadedebat\/wp-content\/uploads\/sites\/515\/2026\/02\/SIB-tabla-5-1-1024x576.png\" alt=\"\" class=\"wp-image-2302\" srcset=\"https:\/\/webs.uab.cat\/lligadedebat\/wp-content\/uploads\/sites\/515\/2026\/02\/SIB-tabla-5-1-1024x576.png 1024w, https:\/\/webs.uab.cat\/lligadedebat\/wp-content\/uploads\/sites\/515\/2026\/02\/SIB-tabla-5-1-300x169.png 300w, https:\/\/webs.uab.cat\/lligadedebat\/wp-content\/uploads\/sites\/515\/2026\/02\/SIB-tabla-5-1-768x432.png 768w, https:\/\/webs.uab.cat\/lligadedebat\/wp-content\/uploads\/sites\/515\/2026\/02\/SIB-tabla-5-1-1536x864.png 1536w, https:\/\/webs.uab.cat\/lligadedebat\/wp-content\/uploads\/sites\/515\/2026\/02\/SIB-tabla-5-1-1200x675.png 1200w, https:\/\/webs.uab.cat\/lligadedebat\/wp-content\/uploads\/sites\/515\/2026\/02\/SIB-tabla-5-1.png 1600w\" sizes=\"auto, (max-width: 1024px) 100vw, 1024px\" \/><\/figure>\n","protected":false},"excerpt":{"rendered":"<p>L&#8217;Institut Antoni Cumella \u00e9s l&#8217;equip guanyador de la Lliga de Debat de Secund\u00e0ria i Batxillerat de la UAB, despr\u00e9s de posicionar-se per sobre de la resta de semifinalistes, l&#8217;Institut Matadepera i l&#8217;Institut Carles Rahola i Llorens, i l&#8217;altre institut finalista, el Torre de Malla. Actualitzaci\u00f3 en temps real de la puntuaci\u00f3 de cada equip despr\u00e9s [&hellip;]<\/p>\n","protected":false},"author":36,"featured_media":0,"parent":0,"menu_order":0,"comment_status":"closed","ping_status":"closed","template":"","meta":{"footnotes":""},"class_list":["post-56","page","type-page","status-publish","hentry"],"_links":{"self":[{"href":"https:\/\/webs.uab.cat\/lligadedebat\/wp-json\/wp\/v2\/pages\/56","targetHints":{"allow":["GET"]}}],"collection":[{"href":"https:\/\/webs.uab.cat\/lligadedebat\/wp-json\/wp\/v2\/pages"}],"about":[{"href":"https:\/\/webs.uab.cat\/lligadedebat\/wp-json\/wp\/v2\/types\/page"}],"author":[{"embeddable":true,"href":"https:\/\/webs.uab.cat\/lligadedebat\/wp-json\/wp\/v2\/users\/36"}],"replies":[{"embeddable":true,"href":"https:\/\/webs.uab.cat\/lligadedebat\/wp-json\/wp\/v2\/comments?post=56"}],"version-history":[{"count":99,"href":"https:\/\/webs.uab.cat\/lligadedebat\/wp-json\/wp\/v2\/pages\/56\/revisions"}],"predecessor-version":[{"id":2356,"href":"https:\/\/webs.uab.cat\/lligadedebat\/wp-json\/wp\/v2\/pages\/56\/revisions\/2356"}],"wp:attachment":[{"href":"https:\/\/webs.uab.cat\/lligadedebat\/wp-json\/wp\/v2\/media?parent=56"}],"curies":[{"name":"wp","href":"https:\/\/api.w.org\/{rel}","templated":true}]}}

Classificació

<p>L&#8217;Institut Antoni Cumella és l&#8217;equip guanyador de la Lliga de Debat de Secundària i Batxillerat de la UAB, després de posicionar-se per sobre de la resta de semifinalistes, l&#8217;Institut Matadepera i l&#8217;Institut Carles Rahola i Llorens, i l&#8217;altre institut finalista, el Torre de Malla.</p>



<figure class="wp-block-image size-large"><img loading="lazy" decoding="async" width="1024" height="576" src="https://webs.uab.cat/lligadedebat/wp-content/uploads/sites/515/2026/02/semi-i-final-2-1024x576.png" alt="" class="wp-image-2355" srcset="https://webs.uab.cat/lligadedebat/wp-content/uploads/sites/515/2026/02/semi-i-final-2-1024x576.png 1024w, https://webs.uab.cat/lligadedebat/wp-content/uploads/sites/515/2026/02/semi-i-final-2-300x169.png 300w, https://webs.uab.cat/lligadedebat/wp-content/uploads/sites/515/2026/02/semi-i-final-2-768x432.png 768w, https://webs.uab.cat/lligadedebat/wp-content/uploads/sites/515/2026/02/semi-i-final-2-1536x864.png 1536w, https://webs.uab.cat/lligadedebat/wp-content/uploads/sites/515/2026/02/semi-i-final-2-1200x675.png 1200w, https://webs.uab.cat/lligadedebat/wp-content/uploads/sites/515/2026/02/semi-i-final-2.png 1600w" sizes="auto, (max-width: 1024px) 100vw, 1024px" /></figure>



<p>Actualització en temps real de la puntuació de cada equip després de cada debat.</p>



<figure class="wp-block-image size-large"><img loading="lazy" decoding="async" width="1024" height="576" src="https://webs.uab.cat/lligadedebat/wp-content/uploads/sites/515/2026/02/SIB-tabla-4-1-1024x576.jpg" alt="" class="wp-image-2151" srcset="https://webs.uab.cat/lligadedebat/wp-content/uploads/sites/515/2026/02/SIB-tabla-4-1-1024x576.jpg 1024w, https://webs.uab.cat/lligadedebat/wp-content/uploads/sites/515/2026/02/SIB-tabla-4-1-300x169.jpg 300w, https://webs.uab.cat/lligadedebat/wp-content/uploads/sites/515/2026/02/SIB-tabla-4-1-768x432.jpg 768w, https://webs.uab.cat/lligadedebat/wp-content/uploads/sites/515/2026/02/SIB-tabla-4-1-1536x864.jpg 1536w, https://webs.uab.cat/lligadedebat/wp-content/uploads/sites/515/2026/02/SIB-tabla-4-1-1200x675.jpg 1200w, https://webs.uab.cat/lligadedebat/wp-content/uploads/sites/515/2026/02/SIB-tabla-4-1.jpg 1600w" sizes="auto, (max-width: 1024px) 100vw, 1024px" /></figure>



<figure class="wp-block-image size-large"><img loading="lazy" decoding="async" width="1024" height="576" src="https://webs.uab.cat/lligadedebat/wp-content/uploads/sites/515/2026/02/SIB-tabla-1024x576.png" alt="" class="wp-image-2187" srcset="https://webs.uab.cat/lligadedebat/wp-content/uploads/sites/515/2026/02/SIB-tabla-1024x576.png 1024w, https://webs.uab.cat/lligadedebat/wp-content/uploads/sites/515/2026/02/SIB-tabla-300x169.png 300w, https://webs.uab.cat/lligadedebat/wp-content/uploads/sites/515/2026/02/SIB-tabla-768x432.png 768w, https://webs.uab.cat/lligadedebat/wp-content/uploads/sites/515/2026/02/SIB-tabla-1536x864.png 1536w, https://webs.uab.cat/lligadedebat/wp-content/uploads/sites/515/2026/02/SIB-tabla-1200x675.png 1200w, https://webs.uab.cat/lligadedebat/wp-content/uploads/sites/515/2026/02/SIB-tabla.png 1600w" sizes="auto, (max-width: 1024px) 100vw, 1024px" /></figure>



<figure class="wp-block-image size-large"><img loading="lazy" decoding="async" width="1024" height="576" src="https://webs.uab.cat/lligadedebat/wp-content/uploads/sites/515/2026/02/SIB-tabla-9-1024x576.png" alt="" class="wp-image-2227" srcset="https://webs.uab.cat/lligadedebat/wp-content/uploads/sites/515/2026/02/SIB-tabla-9-1024x576.png 1024w, https://webs.uab.cat/lligadedebat/wp-content/uploads/sites/515/2026/02/SIB-tabla-9-300x169.png 300w, https://webs.uab.cat/lligadedebat/wp-content/uploads/sites/515/2026/02/SIB-tabla-9-768x432.png 768w, https://webs.uab.cat/lligadedebat/wp-content/uploads/sites/515/2026/02/SIB-tabla-9-1536x864.png 1536w, https://webs.uab.cat/lligadedebat/wp-content/uploads/sites/515/2026/02/SIB-tabla-9-1200x675.png 1200w, https://webs.uab.cat/lligadedebat/wp-content/uploads/sites/515/2026/02/SIB-tabla-9.png 1600w" sizes="auto, (max-width: 1024px) 100vw, 1024px" /></figure>



<figure class="wp-block-image size-large"><img loading="lazy" decoding="async" width="1024" height="576" src="https://webs.uab.cat/lligadedebat/wp-content/uploads/sites/515/2026/02/SIB-tabla-5-1-1024x576.png" alt="" class="wp-image-2302" srcset="https://webs.uab.cat/lligadedebat/wp-content/uploads/sites/515/2026/02/SIB-tabla-5-1-1024x576.png 1024w, https://webs.uab.cat/lligadedebat/wp-content/uploads/sites/515/2026/02/SIB-tabla-5-1-300x169.png 300w, https://webs.uab.cat/lligadedebat/wp-content/uploads/sites/515/2026/02/SIB-tabla-5-1-768x432.png 768w, https://webs.uab.cat/lligadedebat/wp-content/uploads/sites/515/2026/02/SIB-tabla-5-1-1536x864.png 1536w, https://webs.uab.cat/lligadedebat/wp-content/uploads/sites/515/2026/02/SIB-tabla-5-1-1200x675.png 1200w, https://webs.uab.cat/lligadedebat/wp-content/uploads/sites/515/2026/02/SIB-tabla-5-1.png 1600w" sizes="auto, (max-width: 1024px) 100vw, 1024px" /></figure>

<p>L&#8217;Institut Antoni Cumella és l&#8217;equip guanyador de la Lliga de Debat de Secundària i Batxillerat de la UAB, després de posicionar-se per sobre de la resta de semifinalistes, l&#8217;Institut Matadepera i l&#8217;Institut Carles Rahola i Llorens, i l&#8217;altre institut finalista, el Torre de Malla. Actualització en temps real de la puntuació de cada equip després [&hellip;]</p>
