{"id":27,"date":"2016-01-19T13:43:45","date_gmt":"2016-01-19T13:43:45","guid":{"rendered":"https:\/\/webs.uab.cat\/lloguerespais\/pagina\/"},"modified":"2022-08-09T10:14:57","modified_gmt":"2022-08-09T10:14:57","slug":"pagina","status":"publish","type":"page","link":"https:\/\/webs.uab.cat\/lloguerespais\/","title":{"rendered":"Presentaci\u00f3"},"content":{"rendered":"\n<p>Benvingudes\/Benvinguts a portal d&#8217;imatges d&#8217;espais de lloguer de la UAB, on podreu trobar un recull de la tipologia d&#8217;espais que la UAB ofereix a les entitats externes.<\/p>\n\n\n\n<p>Per qualsevol aclariment o informaci\u00f3 m\u00e9s concreta, podeu posar-vos en contacte, enviant un correu a <a href=\"mailto:u.promocio.campus@uab.cat?subject=Lloguer%20d'espais\" target=\"_blank\" rel=\"noopener\">u.promocio.campus@uab.cat<\/a>&nbsp;<\/p>\n\n\n\n<p>Al men\u00fa desplegable trobareu un recull de totes les tipologies d&#8217;espais amb les seves corresponents classificacions.<\/p>\n\n\n\n<p>D\u2019acord amb el que preveuen els articles 13 i 14 del Reglament (UE) 2016\/679, del Parlament Europeu i del Consell, de 27 d\u2019abril de 2016, relatiu a la protecci\u00f3 de les persones f\u00edsiques pel que fa al tractament de dades personals i la lliure circulaci\u00f3 d\u2019aquestes dades (RGPD), us informem que la Universitat Aut\u00f2noma de Barcelona publica les imatges que apareixen en aquesta p\u00e0gina web amb la finalitat de llogar espais, on la imatge de les persones f\u00edsiques que hi puguin apar\u00e8ixer t\u00e9 car\u00e0cter accessori.<\/p>\n\n\n\n<p>Si algun de les persones que apareix en les imatges t\u00e9 alguna circumst\u00e0ncia relacionada amb una situaci\u00f3 personal que pugui acreditar, pot exercir el dret d\u2019oposici\u00f3 enviant una sol\u00b7licitud mitjan\u00e7ant correu electr\u00f2nic a l\u2019adre\u00e7a <a href=\"mailto:a.serveis.logistics@uab.cat\">a.serveis.logistics@uab.cat<\/a> o a la Secretaria General de la UAB (<a href=\"mailto:sec.general@uab.cat\">sec.general@uab.cat<\/a>).<\/p>\n\n\n\n<p>En qualsevol cas, les persones afectades poden presentar reclamacions davant l\u2019Autoritat Catalana de Protecci\u00f3 de Dades (<a href=\"http:\/\/apdcat.gencat.cat\/ca\/inici\/\">http:\/\/apdcat.gencat.cat\/ca\/inici\/<\/a>)&nbsp; i formular les consultes que considerin oportunes al Delegat de Protecci\u00f3 de Dades de la UAB (<a href=\"mailto:proteccio.dades@uab.cat\">proteccio.dades@uab.cat<\/a>).<\/p>\n","protected":false},"excerpt":{"rendered":"<p>Benvingudes\/Benvinguts a portal d&#8217;imatges d&#8217;espais de lloguer de la UAB, on podreu trobar un recull de la tipologia d&#8217;espais que la UAB ofereix a les entitats externes. Per qualsevol aclariment o informaci\u00f3 m\u00e9s concreta, podeu posar-vos en contacte, enviant un correu a u.promocio.campus@uab.cat&nbsp; Al men\u00fa desplegable trobareu un recull de totes les tipologies d&#8217;espais amb [&hellip;]<\/p>\n","protected":false},"author":20,"featured_media":0,"parent":0,"menu_order":0,"comment_status":"closed","ping_status":"closed","template":"","meta":{"footnotes":""},"class_list":["post-27","page","type-page","status-publish","hentry"],"_links":{"self":[{"href":"https:\/\/webs.uab.cat\/lloguerespais\/wp-json\/wp\/v2\/pages\/27","targetHints":{"allow":["GET"]}}],"collection":[{"href":"https:\/\/webs.uab.cat\/lloguerespais\/wp-json\/wp\/v2\/pages"}],"about":[{"href":"https:\/\/webs.uab.cat\/lloguerespais\/wp-json\/wp\/v2\/types\/page"}],"author":[{"embeddable":true,"href":"https:\/\/webs.uab.cat\/lloguerespais\/wp-json\/wp\/v2\/users\/20"}],"replies":[{"embeddable":true,"href":"https:\/\/webs.uab.cat\/lloguerespais\/wp-json\/wp\/v2\/comments?post=27"}],"version-history":[{"count":1,"href":"https:\/\/webs.uab.cat\/lloguerespais\/wp-json\/wp\/v2\/pages\/27\/revisions"}],"predecessor-version":[{"id":569,"href":"https:\/\/webs.uab.cat\/lloguerespais\/wp-json\/wp\/v2\/pages\/27\/revisions\/569"}],"wp:attachment":[{"href":"https:\/\/webs.uab.cat\/lloguerespais\/wp-json\/wp\/v2\/media?parent=27"}],"curies":[{"name":"wp","href":"https:\/\/api.w.org\/{rel}","templated":true}]}}