{"id":18,"date":"2016-05-02T10:11:34","date_gmt":"2016-05-02T10:11:34","guid":{"rendered":"https:\/\/webs.uab.cat\/lluisalbarracin\/publicacions\/"},"modified":"2026-04-22T10:09:40","modified_gmt":"2026-04-22T10:09:40","slug":"publicacions","status":"publish","type":"page","link":"https:\/\/webs.uab.cat\/lluisalbarracin\/publicacions\/","title":{"rendered":"Publicacions"},"content":{"rendered":"\n<h2 class=\"wp-block-heading\">Publicacions en revistes de recerca indexades a Scopus o Web of Science:<\/h2>\n\n\n\n<p>Gallart, C., Ferrando, I., Segura, C., &amp; Albarrac\u00edn, L. (2026). Modelling with AI: How complexity and experience shape ChatGPT use by pre- service teachers. <em>EURASIA Journal of Mathematics, Science and Technology Education 22<\/em>(4), em2816. <a href=\"https:\/\/doi.org\/10.29333\/ejmste\/18263\">https:\/\/doi.org\/10.29333\/ejmste\/18263<\/a><\/p>\n\n\n\n<p>Albarrac\u00edn, L., Rojas, F., &amp; Torregrosa, A. (2026). Estrategias de medida indirecta: un enfoque de trabajo colaborativo en el terreno.&nbsp;<em>Ense\u00f1anza De Las Ciencias. Revista De investigaci\u00f3n y Experiencias did\u00e1cticas<\/em>,&nbsp;<em>44<\/em>(1), 165\u2013182. <a href=\"https:\/\/doi.org\/10.5565\/rev\/ensciencias.6474\">https:\/\/doi.org\/10.5565\/rev\/ensciencias.6474<\/a><\/p>\n\n\n\n<p>Torregrosa, A., &amp; Albarrac\u00edn, L. (2026). Characterizing metacognitive processes and mathematical skills during problem solving by using a non\u2011linear orientation base as a self\u2011regulation tool. <em>Educational Studies in Mathematics<\/em>, <em>121<\/em>(2), 334-364. <a href=\"https:\/\/doi.org\/10.1007\/s10649-025-10451-8\">https:\/\/doi.org\/10.1007\/s10649-025-10451-8<\/a><\/p>\n\n\n\n<p>Rojas, F., Albarrac\u00edn, L., Chand\u00eda, E., Ubilla, F., Gorgori\u00f3, N. (2025). <a href=\"https:\/\/mted.merga.net.au\/index.php\/mted\/article\/view\/1133\">Exploring Instruments for Assessing Initial Mathematical Knowledge in Primary Teacher Education<\/a>. <em>Mathematics Teacher Education and Development, 27<\/em>(2), article 3.<\/p>\n\n\n\n<p>Rojas, F., Ubilla, F., Albarrac\u00edn, L., &amp; Gorgori\u00f3, N. (2025). <a href=\"https:\/\/doi.org\/10.1590\/1980-4415v39a230039\">Identificaci\u00f3n del Conocimiento Matem\u00e1tico Inicial de los Estudiantes al Ingresar al Grado de Maestro<\/a>. <em>BOLEMA, 39<\/em>, e230039. <\/p>\n\n\n\n<p>Albarrac\u00edn, L., &amp; \u00c4rleb\u00e4ck, J. B. (2025). <a href=\"https:\/\/link.springer.com\/article\/10.1007\/s11858-025-01677-0\">Exploring the role of assumptions in mathematical modeling teacher training using Fermi problems<\/a>. <em>ZDM &#8211; Mathematics Education<\/em> <em>57<\/em>(2-3), 213\u2013228. <a href=\"https:\/\/doi.org\/10.1007\/s11858-025-01677-0\">https:\/\/doi.org\/10.1007\/s11858-025-01677-0<\/a><\/p>\n\n\n\n<p>Gallart, C., Segura, C., &amp; Albarrac\u00edn, A. (2025). <a href=\"https:\/\/publicaciones.unirioja.es\/ojs\/index.php\/contextos\/article\/view\/6480\">Impacto del entorno de resoluci\u00f3n de problemas de Fermi en la complejidad y flexibilidad de las estrategias de maestros en formaci\u00f3n<\/a>. <em>Contextos Educativos, 35<\/em>, 139-164. <a href=\"https:\/\/doi.org\/10.18172\/con.6480\">https:\/\/doi.org\/10.18172\/con.6480<\/a><\/p>\n\n\n\n<p>Tinoco, J. C., Albarrac\u00edn, L., &amp; Deulofeu, L. (2025). <a href=\"https:\/\/aiem.es\/article\/view\/v27-tinoco-albarracin-deulofeu\/5398-pdf-es\">Interdisciplinariedad entre Matem\u00e1tica y F\u00edsica: estrategias de resoluci\u00f3n para problemas de proporcionalidad simple<\/a>. <em>Avances de investigaci\u00f3n en educaci\u00f3n matem\u00e1tica, 27<\/em>, 1-20. https:\/\/doi.org\/10.35763\/aiem27.5398<\/p>\n\n\n\n<p>Hern\u00e0ndez-Sabat\u00e9, A., Albarrac\u00edn, L., Ramos, O., Gil, D., S\u00e1nchez, C., &amp; Mart\u00ed, E. (2024). <a href=\"https:\/\/www.jotse.org\/index.php\/jotse\/article\/view\/2623\">From traditional teaching to flipped classroom: Impact on learning in engineering degrees<\/a>. <em>Journal of Technology and Science Education, 14<\/em>(3), 798-814.<\/p>\n\n\n\n<p>Brunet-Biarnes, M. &amp; Albarrac\u00edn, L. (2024). <a href=\"https:\/\/link.springer.com\/article\/10.1007\/s13394-022-00435-9\">Exploring the negotiation processes when developing a mathematical model to solve a Fermi problem in groups<\/a>. <em>Mathematics Education Research Journal, 36<\/em>(1), 177-198<em>.<\/em> https:\/\/doi.org\/10.1007\/s13394-022-00435-9<\/p>\n\n\n\n<p>\u00c4rleb\u00e4ck, J. B., &amp; Albarrac\u00edn, L. (2024). <a href=\"https:\/\/doi.org\/10.1093\/teamat\/hrad002\">Fermi problems as a hub for task design in mathematics and stem education<\/a>. <em>Teaching Mathematics and its Applications<\/em>, <em>43<\/em>(1), 25-37. <a href=\"https:\/\/doi.org\/10.1093\/teamat\/hrad002\">https:\/\/doi.org\/10.1093\/teamat\/hrad002<\/a> .<\/p>\n\n\n\n<p>Torregrosa, A., Alba, M., &amp; Albarrac\u00edn, L. (2023). <a href=\"https:\/\/revista.uclm.es\/index.php\/ensayos\/article\/view\/3222\">Aprendizaje basado en problemas en Educaci\u00f3n Infantil: promoviendo aprendizajes estad\u00edsticos<\/a>. <em>ENSAYOS. Revista De La Facultad De Educaci\u00f3n De Albacete, 38<\/em>(1), 155\u2013170. <a href=\"https:\/\/doi.org\/10.18239\/ensayos.v38i1.3222\">https:\/\/doi.org\/10.18239\/ensayos.v38i1.3222<\/a><\/p>\n\n\n\n<p>Segura, C., Ferrando, I., &amp; Albarrac\u00edn, L. (2023). <a href=\"https:\/\/www.sciencedirect.com\/science\/article\/pii\/S073231232300010X?via%3Dihub\">Does collaborative and experiential work influence the solution of real-context estimation problems? A study with prospective teachers<\/a>. <em>Journal of Mathematical Behavior, 70<\/em>.<\/p>\n\n\n\n<p>\u00c4rleb\u00e4ck, J. B., &amp; Albarrac\u00edn, L. (2022). <a href=\"https:\/\/pubs.aip.org\/aapt\/pte\/article-abstract\/60\/7\/569\/2848394\/FPAT-A-Framework-for-Facilitating-the-Teaching-and?redirectedFrom=fulltext\">FPAT\u2014A Framework for Facilitating the Teaching and Learning of Using Fermi Problems Originating in Mathematics Education Research<\/a>. <em>The Physics Teacher 60<\/em>(7), 569-571.<\/p>\n\n\n\n<p>Albarrac\u00edn, L., Hern\u00e1ndez-Sabat\u00e9, A., &amp; Gorgori\u00f3, N.&nbsp;(2022).&nbsp;<a href=\"https:\/\/www.tandfonline.com\/doi\/full\/10.1080\/0020739X.2021.1953626\">Designing levels of a video game to promote spatial thinking<\/a>.&nbsp;<em>International Journal of Mathematical Education in Science and Technology<\/em>, 53(11), 3138-3150.&nbsp;https:\/\/doi.org\/10.1080\/0020739X.2021.1953626<\/p>\n\n\n\n<p>Albarrac\u00edn, L., Segura, C., Ferrando, I., &amp; Gorgori\u00f3, N. (2022). <a href=\"https:\/\/academic.oup.com\/teamat\/advance-article-abstract\/doi\/10.1093\/teamat\/hrab027\/6433594?redirectedFrom=fulltext\">Supporting mathematical modelling by upscaling real context in a sequence of tasks<\/a>. <em>Teaching Mathematics and its Applications<\/em>, <em>41<\/em> (3), 183-197.<\/p>\n\n\n\n<p>Albarrac\u00edn, L., &amp; \u00c4rleb\u00e4ck, J. B. (2022). <a href=\"http:\/\/www.revista-educacion-matematica.org.mx\/descargas\/vol34\/2\/11_REM_34-2.pdf\">Esquemas de resoluci\u00f3n de problemas de Fermi como herramienta de dise\u00f1o y gesti\u00f3n para el profesor<\/a>. <em>Educaci\u00f3n Matem\u00e1tica, 34<\/em>(2), 289-309.<\/p>\n\n\n\n<p>Aymerich, \u00c0., &amp; Albarrac\u00edn, L. (2022). <a href=\"https:\/\/www.revistas.una.ac.cr\/index.php\/uniciencia\/article\/view\/16521\">Modelizaci\u00f3n matem\u00e1tica en actividades estad\u00edsticas: Episodios clave para la generaci\u00f3n de modelos<\/a>. <em>Uniciencia, 36<\/em>(1), 1-18.<\/p>\n\n\n\n<p>Albarrac\u00edn, L., L\u00f3pez-Sim\u00f3, V., &amp; \u00c4rleb\u00e4ck, J. (2021). <a href=\"https:\/\/www.if.ufrgs.br\/cref\/ojs\/index.php\/ienci\/article\/view\/2477\">Repensando los problemas de Fermi para la ense\u00f1anza y aprendizaje de las ciencias<\/a>.&nbsp;<em>Investiga\u00e7\u00f5es em Ensino de Ci\u00eancias,&nbsp;26<\/em>(3), 56-68.<\/p>\n\n\n\n<p>Albarrac\u00edn, L., Ferrando, I., &amp; Gorgori\u00f3, N. (2021).&nbsp;<a href=\"https:\/\/doi.org\/10.1007\/s10763-020-10107-4\">The Role of Context for Characterising Students\u2019&nbsp;Strategies when Estimating Large Numbers&nbsp;of Elements on a Surface<\/a>. <em>International Journal of Science and Mathematics Education 19<\/em>(6), 1209-1227.&nbsp;https:\/\/doi.org\/10.1007\/s10763-020-10107-4<\/p>\n\n\n\n<p>Albarrac\u00edn, L. (2021). <a href=\"https:\/\/ensciencias.uab.es\/article\/view\/v39-n2-albarracin\">Una secuencia de actividades para desarrollar la visualizaci\u00f3n usando un videojuego<\/a>. <em>Ense\u00f1anza de las Ciencias, 39<\/em>(2), 181-199.<\/p>\n\n\n\n<p>Albarrac\u00edn, L. (2021). <a href=\"https:\/\/link.springer.com\/article\/10.1007\/s10643-020-01104-x\">Large Number Estimation as a Vehicle to Promote Mathematical Modeling<\/a>.&nbsp;<i><a href=\"https:\/\/webs.uab.cat\/lluisalbarracin\/wp-content\/uploads\/sites\/109\/2025\/04\/ECEJ2021.pdf\">Early Childhood Education Journal<\/a>, 49(<\/i>4), 681-691. https:\/\/doi.org\/10.1007\/s10643-020-01104-x<\/p>\n\n\n\n<p>Torregrosa, A., Albarrac\u00edn, L., &amp; Deulofeu, J. (2021).&nbsp;<a href=\"https:\/\/www.scielo.br\/pdf\/bolema\/v35n69\/1980-4415-bolema-35-69-0089.pdf\">Orientaci\u00f3n y coevaluaci\u00f3n: Dos aspectos clave para la evoluci\u00f3n del proceso de resoluci\u00f3n de problemas<\/a><em>. Bolema, 35<\/em>(6), 89-111<span style=\"font-size: 14px\">.&nbsp;<\/span>https:\/\/doi.org\/10.1590\/1980-4415v35n69a05<\/p>\n\n\n\n<p>Gorgori\u00f3, N., Albarrac\u00edn, L., Laine, A., &amp; Llinares, S. (2021). <a href=\"https:\/\/journals.helsinki.fi\/lumat\/article\/view\/1468\">Primary education degree programs in Alicante, Barcelona and Helsinki: Could the differences in the mathematical knowledge of incoming students be explained by the access criteria?<\/a>. LUMAT: International Journal on Math, Science and Technology Education, 9(1), 174\u2013207. https:\/\/doi.org\/10.31129\/LUMAT.9.1.1468<\/p>\n\n\n\n<p>Ferrando, I., &amp; Albarrac\u00edn, L. (2021). <a href=\"https:\/\/link.springer.com\/article\/10.1007\/s13394-019-00292-z\">Students from grade 2 to grade 10 solving a Fermi problem: analysis of emerging models<\/a>. <em>Mathematics Education Research Journal 33<\/em>(1), 61-78.&nbsp;https:\/\/doi.org\/10.1007\/s13394-019-00292-z<\/p>\n\n\n\n<p>Albarrac\u00edn, L., &amp; Gorgori\u00f3, N. (2020).&nbsp;<a href=\"https:\/\/www.mdpi.com\/2227-7390\/8\/11\/2034\">Mathematical Modeling Projects Oriented towards Social Impact as Generators of Learning Opportunities: A Case Study<\/a>. <em>Mathematics, 8<\/em>(11), 1-20.&nbsp;doi.org\/10.3390\/math8112034<\/p>\n\n\n\n<p>Torregrosa, A., Deulofeu, J., &amp; Albarrac\u00edn, L. (2020).&nbsp;<a href=\"http:\/\/www.revista-educacion-matematica.org.mx\/descargas\/vol32\/3\/02REM32-3.pdf\">Caracterizaci\u00f3n de procesos metacognitivos en la resoluci\u00f3n de problemas de numeraci\u00f3n y patrones matem\u00e1ticos<\/a>. <em>Educaci\u00f3n Matem\u00e1tica, 32<\/em>(3), 39-67.<\/p>\n\n\n\n<p>Hern\u00e1ndez-Sabat\u00e9, A., Albarrac\u00edn, L., &amp; S\u00e1nchez, F. J. (2020).&nbsp;<a href=\"https:\/\/www.mdpi.com\/2227-7390\/8\/9\/1595\/htm#\">Graph-Based Problem Explorer: A Software Tool to Support Algorithm Design Learning While Solving the Salesperson Problem<\/a>. <em>Mathematics, 8<\/em>(9), 1-20.&nbsp;https:\/\/doi.org\/10.3390\/math8091595<\/p>\n\n\n\n<p>Albarrac\u00edn, L., Chico, J., Simarro, C., &amp; Vald\u00e9s-S\u00e1nchez, L. (2019). <a href=\"https:\/\/revista.uclm.es\/index.php\/ensayos\/article\/view\/1768\/pdf\">Un taller de experimentaci\u00f3n matem\u00e1tica usando un videojuego de estrategia<\/a>. <em>ENSAYOS, Revista de la Facultad de Educaci\u00f3n de Albacete, 34<\/em>(2), 85-99.<\/p>\n\n\n\n<p>Albarrac\u00edn, L. &amp; \u00c4rleb\u00e4ck, J. (2019).&nbsp;<a href=\"https:\/\/flm-journal.org\/index.php?do=show&amp;lang=en&amp;showMenu=39%2C3\">Characterising mathematical activities promoted by Fermi problems<\/a>. <em>For the Learning of Mathematics, 39<\/em>(3), 10-13.<\/p>\n\n\n\n<p>\u00c4rleb\u00e4ck, J., &amp; Albarrac\u00edn, L. (2019).&nbsp;<a href=\"https:\/\/link.springer.com\/article\/10.1007\/s11858-019-01075-3\">The use and potential of Fermi problems in the STEM disciplines to support the development of twenty-first century competencies<\/a>. <em>ZDM &#8211; Mathematics Education, 51<\/em>(6), 979-990.<\/p>\n\n\n\n<p>Albarrac\u00edn, L., &amp; Gorgori\u00f3, N. (2019). <a href=\"https:\/\/openjournals.library.sydney.edu.au\/index.php\/CAL\/article\/viewFile\/13149\/12005\">Using Large Number Estimation Problems in Primary Education Classrooms to Introduce Mathematical Modelling<\/a>.&nbsp;<em>International Journal of Innovation in Science and Mathematics Education<\/em>,&nbsp;<em>27<\/em>(2), 45-57.<\/p>\n\n\n\n<p>Mengual, E., Albarrac\u00edn, L., Mu\u00f1oz-Escolano, J. M., Oller-Marc\u00e9n, A. M., &amp; Gorgori\u00f3, N. (2019). <a href=\"https:\/\/revistaseug.ugr.es\/index.php\/pna\/article\/view\/pna.v13i2.7740\">Dise\u00f1o de criterios para reducir la variabilidad en la calificaci\u00f3n de ex\u00e1menes de matem\u00e1ticas en pruebas de acceso a la universidad<\/a>.&nbsp;<em>PNA. Revista de Investigaci\u00f3n en Did\u00e1ctica de la Matem\u00e1tica<\/em>,&nbsp;<em>13<\/em>(2), 62-83.<\/p>\n\n\n\n<p>Albarrac\u00edn, L., Arleb\u00e4ck, J., Civil, E., &amp; Gorgori\u00f3, N. (2019). <a href=\"https:\/\/scholarworks.umt.edu\/tme\/vol16\/iss1\/10\/\">Extending modelling activity diagrams as a tool to characterise mathematical modelling processes<\/a>. <em>The Mathematics Enthusiast, 16<\/em>(1), 211\u2013 230.<\/p>\n\n\n\n<p>Pizarro, N., Albarrac\u00edn, L., &amp; Gorgori\u00f3, N. (2018). <a href=\"https:\/\/www.scielo.br\/scielo.php?script=sci_abstract&amp;pid=S0103-636X2018000301177&amp;lng=en&amp;nrm=iso&amp;tlng=es\">Actividades de estimaci\u00f3n de medida: La interpretaci\u00f3n de los docentes de educaci\u00f3n primaria<\/a>. <em>Bolema &#8211; <\/em><em>Boletim de Educa\u00e7\u00e3o Matem\u00e1tica<\/em><em>, 32<\/em>(62), 1177\u20131197.<\/p>\n\n\n\n<p>Albarrac\u00edn, L. &amp; Gorgori\u00f3, N. (2018). <a href=\"https:\/\/www.ejmste.com\/Students-Estimating-Large-Quantities-From-Simple-Strategies-to-the-Population-Density,92285,0,2.html\">Students estimating large quantities: From simple strategies to the population density model<\/a>. <em>EURASIA Journal of Mathematics, Science and Technology Education, 14<\/em>(10), 1\u201315.<\/p>\n\n\n\n<p>Beltr\u00e1n-Meneu, M. J., Murillo-Arcila, M., &amp; Albarrac\u00edn, L. (2017). <a href=\"https:\/\/academic.oup.com\/teamat\/article\/36\/3\/123\/2670074\">Emphasizing visualization and physical applications in the study of eigenvectors and eigenvalues<\/a>.&nbsp;<em>Teaching Mathematics and its Applications<\/em>,&nbsp;<em>36<\/em>(3), 123-135.<\/p>\n\n\n\n<p>Pizarro, N., Gorgori\u00f3, N., &amp; Albarrac\u00edn, L. (2017). <a href=\"https:\/\/files.dilemascontemporaneoseducacionpoliticayvalores.com\/200003552-cfbe7d0b7a\/17-9-17.%20Irrupci%C3%B3n%20de%20un%20concepto%20de%20curr%C3%ADculo.....pdf\">Irrupci\u00f3n de un concepto en el curr\u00edculo: profesores de primaria definen y aplican el concepto de estimaci\u00f3n de medida<\/a>.&nbsp;<em>Dilemas contempor\u00e1neos: Educaci\u00f3n, Pol\u00edtica y Valores<\/em>,&nbsp;<em>5<\/em>(1), 1-27.<\/p>\n\n\n\n<p>Albarrac\u00edn, L., Aymerich, \u00c0., &amp; Gorgori\u00f3, N. (2017). <a href=\"https:\/\/onlinelibrary.wiley.com\/doi\/full\/10.1111\/test.12136\">An open task to promote students to create statistical concepts through modelling<\/a>.&nbsp;<em>Teaching Statistics<\/em>,&nbsp;<em>39<\/em>(3), 100-105.<\/p>\n\n\n\n<p>Mengual, E., Gorgori\u00f3, N., &amp; Albarrac\u00edn, L. (2017). <a href=\"https:\/\/hipatiapress.com\/hpjournals\/index.php\/redimat\/article\/view\/2415\">An\u00e1lisis de las actividades propuestas por un libro de texto: el caso de la medida<\/a>.&nbsp;<em>REDIMAT<\/em>,&nbsp;<em>6<\/em>(2), 136-163.<\/p>\n\n\n\n<p>Ferrando, I., Albarrac\u00edn, L., Gallart, C., Garc\u00eda-Raffi, L. M., &amp; Gorgori\u00f3, N. (2017). <a href=\"https:\/\/www.scielo.br\/scielo.php?pid=S0103-636X2017000100013&amp;script=sci_abstract&amp;tlng=es\">An\u00e1lisis de los modelos matem\u00e1ticos producidos durante la resoluci\u00f3n de problemas de Fermi<\/a>.&nbsp;<em>Bolema &#8211;&nbsp;<\/em><em>Boletim de Educa\u00e7\u00e3o Matem\u00e1tica<\/em>,&nbsp;<em>31<\/em>(57), 220-242.<\/p>\n\n\n\n<p>Stohlmann, M. S., &amp; Albarrac\u00edn, L. (2016). <a href=\"https:\/\/www.hindawi.com\/journals\/edri\/2016\/5240683\/\">What is known about elementary grades mathematical modelling<\/a>.&nbsp;<em>Education Research International<\/em>,&nbsp;<em>2016<\/em>.&nbsp;Article ID 5240683.<\/p>\n\n\n\n<p>Hern\u00e1ndez-Sabat\u00e9, A., Joanpere, M., Gorgori\u00f3, N., &amp; Albarrac\u00edn, L. (2015). <a href=\"https:\/\/journal.seriousgamessociety.org\/index.php\/IJSG\/article\/view\/82\">Mathematics learning opportunities when playing a tower defense game<\/a>.&nbsp;<em>International Journal of Serious Games<\/em>,&nbsp;<em>2<\/em>(4), 57-71.<\/p>\n\n\n\n<p>Albarrac\u00edn, L., &amp; Gorgori\u00f3, N. (2015). <a href=\"https:\/\/academic.oup.com\/teamat\/article-abstract\/34\/4\/223\/1736106?redirectedFrom=fulltext\">A brief guide to modelling in secondary school: estimating big numbers<\/a>.&nbsp;<em>Teaching Mathematics and Its Applications<\/em>,&nbsp;<em>34<\/em>(4), 223-228.<\/p>\n\n\n\n<p>Albarrac\u00edn, L., &amp; Gorgori\u00f3, N. (2014). <a href=\"https:\/\/link.springer.com\/article\/10.1007\/s10649-013-9528-9\">Devising a plan to solve Fermi problems involving large numbers<\/a>.&nbsp;<em>Educational Studies in Mathematics<\/em>,&nbsp;<em>86<\/em>(1), 79-96.<\/p>\n\n\n\n<p>Albarrac\u00edn, L., &amp; Gorgori\u00f3, N. (2013). <a href=\"https:\/\/www.scielo.org.mx\/scielo.php?script=sci_arttext&amp;pid=S1665-24362013000300002\">Problemas de estimaci\u00f3n de grandes cantidades: modelizaci\u00f3n e influencia del contexto<\/a>.&nbsp;<em>Revista Latinoamericana de Investigaci\u00f3n en Matem\u00e1tica Educativa<\/em>,&nbsp;<em>16<\/em>(3), 289-315.<\/p>\n\n\n\n<p>Albarrac\u00edn, L., &amp; Gorgori\u00f3, N. (2013). <a href=\"https:\/\/revistaseug.ugr.es\/index.php\/pna\/article\/view\/6126\">Problemas de estimaci\u00f3n de magnitudes no alcanzables: estrategias y \u00e9xito en la resoluci\u00f3n<\/a>.&nbsp;<em>PNA. Revista de Investigaci\u00f3n en Did\u00e1ctica de la Matem\u00e1tica<\/em>,&nbsp;<em>7<\/em>(3), 103-115.<\/p>\n\n\n\n<p>*<em><a href=\"https:\/\/webs.uab.cat\/lluisalbarracin\/wp-content\/uploads\/sites\/109\/2025\/03\/Tesi_Angels-Aymerich-1.pdf\">Nota<\/a>: les publicacions anteriors es poden trobar als llistats d&#8217;Scopus i del Web of Science (SSCI, SCIE, ESCI, Scielo)<\/em><\/p>\n\n\n\n<p><\/p>\n","protected":false},"excerpt":{"rendered":"<p>Publicacions en revistes de recerca indexades a Scopus o Web of Science: Gallart, C., Ferrando, I., Segura, C., &amp; Albarrac\u00edn, L. (2026). Modelling with AI: How complexity and experience shape ChatGPT use by pre- service teachers. EURASIA Journal of Mathematics, Science and Technology Education 22(4), em2816. https:\/\/doi.org\/10.29333\/ejmste\/18263 Albarrac\u00edn, L., Rojas, F., &amp; Torregrosa, A. (2026). [&hellip;]<\/p>\n","protected":false},"author":20,"featured_media":0,"parent":0,"menu_order":0,"comment_status":"closed","ping_status":"closed","template":"","meta":{"footnotes":""},"class_list":["post-18","page","type-page","status-publish","hentry"],"_links":{"self":[{"href":"https:\/\/webs.uab.cat\/lluisalbarracin\/wp-json\/wp\/v2\/pages\/18","targetHints":{"allow":["GET"]}}],"collection":[{"href":"https:\/\/webs.uab.cat\/lluisalbarracin\/wp-json\/wp\/v2\/pages"}],"about":[{"href":"https:\/\/webs.uab.cat\/lluisalbarracin\/wp-json\/wp\/v2\/types\/page"}],"author":[{"embeddable":true,"href":"https:\/\/webs.uab.cat\/lluisalbarracin\/wp-json\/wp\/v2\/users\/20"}],"replies":[{"embeddable":true,"href":"https:\/\/webs.uab.cat\/lluisalbarracin\/wp-json\/wp\/v2\/comments?post=18"}],"version-history":[{"count":26,"href":"https:\/\/webs.uab.cat\/lluisalbarracin\/wp-json\/wp\/v2\/pages\/18\/revisions"}],"predecessor-version":[{"id":182,"href":"https:\/\/webs.uab.cat\/lluisalbarracin\/wp-json\/wp\/v2\/pages\/18\/revisions\/182"}],"wp:attachment":[{"href":"https:\/\/webs.uab.cat\/lluisalbarracin\/wp-json\/wp\/v2\/media?parent=18"}],"curies":[{"name":"wp","href":"https:\/\/api.w.org\/{rel}","templated":true}]}}