{"id":49,"date":"2016-01-19T13:43:45","date_gmt":"2016-01-19T13:43:45","guid":{"rendered":"https:\/\/webs.uab.cat\/lmt\/pagina\/"},"modified":"2016-01-19T13:43:45","modified_gmt":"2016-01-19T13:43:45","slug":"pagina","status":"publish","type":"page","link":"https:\/\/webs.uab.cat\/lmt\/","title":{"rendered":"Presentaci\u00f3"},"content":{"rendered":"<p>L\u2019objectiu principal \u00e9s el de posar els nostres serveis de caracteritzaci\u00f3 de sistemes, i la nostra expertesa, a l\u2019abast dels laboratoris de R+D+i de diversos sectors industrials com el farmac\u00e8utic, metal\u00b7l\u00fargic, reciclatge&#8230;, aix\u00ed com al servei d\u2019investigadors del sector p\u00fablic.<\/p>\n<p>Els serveis que s\u2019ofereixen s\u00f3n els seg\u00fcents:<\/p>\n<ul>\n<li>Caracteritzaci\u00f3 t\u00e8rmica de materials: an\u00e0lisi calorim\u00e8trica diferencial (DSC); an\u00e0lisi termogravim\u00e8trica (TGA); an\u00e0lisi dilatom\u00e8trica; microsc\u00f2pia \u00f2ptica<\/li>\n<li>Caracteritzaci\u00f3 mec\u00e0nica de materials: Nano, micro i macro duresa; m\u00f2dul d\u2019elasticitat<\/li>\n<li>Caracteritzaci\u00f3 magn\u00e8tica: magnetometria de mostra vibrant (VSM); termomagnetometria (TGM)<\/li>\n<li>Estudis de corrosi\u00f3: corbes de polaritzaci\u00f3 potencio-din\u00e0mica<\/li>\n<li>Metal\u00b7litzaci\u00f3 de petites peces<\/li>\n<li>Tractaments t\u00e8rmics de petites peces en atmosfera controlada<\/li>\n<li>Molturaci\u00f3 i barreja de mostres en atmosfera controlada<\/li>\n<\/ul>\n<p>&nbsp;<\/p>\n<p>&nbsp;<\/p>\n","protected":false},"excerpt":{"rendered":"<p>L\u2019objectiu principal \u00e9s el de posar els nostres serveis de caracteritzaci\u00f3 de sistemes, i la nostra expertesa, a l\u2019abast dels laboratoris de R+D+i de diversos sectors industrials com el farmac\u00e8utic, metal\u00b7l\u00fargic, reciclatge&#8230;, aix\u00ed com al servei d\u2019investigadors del sector p\u00fablic. Els serveis que s\u2019ofereixen s\u00f3n els seg\u00fcents: Caracteritzaci\u00f3 t\u00e8rmica de materials: an\u00e0lisi calorim\u00e8trica diferencial (DSC); [&hellip;]<\/p>\n","protected":false},"author":20,"featured_media":0,"parent":0,"menu_order":0,"comment_status":"closed","ping_status":"closed","template":"","meta":{"footnotes":""},"class_list":["post-49","page","type-page","status-publish","hentry"],"_links":{"self":[{"href":"https:\/\/webs.uab.cat\/lmt\/wp-json\/wp\/v2\/pages\/49","targetHints":{"allow":["GET"]}}],"collection":[{"href":"https:\/\/webs.uab.cat\/lmt\/wp-json\/wp\/v2\/pages"}],"about":[{"href":"https:\/\/webs.uab.cat\/lmt\/wp-json\/wp\/v2\/types\/page"}],"author":[{"embeddable":true,"href":"https:\/\/webs.uab.cat\/lmt\/wp-json\/wp\/v2\/users\/20"}],"replies":[{"embeddable":true,"href":"https:\/\/webs.uab.cat\/lmt\/wp-json\/wp\/v2\/comments?post=49"}],"version-history":[{"count":1,"href":"https:\/\/webs.uab.cat\/lmt\/wp-json\/wp\/v2\/pages\/49\/revisions"}],"predecessor-version":[{"id":153,"href":"https:\/\/webs.uab.cat\/lmt\/wp-json\/wp\/v2\/pages\/49\/revisions\/153"}],"wp:attachment":[{"href":"https:\/\/webs.uab.cat\/lmt\/wp-json\/wp\/v2\/media?parent=49"}],"curies":[{"name":"wp","href":"https:\/\/api.w.org\/{rel}","templated":true}]}}