{"id":366,"date":"2010-06-22T16:07:29","date_gmt":"2010-06-22T16:07:29","guid":{"rendered":"https:\/\/webs.uab.cat\/lrec\/personal-2\/"},"modified":"2023-01-13T11:12:44","modified_gmt":"2023-01-13T11:12:44","slug":"personal-2","status":"publish","type":"page","link":"https:\/\/webs.uab.cat\/lrec\/es\/personal-2\/","title":{"rendered":"Personal"},"content":{"rendered":"\n<div class=\"wp-block-media-text is-stacked-on-mobile\" style=\"grid-template-columns:25% auto\"><figure class=\"wp-block-media-text__media\"><img loading=\"lazy\" decoding=\"async\" width=\"632\" height=\"802\" src=\"https:\/\/webs.uab.cat\/lrec\/wp-content\/uploads\/sites\/163\/2010\/06\/foto-JGT.jpg\" alt=\"\" class=\"wp-image-98 size-full\" srcset=\"https:\/\/webs.uab.cat\/lrec\/wp-content\/uploads\/sites\/163\/2010\/06\/foto-JGT.jpg 632w, https:\/\/webs.uab.cat\/lrec\/wp-content\/uploads\/sites\/163\/2010\/06\/foto-JGT-236x300.jpg 236w\" sizes=\"auto, (max-width: 632px) 100vw, 632px\" \/><\/figure><div class=\"wp-block-media-text__content\">\n<p><strong>F. Javier GELLA TOM\u00c1S<\/strong><\/p>\n\n\n\n<p>Director General<\/p>\n\n\n\n<p>Doctor en Farmacia. Especialista en Bioqu\u00edmica Cl\u00ednica<\/p>\n\n\n\n<p>Profesor Titular del Departament de Bioqu\u00edmica i Biologia Molecular<\/p>\n<\/div><\/div>\n\n\n\n<div class=\"wp-block-media-text is-stacked-on-mobile\" style=\"grid-template-columns:25% auto\"><figure class=\"wp-block-media-text__media\"><img loading=\"lazy\" decoding=\"async\" width=\"258\" height=\"354\" src=\"https:\/\/webs.uab.cat\/lrec\/wp-content\/uploads\/sites\/163\/2010\/06\/foto-FCR.jpg\" alt=\"\" class=\"wp-image-101 size-full\" srcset=\"https:\/\/webs.uab.cat\/lrec\/wp-content\/uploads\/sites\/163\/2010\/06\/foto-FCR.jpg 258w, https:\/\/webs.uab.cat\/lrec\/wp-content\/uploads\/sites\/163\/2010\/06\/foto-FCR-219x300.jpg 219w\" sizes=\"auto, (max-width: 258px) 100vw, 258px\" \/><\/figure><div class=\"wp-block-media-text__content\">\n<p><strong>Francesca CANALIAS REVERTER<\/strong><\/p>\n\n\n\n<p>Directora de Laboratorio<\/p>\n\n\n\n<p>Doctora en Ciencias Qu\u00edmicas. Master en Bioqu\u00edmica Cl\u00ednica y Patologia Molecular<\/p>\n\n\n\n<p>Profesora Agregada del Departament de Bioqu\u00edmica i Biologia Molecular<\/p>\n\n\n\n<p>ORCID: 0000-0002-4007-8406<\/p>\n<\/div><\/div>\n\n\n\n<div class=\"wp-block-media-text is-stacked-on-mobile\" style=\"grid-template-columns:25% auto\"><figure class=\"wp-block-media-text__media\"><img loading=\"lazy\" decoding=\"async\" width=\"754\" height=\"1024\" src=\"https:\/\/webs.uab.cat\/lrec\/wp-content\/uploads\/sites\/163\/2023\/01\/Foto-Raul-1-754x1024.png\" alt=\"\" class=\"wp-image-993 size-full\" srcset=\"https:\/\/webs.uab.cat\/lrec\/wp-content\/uploads\/sites\/163\/2023\/01\/Foto-Raul-1-754x1024.png 754w, https:\/\/webs.uab.cat\/lrec\/wp-content\/uploads\/sites\/163\/2023\/01\/Foto-Raul-1-221x300.png 221w, https:\/\/webs.uab.cat\/lrec\/wp-content\/uploads\/sites\/163\/2023\/01\/Foto-Raul-1-768x1043.png 768w, https:\/\/webs.uab.cat\/lrec\/wp-content\/uploads\/sites\/163\/2023\/01\/Foto-Raul-1-1131x1536.png 1131w, https:\/\/webs.uab.cat\/lrec\/wp-content\/uploads\/sites\/163\/2023\/01\/Foto-Raul-1-1200x1630.png 1200w, https:\/\/webs.uab.cat\/lrec\/wp-content\/uploads\/sites\/163\/2023\/01\/Foto-Raul-1.png 1230w\" sizes=\"auto, (max-width: 754px) 100vw, 754px\" \/><\/figure><div class=\"wp-block-media-text__content\">\n<p><strong>Ra\u00fcl VILAGRASA MONTAN\u00c9<\/strong><\/p>\n\n\n\n<p>T\u00e9cnico de laboratorio<\/p>\n\n\n\n<p>Ciclo formativo de grado superior (FPII) Laboratorio Cl\u00ednico y Biom\u00e9dico. <\/p>\n\n\n\n<p>T\u00e9cnico Especialista de soporte a la investigaci\u00f3n<\/p>\n<\/div><\/div>\n\n\n\n<p><\/p>\n","protected":false},"excerpt":{"rendered":"<p>F. Javier GELLA TOM\u00c1S Director General Doctor en Farmacia. Especialista en Bioqu\u00edmica Cl\u00ednica Profesor Titular del Departament de Bioqu\u00edmica i Biologia Molecular Francesca CANALIAS REVERTER Directora de Laboratorio Doctora en Ciencias Qu\u00edmicas. Master en Bioqu\u00edmica Cl\u00ednica y Patologia Molecular Profesora Agregada del Departament de Bioqu\u00edmica i Biologia Molecular ORCID: 0000-0002-4007-8406 Ra\u00fcl VILAGRASA MONTAN\u00c9 T\u00e9cnico de [&hellip;]<\/p>\n","protected":false},"author":20,"featured_media":0,"parent":0,"menu_order":0,"comment_status":"closed","ping_status":"closed","template":"","meta":{"footnotes":""},"class_list":["post-366","page","type-page","status-publish","hentry"],"_links":{"self":[{"href":"https:\/\/webs.uab.cat\/lrec\/es\/wp-json\/wp\/v2\/pages\/366","targetHints":{"allow":["GET"]}}],"collection":[{"href":"https:\/\/webs.uab.cat\/lrec\/es\/wp-json\/wp\/v2\/pages"}],"about":[{"href":"https:\/\/webs.uab.cat\/lrec\/es\/wp-json\/wp\/v2\/types\/page"}],"author":[{"embeddable":true,"href":"https:\/\/webs.uab.cat\/lrec\/es\/wp-json\/wp\/v2\/users\/20"}],"replies":[{"embeddable":true,"href":"https:\/\/webs.uab.cat\/lrec\/es\/wp-json\/wp\/v2\/comments?post=366"}],"version-history":[{"count":3,"href":"https:\/\/webs.uab.cat\/lrec\/es\/wp-json\/wp\/v2\/pages\/366\/revisions"}],"predecessor-version":[{"id":1001,"href":"https:\/\/webs.uab.cat\/lrec\/es\/wp-json\/wp\/v2\/pages\/366\/revisions\/1001"}],"wp:attachment":[{"href":"https:\/\/webs.uab.cat\/lrec\/es\/wp-json\/wp\/v2\/media?parent=366"}],"curies":[{"name":"wp","href":"https:\/\/api.w.org\/{rel}","templated":true}]}}

<div class="wp-block-media-text is-stacked-on-mobile" style="grid-template-columns:25% auto"><figure class="wp-block-media-text__media"><img loading="lazy" decoding="async" width="632" height="802" src="https://webs.uab.cat/lrec/wp-content/uploads/sites/163/2010/06/foto-JGT.jpg" alt="" class="wp-image-98 size-full" srcset="https://webs.uab.cat/lrec/wp-content/uploads/sites/163/2010/06/foto-JGT.jpg 632w, https://webs.uab.cat/lrec/wp-content/uploads/sites/163/2010/06/foto-JGT-236x300.jpg 236w" sizes="auto, (max-width: 632px) 100vw, 632px" /></figure><div class="wp-block-media-text__content">
<p><strong>F. Javier GELLA TOMÁS</strong></p>



<p>Director General</p>



<p>Doctor en Farmacia. Especialista en Bioquímica Clínica</p>



<p>Profesor Titular del Departament de Bioquímica i Biologia Molecular</p>
</div></div>



<div class="wp-block-media-text is-stacked-on-mobile" style="grid-template-columns:25% auto"><figure class="wp-block-media-text__media"><img loading="lazy" decoding="async" width="258" height="354" src="https://webs.uab.cat/lrec/wp-content/uploads/sites/163/2010/06/foto-FCR.jpg" alt="" class="wp-image-101 size-full" srcset="https://webs.uab.cat/lrec/wp-content/uploads/sites/163/2010/06/foto-FCR.jpg 258w, https://webs.uab.cat/lrec/wp-content/uploads/sites/163/2010/06/foto-FCR-219x300.jpg 219w" sizes="auto, (max-width: 258px) 100vw, 258px" /></figure><div class="wp-block-media-text__content">
<p><strong>Francesca CANALIAS REVERTER</strong></p>



<p>Directora de Laboratorio</p>



<p>Doctora en Ciencias Químicas. Master en Bioquímica Clínica y Patologia Molecular</p>



<p>Profesora Agregada del Departament de Bioquímica i Biologia Molecular</p>



<p>ORCID: 0000-0002-4007-8406</p>
</div></div>



<div class="wp-block-media-text is-stacked-on-mobile" style="grid-template-columns:25% auto"><figure class="wp-block-media-text__media"><img loading="lazy" decoding="async" width="754" height="1024" src="https://webs.uab.cat/lrec/wp-content/uploads/sites/163/2023/01/Foto-Raul-1-754x1024.png" alt="" class="wp-image-993 size-full" srcset="https://webs.uab.cat/lrec/wp-content/uploads/sites/163/2023/01/Foto-Raul-1-754x1024.png 754w, https://webs.uab.cat/lrec/wp-content/uploads/sites/163/2023/01/Foto-Raul-1-221x300.png 221w, https://webs.uab.cat/lrec/wp-content/uploads/sites/163/2023/01/Foto-Raul-1-768x1043.png 768w, https://webs.uab.cat/lrec/wp-content/uploads/sites/163/2023/01/Foto-Raul-1-1131x1536.png 1131w, https://webs.uab.cat/lrec/wp-content/uploads/sites/163/2023/01/Foto-Raul-1-1200x1630.png 1200w, https://webs.uab.cat/lrec/wp-content/uploads/sites/163/2023/01/Foto-Raul-1.png 1230w" sizes="auto, (max-width: 754px) 100vw, 754px" /></figure><div class="wp-block-media-text__content">
<p><strong>Raül VILAGRASA MONTANÉ</strong></p>



<p>Técnico de laboratorio</p>



<p>Ciclo formativo de grado superior (FPII) Laboratorio Clínico y Biomédico. </p>



<p>Técnico Especialista de soporte a la investigación</p>
</div></div>



<p></p>

<p>F. Javier GELLA TOMÁS Director General Doctor en Farmacia. Especialista en Bioquímica Clínica Profesor Titular del Departament de Bioquímica i Biologia Molecular Francesca CANALIAS REVERTER Directora de Laboratorio Doctora en Ciencias Químicas. Master en Bioquímica Clínica y Patologia Molecular Profesora Agregada del Departament de Bioquímica i Biologia Molecular ORCID: 0000-0002-4007-8406 Raül VILAGRASA MONTANÉ Técnico de [&hellip;]</p>
