{"id":288,"date":"2012-12-13T12:00:01","date_gmt":"2012-12-13T12:00:01","guid":{"rendered":"https:\/\/webs.uab.cat\/lrec\/accions-la-millora-continua\/"},"modified":"2023-01-16T10:42:35","modified_gmt":"2023-01-16T10:42:35","slug":"accions-la-millora-continua","status":"publish","type":"page","link":"https:\/\/webs.uab.cat\/lrec\/accions-la-millora-continua\/","title":{"rendered":"Accions per a la Millora Cont\u00ednua"},"content":{"rendered":"\n<p>Amb l\u2019objectiu de millorar i seguir oferint als nostres clients uns serveis amb una alta qualitat t\u00e8cnica, el LREC defineix accions per aconseguir un augment de l\u2019efic\u00e0cia i l\u2019efici\u00e8ncia de la seva activitat. Els nostres esfor\u00e7os van dirigits a:<\/p>\n\n\n\n<div class=\"wp-block-group alignwide\"><div class=\"wp-block-group__inner-container is-layout-flow wp-block-group-is-layout-flow\">\n<ul class=\"wp-block-list\"><li>Control peri\u00f2dic per a garantir la millora cont\u00ednua<\/li><li>Participaci\u00f3 en el programa anual de comparaci\u00f3 entre laboratoris de refer\u00e8ncia organitzat per la IFCC i coordinat pel <em>Committee on Traceability in Laboratory Medicine<\/em> (C-TLM) en col\u00b7laboraci\u00f3 amb el JCTLM (IFCC <em>Ring Trials for Reference Laboratories<\/em>, RELA). Els resultats de cada laboratori que participa al programa s\u00f3n p\u00fablics.<\/li><\/ul>\n\n\n\n<div class=\"wp-block-group is-vertical is-layout-flex wp-container-core-group-is-layout-8cf370e7 wp-block-group-is-layout-flex\">\n<p> &#8211;  Programa 2018 (<a href=\"http:\/\/sct.uab.cat\/lrec\/sites\/sct.uab.cat.lrec\/files\/046_rela18_amylase.png\">resultats RELA AMI programa 2018<\/a>)<\/p>\n\n\n\n<p> &#8211;  Programa 2015 (<a href=\"https:\/\/webs.uab.cat\/lrec\/wp-content\/uploads\/sites\/163\/2017\/02\/RELA-GGT-2015.PNG\">resultats RELA GGT programa 2015<\/a>)<\/p>\n\n\n\n<p> &#8211; Programa 2014 (<a href=\"https:\/\/webs.uab.cat\/lrec\/wp-content\/uploads\/sites\/163\/2017\/02\/RELA_ALT_2014_0.pdf\">resultats RELA ALT programa 2014<\/a>)<\/p>\n\n\n\n<p> &#8211; Programa 2011 (<a href=\"https:\/\/webs.uab.cat\/lrec\/wp-content\/uploads\/sites\/163\/2017\/02\/RELA_fal_11.pdf\">resultats RELA FAL programa 2011<\/a>)<\/p>\n\n\n\n<p> &#8211; Programa 2010 (<a href=\"https:\/\/webs.uab.cat\/lrec\/wp-content\/uploads\/sites\/163\/2017\/02\/RELA_ld_10_2.pdf\">resultats RELA LD programa 2010<\/a>)<\/p>\n<\/div>\n\n\n\n<ul class=\"wp-block-list\"><li>Millora de la incertesa de mesura dels resultats de concentraci\u00f3 catal\u00edtica dels enzims. El laboratori coneix la contribuci\u00f3 de les diferents fonts d\u2019incertesa de les mesures i les agrupa en el que es coneix com a \u201c<em>uncertainty budget<\/em>\u201d.<\/li><\/ul>\n<\/div><\/div>\n","protected":false},"excerpt":{"rendered":"<p>Amb l\u2019objectiu de millorar i seguir oferint als nostres clients uns serveis amb una alta qualitat t\u00e8cnica, el LREC defineix accions per aconseguir un augment de l\u2019efic\u00e0cia i l\u2019efici\u00e8ncia de la seva activitat. Els nostres esfor\u00e7os van dirigits a: Control peri\u00f2dic per a garantir la millora cont\u00ednua Participaci\u00f3 en el programa anual de comparaci\u00f3 entre [&hellip;]<\/p>\n","protected":false},"author":20,"featured_media":0,"parent":0,"menu_order":0,"comment_status":"closed","ping_status":"closed","template":"","meta":{"footnotes":""},"class_list":["post-288","page","type-page","status-publish","hentry"],"_links":{"self":[{"href":"https:\/\/webs.uab.cat\/lrec\/wp-json\/wp\/v2\/pages\/288","targetHints":{"allow":["GET"]}}],"collection":[{"href":"https:\/\/webs.uab.cat\/lrec\/wp-json\/wp\/v2\/pages"}],"about":[{"href":"https:\/\/webs.uab.cat\/lrec\/wp-json\/wp\/v2\/types\/page"}],"author":[{"embeddable":true,"href":"https:\/\/webs.uab.cat\/lrec\/wp-json\/wp\/v2\/users\/20"}],"replies":[{"embeddable":true,"href":"https:\/\/webs.uab.cat\/lrec\/wp-json\/wp\/v2\/comments?post=288"}],"version-history":[{"count":9,"href":"https:\/\/webs.uab.cat\/lrec\/wp-json\/wp\/v2\/pages\/288\/revisions"}],"predecessor-version":[{"id":1090,"href":"https:\/\/webs.uab.cat\/lrec\/wp-json\/wp\/v2\/pages\/288\/revisions\/1090"}],"wp:attachment":[{"href":"https:\/\/webs.uab.cat\/lrec\/wp-json\/wp\/v2\/media?parent=288"}],"curies":[{"name":"wp","href":"https:\/\/api.w.org\/{rel}","templated":true}]}}