{"id":352,"date":"2012-12-17T12:17:40","date_gmt":"2012-12-17T12:17:40","guid":{"rendered":"https:\/\/webs.uab.cat\/lrec\/els-nostres-clients\/"},"modified":"2023-01-16T08:58:40","modified_gmt":"2023-01-16T08:58:40","slug":"els-nostres-clients","status":"publish","type":"page","link":"https:\/\/webs.uab.cat\/lrec\/els-nostres-clients\/","title":{"rendered":"Els nostres clients"},"content":{"rendered":"\n<p>Entre els clients potencials destaquem entre d\u2019altres:<\/p>\n\n\n\n<div class=\"wp-block-group alignwide\"><div class=\"wp-block-group__inner-container is-layout-flow wp-block-group-is-layout-flow\">\n<ul class=\"wp-block-list\"><li>Centres i organitzacions nacionals o internacionals d\u2019estandarditzaci\u00f3<\/li><li>Ind\u00fastria del diagn\u00f2stic in vitro<\/li><li>Organitzadors de programes d\u2019avaluaci\u00f3 externa de la qualitat<\/li><li>Laboratoris cl\u00ednics<\/li><li>Altres centres i institucions<\/li><\/ul>\n<\/div><\/div>\n\n\n\n<p>&nbsp;Fins a l\u2019actualitat la nostra tasca s\u2019ha realitzat majorit\u00e0riament en les seg\u00fcents \u00e0mbits:<\/p>\n\n\n\n<h2 class=\"wp-block-heading\"><strong>Organismes d\u2019estandarditzaci\u00f3<\/strong><\/h2>\n\n\n\n<p>El LREC ha col\u00b7laborat al llarg d\u2019aquests anys amb importants organismes internacionals d\u2019estandarditzaci\u00f3 entre els que destaquen:<\/p>\n\n\n\n<div class=\"wp-block-group alignwide\"><div class=\"wp-block-group__inner-container is-layout-flow wp-block-group-is-layout-flow\">\n<ul class=\"wp-block-list\"><li><a href=\"https:\/\/ec.europa.eu\/jrc\/en\/reference-materials\">Joint Research Centre<\/a> (JRC) (antic Institute for Reference Materials and Measurements (Geel, B\u00e8lgica), essent prove\u00efdor oficial validat (<a href=\"http:\/\/sct.uab.cat\/lrec\/sites\/sct.uab.cat.lrec\/files\/carta_IRMM_1.pdf\">carta<\/a>).<\/li><li><em>Committee on Reference Systems of Enzymes<\/em> de la <em>International Federation of Clinical Chemistry and Laboratory Medicine<\/em> (C-RSE IFCC).\u00a0<\/li><li><em>Working Group on Pancreatic Enzymes <\/em>(WG-PE IFCC).\u00a0<\/li><\/ul>\n<\/div><\/div>\n\n\n\n<h2 class=\"wp-block-heading\"><strong>Empreses<\/strong><\/h2>\n\n\n\n<p>Entre els nostres clients actuals es troben fabricants de la ind\u00fastria del diagn\u00f2stic in vitro i d\u2019altres relacionats com:<\/p>\n\n\n\n<div class=\"wp-block-group alignwide\"><div class=\"wp-block-group__inner-container is-layout-flow wp-block-group-is-layout-flow\">\n<ul class=\"wp-block-list\"><li>Wiener Laboratorios, SAIC (Rosario, Argentina).<\/li><li>BioSystems, S.A. (Barcelona, Espanya).<\/li><li>Jos\u00e9 Collado, S.A. (Barcelona, Espanya).<\/li><li>Laboratoris Hipra, S.A. (Amer, Girona, Espanya).<\/li><li>Abbott Ireland Diagnostic (Lisnamuck, Lonford, Ireland).<\/li><li>Medicon Hellas SA (Gerakas, Greece).<\/li><li>Bioiberica, SAU (Palafolls, Barcelona, Espanya).<\/li><\/ul>\n<\/div><\/div>\n\n\n\n<h2 class=\"wp-block-heading\"><strong>Altres organitzacions<\/strong><\/h2>\n\n\n\n<div class=\"wp-block-group alignwide\"><div class=\"wp-block-group__inner-container is-layout-flow wp-block-group-is-layout-flow\">\n<ul class=\"wp-block-list\"><li>Institut de Recerca i Tecnologia Agroaliment\u00e0ries de Catalunya (IRTA), Unitat de Remugants (Bellaterra, Espanya).<\/li><li>Universitat de Barcelona, Departament de Biologia Animal (Barcelona, Espanya).<\/li><\/ul>\n<\/div><\/div>\n","protected":false},"excerpt":{"rendered":"<p>Entre els clients potencials destaquem entre d\u2019altres: Centres i organitzacions nacionals o internacionals d\u2019estandarditzaci\u00f3 Ind\u00fastria del diagn\u00f2stic in vitro Organitzadors de programes d\u2019avaluaci\u00f3 externa de la qualitat Laboratoris cl\u00ednics Altres centres i institucions &nbsp;Fins a l\u2019actualitat la nostra tasca s\u2019ha realitzat majorit\u00e0riament en les seg\u00fcents \u00e0mbits: Organismes d\u2019estandarditzaci\u00f3 El LREC ha col\u00b7laborat al llarg d\u2019aquests [&hellip;]<\/p>\n","protected":false},"author":20,"featured_media":0,"parent":0,"menu_order":0,"comment_status":"closed","ping_status":"closed","template":"","meta":{"footnotes":""},"class_list":["post-352","page","type-page","status-publish","hentry"],"_links":{"self":[{"href":"https:\/\/webs.uab.cat\/lrec\/wp-json\/wp\/v2\/pages\/352","targetHints":{"allow":["GET"]}}],"collection":[{"href":"https:\/\/webs.uab.cat\/lrec\/wp-json\/wp\/v2\/pages"}],"about":[{"href":"https:\/\/webs.uab.cat\/lrec\/wp-json\/wp\/v2\/types\/page"}],"author":[{"embeddable":true,"href":"https:\/\/webs.uab.cat\/lrec\/wp-json\/wp\/v2\/users\/20"}],"replies":[{"embeddable":true,"href":"https:\/\/webs.uab.cat\/lrec\/wp-json\/wp\/v2\/comments?post=352"}],"version-history":[{"count":3,"href":"https:\/\/webs.uab.cat\/lrec\/wp-json\/wp\/v2\/pages\/352\/revisions"}],"predecessor-version":[{"id":1039,"href":"https:\/\/webs.uab.cat\/lrec\/wp-json\/wp\/v2\/pages\/352\/revisions\/1039"}],"wp:attachment":[{"href":"https:\/\/webs.uab.cat\/lrec\/wp-json\/wp\/v2\/media?parent=352"}],"curies":[{"name":"wp","href":"https:\/\/api.w.org\/{rel}","templated":true}]}}