{"id":359,"date":"2012-12-18T09:46:19","date_gmt":"2012-12-18T09:46:19","guid":{"rendered":"https:\/\/webs.uab.cat\/lrec\/cursos-mida\/"},"modified":"2012-12-18T09:46:19","modified_gmt":"2012-12-18T09:46:19","slug":"cursos-mida","status":"publish","type":"page","link":"https:\/\/webs.uab.cat\/lrec\/cursos-mida\/","title":{"rendered":"Cursos a mida"},"content":{"rendered":"<p>Si esteu interessats en formaci\u00f3 b\u00e0sica i avan\u00e7ada en metrologia i estandarditzaci\u00f3 en el laboratori cl\u00ednic, dirigida al personal de la vostra organitzaci\u00f3, podeu posar-vos en contacte amb el LREC per elaborar un pla de formaci\u00f3 a mida.<\/p>\n","protected":false},"excerpt":{"rendered":"<p>Si esteu interessats en formaci\u00f3 b\u00e0sica i avan\u00e7ada en metrologia i estandarditzaci\u00f3 en el laboratori cl\u00ednic, dirigida al personal de la vostra organitzaci\u00f3, podeu posar-vos en contacte amb el LREC per elaborar un pla de formaci\u00f3 a mida.<\/p>\n","protected":false},"author":20,"featured_media":0,"parent":0,"menu_order":0,"comment_status":"closed","ping_status":"closed","template":"","meta":{"footnotes":""},"class_list":["post-359","page","type-page","status-publish","hentry"],"_links":{"self":[{"href":"https:\/\/webs.uab.cat\/lrec\/wp-json\/wp\/v2\/pages\/359","targetHints":{"allow":["GET"]}}],"collection":[{"href":"https:\/\/webs.uab.cat\/lrec\/wp-json\/wp\/v2\/pages"}],"about":[{"href":"https:\/\/webs.uab.cat\/lrec\/wp-json\/wp\/v2\/types\/page"}],"author":[{"embeddable":true,"href":"https:\/\/webs.uab.cat\/lrec\/wp-json\/wp\/v2\/users\/20"}],"replies":[{"embeddable":true,"href":"https:\/\/webs.uab.cat\/lrec\/wp-json\/wp\/v2\/comments?post=359"}],"version-history":[{"count":0,"href":"https:\/\/webs.uab.cat\/lrec\/wp-json\/wp\/v2\/pages\/359\/revisions"}],"wp:attachment":[{"href":"https:\/\/webs.uab.cat\/lrec\/wp-json\/wp\/v2\/media?parent=359"}],"curies":[{"name":"wp","href":"https:\/\/api.w.org\/{rel}","templated":true}]}}