{"id":360,"date":"2012-12-18T11:05:56","date_gmt":"2012-12-18T11:05:56","guid":{"rendered":"https:\/\/webs.uab.cat\/lrec\/167-2\/"},"modified":"2012-12-18T11:05:56","modified_gmt":"2012-12-18T11:05:56","slug":"167-2","status":"publish","type":"page","link":"https:\/\/webs.uab.cat\/lrec\/167-2\/","title":{"rendered":"Publicacions 1995-1999"},"content":{"rendered":"<p>\u2022 G Gubern, F Canalias, FJ Gella. <strong>Determination of a-amylase activity: Methods comparison and commutability study of several control materials<\/strong>. Clin Chem 1995;41:435-8 <\/p>\n<p>\u2022 F Canalias, Y Saco, FJ Gella. <strong>Comparison of kits for the determination of creatine kinase activity in serum<\/strong>. Eur J Clin Chem Clin Biochem 1995;33:535-9 <\/p>\n<p>\u2022 F Canalias, Y Saco, FJ Gella. <strong>Study of the stability of creatine kinase in control materials<\/strong>. Eur J Clin Chem Clin Biochem 1995;33:589-93 <\/p>\n<p>\u2022 FJ Gella, G Gubern, F Canalias, C Profilis, E Colinet. <strong>The certification of the catalytic concentration of human pancreatic a-amylase (EC 3.2.1.1) in a reconstituted lyophilised material CRM 476<\/strong>. EUR-Reports of the CEC. EUR-16476-EN 1995 <\/p>\n<p>\u2022 G Gubern, F Canalias, FJ Gella, E Colinet, C Profilis, DH Calam, F Ceriotti, J Dufaux, AG Hadjivassiliou, JM Lessinger, K Lorentz, A Vassault. <strong>Production and certification of an enzyme reference material for pancreatic a-amylase (CRM 476)<\/strong>. Clin Chim Acta 1996;251:145-62 <\/p>\n<p>\u2022 R Ferragut, F Canalias, FJ Gella. <strong>Evaluaci\u00f3n del efecto de varios detergentes no i\u00f3nicos y diferentes sales de diazonio sobre la determinaci\u00f3n de la actividad de la fosfatasa \u00e1cida en suero<\/strong>. Qu\u00edm Cl\u00edn 1996;15:212-6<\/p>\n<p>\u2022 A Gal\u00e1n, F Canalias, A Padros, C Sierra. <strong>Elaboraci\u00f3n de un material estable para la isoenzima MB de la creatina quinasa humana<\/strong>. Rev Diagn Biol 1996;45:159-63<\/p>\n<p>\u2022 FJ Gella, G Gubern, R Vidal, F Canalias. <strong>Determination of total and pancreatic a-amylase in human serum using 2-chloro-4-nitrophenyl-a-D-maltotrioside as substrate<\/strong>. Clin Chim Acta 1997;259:147-60 <\/p>\n<p>\u2022 D Balsells, FJ Gella, G Gubern, F Canalias. <strong>Reference values for a-amylase in human serum and urine using 2-chloro-4-nitrophenyl-a-D-maltotrioside as substrate<\/strong>. Clin Chim Acta 1998;274:213-7 <\/p>\n<p>\u2022 FJ Gella, E Frey, F Ceriotti, A Gal\u00e1n, AG Hadjivassiliou, M H\u00f8rder, K Lorentz, DW Moss, F Schiele, F Canalias. <strong>Production and certification of an enzyme reference material for creatine kinase isoenzyme 2 (CRM 608)<\/strong>. Clin Chim Acta 1998;276:35-52 <\/p>\n<p>\u2022 FJ Gella, F Canalias. <strong>Calibration and traceability of enzyme and antibody measurements<\/strong>. Clin Chim Acta 1998;278:145-9 <\/p>\n<p>\u2022 M S\u00e1nchez, F Canalias, T Palencia, FJ Gella. <strong>Creatine kinase mass 2 measurement: Methods comparison and study of the matrix effect<\/strong>. Clin Chim Acta 1999;288:111-9<\/p>\n","protected":false},"excerpt":{"rendered":"<p>\u2022 G Gubern, F Canalias, FJ Gella. Determination of a-amylase activity: Methods comparison and commutability study of several control materials. Clin Chem 1995;41:435-8 \u2022 F Canalias, Y Saco, FJ Gella. Comparison of kits for the determination of creatine kinase activity in serum. Eur J Clin Chem Clin Biochem 1995;33:535-9 \u2022 F Canalias, Y Saco, FJ [&hellip;]<\/p>\n","protected":false},"author":20,"featured_media":0,"parent":0,"menu_order":0,"comment_status":"closed","ping_status":"closed","template":"","meta":{"footnotes":""},"class_list":["post-360","page","type-page","status-publish","hentry"],"_links":{"self":[{"href":"https:\/\/webs.uab.cat\/lrec\/wp-json\/wp\/v2\/pages\/360","targetHints":{"allow":["GET"]}}],"collection":[{"href":"https:\/\/webs.uab.cat\/lrec\/wp-json\/wp\/v2\/pages"}],"about":[{"href":"https:\/\/webs.uab.cat\/lrec\/wp-json\/wp\/v2\/types\/page"}],"author":[{"embeddable":true,"href":"https:\/\/webs.uab.cat\/lrec\/wp-json\/wp\/v2\/users\/20"}],"replies":[{"embeddable":true,"href":"https:\/\/webs.uab.cat\/lrec\/wp-json\/wp\/v2\/comments?post=360"}],"version-history":[{"count":0,"href":"https:\/\/webs.uab.cat\/lrec\/wp-json\/wp\/v2\/pages\/360\/revisions"}],"wp:attachment":[{"href":"https:\/\/webs.uab.cat\/lrec\/wp-json\/wp\/v2\/media?parent=360"}],"curies":[{"name":"wp","href":"https:\/\/api.w.org\/{rel}","templated":true}]}}